{"id":7698,"date":"2025-07-03T17:02:37","date_gmt":"2025-07-03T20:02:37","guid":{"rendered":"https:\/\/livrariadocampus.com.br\/loja\/?post_type=product&#038;p=7698"},"modified":"2025-07-03T17:02:37","modified_gmt":"2025-07-03T20:02:37","slug":"pediatria-basica-tomo-ii-pediatria-clinica-geral-capa-comum-por-eduardo-marcondes-autor-flavio-adolfo-costa-vaz-autor-jose-lauro-araujo-ramos-autor","status":"publish","type":"product","link":"https:\/\/livrariadocampus.com.br\/loja\/produto\/pediatria-basica-tomo-ii-pediatria-clinica-geral-capa-comum-por-eduardo-marcondes-autor-flavio-adolfo-costa-vaz-autor-jose-lauro-araujo-ramos-autor\/","title":{"rendered":"Pediatria b\u00e1sica &#8211; Tomo II &#8211; Pediatria cl\u00ednica geral Capa comum por Eduardo Marcondes (Autor), Fl\u00e1vio Adolfo Costa Vaz (Autor), Jos\u00e9 Lauro Araujo Ramos (Autor), &amp;"},"content":{"rendered":"<p>&#8220;Pediatria B\u00e1sica&#8221;, em sua nona edi\u00e7\u00e3o, \u00e9 composta por tr\u00eas tomos e, embora unidos pelo nome, s\u00e3o independentes podendo ser adquiridos segundo a necessidade dos leitores. A obra tem sido o livro de estudo de Pediatria em todas as escolas m\u00e9dicas brasileiras. O tomo II aborda: Doen\u00e7as infectocontagiosas e parasit\u00e1rias; patologia da nutri\u00e7\u00e3o e do metabolismo; equil\u00edbrio hidroeletrol\u00edtico e acidob\u00e1sico; a crian\u00e7a gravemente enferma; cirurgia pedi\u00e1trica; patologia do sistema sangu\u00edneo; patologia do sistema conectivo; patologia sistema imunit\u00e1rio; patologia do sistema nervoso e tumores e doen\u00e7as neopl\u00e1sicas.<\/p>\n","protected":false},"excerpt":{"rendered":"<p>&#8220;Pediatria B\u00e1sica&#8221;, em sua nona edi\u00e7\u00e3o, \u00e9 composta por tr\u00eas tomos e, embora unidos pelo nome, s\u00e3o independentes podendo ser adquiridos segundo a necessidade dos leitores. A obra tem sido o livro de estudo de Pediatria em todas as escolas m\u00e9dicas brasileiras. O tomo II aborda: Doen\u00e7as infectocontagiosas e parasit\u00e1rias; patologia da nutri\u00e7\u00e3o e do&hellip;&nbsp;<a href=\"https:\/\/livrariadocampus.com.br\/loja\/produto\/pediatria-basica-tomo-ii-pediatria-clinica-geral-capa-comum-por-eduardo-marcondes-autor-flavio-adolfo-costa-vaz-autor-jose-lauro-araujo-ramos-autor\/\" class=\"\" rel=\"bookmark\">Continue a ler &raquo;<span class=\"screen-reader-text\">Pediatria b\u00e1sica &#8211; Tomo II &#8211; Pediatria cl\u00ednica geral Capa comum por Eduardo Marcondes (Autor), Fl\u00e1vio Adolfo Costa Vaz (Autor), Jos\u00e9 Lauro Araujo Ramos (Autor), &amp;<\/span><\/a><\/p>\n","protected":false},"featured_media":7699,"template":"","meta":{"neve_meta_sidebar":"","neve_meta_container":"","neve_meta_enable_content_width":"off","neve_meta_content_width":100,"neve_meta_title_alignment":"","neve_meta_author_avatar":"","neve_post_elements_order":"","neve_meta_disable_header":"","neve_meta_disable_footer":"","neve_meta_disable_title":"","_joinchat":[]},"product_brand":[],"product_cat":[15],"product_tag":[],"class_list":{"0":"post-7698","1":"product","2":"type-product","3":"status-publish","4":"has-post-thumbnail","6":"product_cat-outros","8":"first","9":"instock","10":"sale","11":"shipping-taxable","12":"purchasable","13":"product-type-simple"},"jetpack_sharing_enabled":true,"_links":{"self":[{"href":"https:\/\/livrariadocampus.com.br\/loja\/wp-json\/wp\/v2\/product\/7698","targetHints":{"allow":["GET"]}}],"collection":[{"href":"https:\/\/livrariadocampus.com.br\/loja\/wp-json\/wp\/v2\/product"}],"about":[{"href":"https:\/\/livrariadocampus.com.br\/loja\/wp-json\/wp\/v2\/types\/product"}],"wp:featuredmedia":[{"embeddable":true,"href":"https:\/\/livrariadocampus.com.br\/loja\/wp-json\/wp\/v2\/media\/7699"}],"wp:attachment":[{"href":"https:\/\/livrariadocampus.com.br\/loja\/wp-json\/wp\/v2\/media?parent=7698"}],"wp:term":[{"taxonomy":"product_brand","embeddable":true,"href":"https:\/\/livrariadocampus.com.br\/loja\/wp-json\/wp\/v2\/product_brand?post=7698"},{"taxonomy":"product_cat","embeddable":true,"href":"https:\/\/livrariadocampus.com.br\/loja\/wp-json\/wp\/v2\/product_cat?post=7698"},{"taxonomy":"product_tag","embeddable":true,"href":"https:\/\/livrariadocampus.com.br\/loja\/wp-json\/wp\/v2\/product_tag?post=7698"}],"curies":[{"name":"wp","href":"https:\/\/api.w.org\/{rel}","templated":true}]}}