{"id":7688,"date":"2025-07-03T16:51:24","date_gmt":"2025-07-03T19:51:24","guid":{"rendered":"https:\/\/livrariadocampus.com.br\/loja\/?post_type=product&#038;p=7688"},"modified":"2025-07-03T16:51:24","modified_gmt":"2025-07-03T19:51:24","slug":"algoritmos-em-terapia-intensiva-pediatrica-neonatologia-e-emergencias-pediatricas-capa-comum-por-werther-brunow-de-carvalho-autor-eduardo-juan-troster-autor-albert-bousso-autor","status":"publish","type":"product","link":"https:\/\/livrariadocampus.com.br\/loja\/produto\/algoritmos-em-terapia-intensiva-pediatrica-neonatologia-e-emergencias-pediatricas-capa-comum-por-werther-brunow-de-carvalho-autor-eduardo-juan-troster-autor-albert-bousso-autor\/","title":{"rendered":"Algoritmos em Terapia Intensiva Pedi\u00e1trica, Neonatologia e Emerg\u00eancias Pedi\u00e1tricas Capa comum \u2013  por Werther Brunow de Carvalho (Autor), Eduardo Juan Troster (Autor), Albert Bousso (Autor"},"content":{"rendered":"<p>Esta \u00e9 uma obra que pela primeira vez em nossa medicina, unicamente utiliza o algoritmo como recurso did\u00e1tico. Algoritmo: &#8220;conjunto das regras e procedimentos l\u00f3gicos perfeitamente definidos que levam \u00e0 solu\u00e7\u00e3o de um problema em n\u00famero finito&#8221;. Aqui, o racioc\u00ednio l\u00f3gico \u00e9 aplicado \u00e0 cl\u00ednica e ao tratamento dos mais diversos problemas que acometem as crian\u00e7as e os rec\u00e9m-nascidos gravemente infermos. Foi idealizado com o envolvimento de tr\u00eas grandes servi\u00e7os universit\u00e1rios: UTI\/Neonatologia\/Emerg\u00eancia Pedi\u00e1trica do Hospital S\u00e3o Paulo-Universidade Federal de S\u00e3o Paulo-EPM, UTI\/Neonatologia\/Emerg\u00eancia Pedi\u00e1trica do Instituto da Crian\u00e7a do Hospital das Cl\u00ednicas da Universidade de S\u00e3o Paulo, UTI\/Neonatologia\/Emerg\u00eancia Pedi\u00e1trica do Hospital Universit\u00e1rio da Universidade de S\u00e3o Paulo e com total apoio dos Professores Fl\u00e1vio Adolfo Costa Vaz e Rosana Fiorini Puccini.<br \/>\nPortanto, para um bom pedagogo este \u00e9 o m\u00e9todo de excel\u00eancia do ensino, ora aplicado ao presente trabalho, como se viu, a cl\u00ednica terap\u00eautica.<\/p>\n<p>   Relatar um problema com este produto<\/p>\n","protected":false},"excerpt":{"rendered":"<p>Esta \u00e9 uma obra que pela primeira vez em nossa medicina, unicamente utiliza o algoritmo como recurso did\u00e1tico. Algoritmo: &#8220;conjunto das regras e procedimentos l\u00f3gicos perfeitamente definidos que levam \u00e0 solu\u00e7\u00e3o de um problema em n\u00famero finito&#8221;. Aqui, o racioc\u00ednio l\u00f3gico \u00e9 aplicado \u00e0 cl\u00ednica e ao tratamento dos mais diversos problemas que acometem as&hellip;&nbsp;<a href=\"https:\/\/livrariadocampus.com.br\/loja\/produto\/algoritmos-em-terapia-intensiva-pediatrica-neonatologia-e-emergencias-pediatricas-capa-comum-por-werther-brunow-de-carvalho-autor-eduardo-juan-troster-autor-albert-bousso-autor\/\" class=\"\" rel=\"bookmark\">Continue a ler &raquo;<span class=\"screen-reader-text\">Algoritmos em Terapia Intensiva Pedi\u00e1trica, Neonatologia e Emerg\u00eancias Pedi\u00e1tricas Capa comum \u2013  por Werther Brunow de Carvalho (Autor), Eduardo Juan Troster (Autor), Albert Bousso (Autor<\/span><\/a><\/p>\n","protected":false},"featured_media":7689,"template":"","meta":{"neve_meta_sidebar":"","neve_meta_container":"","neve_meta_enable_content_width":"off","neve_meta_content_width":100,"neve_meta_title_alignment":"","neve_meta_author_avatar":"","neve_post_elements_order":"","neve_meta_disable_header":"","neve_meta_disable_footer":"","neve_meta_disable_title":"","_joinchat":[]},"product_brand":[],"product_cat":[15],"product_tag":[],"class_list":{"0":"post-7688","1":"product","2":"type-product","3":"status-publish","4":"has-post-thumbnail","6":"product_cat-outros","8":"first","9":"instock","10":"sale","11":"shipping-taxable","12":"purchasable","13":"product-type-simple"},"jetpack_sharing_enabled":true,"_links":{"self":[{"href":"https:\/\/livrariadocampus.com.br\/loja\/wp-json\/wp\/v2\/product\/7688","targetHints":{"allow":["GET"]}}],"collection":[{"href":"https:\/\/livrariadocampus.com.br\/loja\/wp-json\/wp\/v2\/product"}],"about":[{"href":"https:\/\/livrariadocampus.com.br\/loja\/wp-json\/wp\/v2\/types\/product"}],"wp:featuredmedia":[{"embeddable":true,"href":"https:\/\/livrariadocampus.com.br\/loja\/wp-json\/wp\/v2\/media\/7689"}],"wp:attachment":[{"href":"https:\/\/livrariadocampus.com.br\/loja\/wp-json\/wp\/v2\/media?parent=7688"}],"wp:term":[{"taxonomy":"product_brand","embeddable":true,"href":"https:\/\/livrariadocampus.com.br\/loja\/wp-json\/wp\/v2\/product_brand?post=7688"},{"taxonomy":"product_cat","embeddable":true,"href":"https:\/\/livrariadocampus.com.br\/loja\/wp-json\/wp\/v2\/product_cat?post=7688"},{"taxonomy":"product_tag","embeddable":true,"href":"https:\/\/livrariadocampus.com.br\/loja\/wp-json\/wp\/v2\/product_tag?post=7688"}],"curies":[{"name":"wp","href":"https:\/\/api.w.org\/{rel}","templated":true}]}}