{"id":7628,"date":"2025-07-02T15:57:27","date_gmt":"2025-07-02T18:57:27","guid":{"rendered":"https:\/\/livrariadocampus.com.br\/loja\/?post_type=product&#038;p=7628"},"modified":"2025-07-02T15:57:27","modified_gmt":"2025-07-02T18:57:27","slug":"condutas-em-terapia-intensiva-cardiologica-capa-dura-edicao-portugues-por-elias-knobel-autor","status":"publish","type":"product","link":"https:\/\/livrariadocampus.com.br\/loja\/produto\/condutas-em-terapia-intensiva-cardiologica-capa-dura-edicao-portugues-por-elias-knobel-autor\/","title":{"rendered":"Condutas Em Terapia Intensiva Cardiologica Capa dura \u2013 Edi\u00e7\u00e3o Portugu\u00eas  por Elias Knobel (Autor)"},"content":{"rendered":"<p>Condutas em Terapia Intensiva Cardiol\u00f3gica traz uma nova forma e estilo de apresenta\u00e7\u00e3o dos assuntos. A obra aborda os diversos cap\u00edtulos de uma maneira did\u00e1tica objetiva concisa e consistente. Em todos os cap\u00edtulos os aspectos relacionados ao diagn\u00f3stico e ao quadro cl\u00ednico est\u00e3o apresentados em destaque no texto com a tonalidade esverdeada. Sempre que o assunto permitiu o cap\u00edtulo foi finalizado com um algoritmo de condutas. As informa\u00e7\u00f5es referentes ao tratamento aparecem em destaque em tons de amarelo. Este novo estilo tornar\u00e1 a leitura ainda mais f\u00e1cil e objetiva.<\/p>\n","protected":false},"excerpt":{"rendered":"<p>Condutas em Terapia Intensiva Cardiol\u00f3gica traz uma nova forma e estilo de apresenta\u00e7\u00e3o dos assuntos. A obra aborda os diversos cap\u00edtulos de uma maneira did\u00e1tica objetiva concisa e consistente. Em todos os cap\u00edtulos os aspectos relacionados ao diagn\u00f3stico e ao quadro cl\u00ednico est\u00e3o apresentados em destaque no texto com a tonalidade esverdeada. Sempre que o&hellip;&nbsp;<a href=\"https:\/\/livrariadocampus.com.br\/loja\/produto\/condutas-em-terapia-intensiva-cardiologica-capa-dura-edicao-portugues-por-elias-knobel-autor\/\" class=\"\" rel=\"bookmark\">Continue a ler &raquo;<span class=\"screen-reader-text\">Condutas Em Terapia Intensiva Cardiologica Capa dura \u2013 Edi\u00e7\u00e3o Portugu\u00eas  por Elias Knobel (Autor)<\/span><\/a><\/p>\n","protected":false},"featured_media":7629,"template":"","meta":{"neve_meta_sidebar":"","neve_meta_container":"","neve_meta_enable_content_width":"off","neve_meta_content_width":100,"neve_meta_title_alignment":"","neve_meta_author_avatar":"","neve_post_elements_order":"","neve_meta_disable_header":"","neve_meta_disable_footer":"","neve_meta_disable_title":"","_joinchat":[]},"product_brand":[],"product_cat":[65],"product_tag":[],"class_list":{"0":"post-7628","1":"product","2":"type-product","3":"status-publish","4":"has-post-thumbnail","6":"product_cat-cardiologia","8":"first","9":"instock","10":"sale","11":"shipping-taxable","12":"purchasable","13":"product-type-simple"},"jetpack_sharing_enabled":true,"_links":{"self":[{"href":"https:\/\/livrariadocampus.com.br\/loja\/wp-json\/wp\/v2\/product\/7628","targetHints":{"allow":["GET"]}}],"collection":[{"href":"https:\/\/livrariadocampus.com.br\/loja\/wp-json\/wp\/v2\/product"}],"about":[{"href":"https:\/\/livrariadocampus.com.br\/loja\/wp-json\/wp\/v2\/types\/product"}],"wp:featuredmedia":[{"embeddable":true,"href":"https:\/\/livrariadocampus.com.br\/loja\/wp-json\/wp\/v2\/media\/7629"}],"wp:attachment":[{"href":"https:\/\/livrariadocampus.com.br\/loja\/wp-json\/wp\/v2\/media?parent=7628"}],"wp:term":[{"taxonomy":"product_brand","embeddable":true,"href":"https:\/\/livrariadocampus.com.br\/loja\/wp-json\/wp\/v2\/product_brand?post=7628"},{"taxonomy":"product_cat","embeddable":true,"href":"https:\/\/livrariadocampus.com.br\/loja\/wp-json\/wp\/v2\/product_cat?post=7628"},{"taxonomy":"product_tag","embeddable":true,"href":"https:\/\/livrariadocampus.com.br\/loja\/wp-json\/wp\/v2\/product_tag?post=7628"}],"curies":[{"name":"wp","href":"https:\/\/api.w.org\/{rel}","templated":true}]}}