{"id":7571,"date":"2025-02-07T14:45:00","date_gmt":"2025-02-07T17:45:00","guid":{"rendered":"https:\/\/livrariadocampus.com.br\/loja\/?post_type=product&#038;p=7571"},"modified":"2025-02-07T14:45:00","modified_gmt":"2025-02-07T17:45:00","slug":"rang-dale-farmacologia-edicao-102025","status":"publish","type":"product","link":"https:\/\/livrariadocampus.com.br\/loja\/produto\/rang-dale-farmacologia-edicao-102025\/","title":{"rendered":"Rang &amp; Dale Farmacologia  Edi\u00e7\u00e3o: 10|2025"},"content":{"rendered":"<p>Principal refer\u00eancia da \u00e1rea, Rang &amp; Dale Farmacologia mant\u00e9m o leitor atualizado sobre o assunto, incluindo novos f\u00e1rmacos e pesquisas. Entre as novidades da 10\u00aa edi\u00e7\u00e3o, destacam-se cap\u00edtulos in\u00e9ditos e conte\u00fado inteiramente atualizado.<\/p>\n","protected":false},"excerpt":{"rendered":"<p>Principal refer\u00eancia da \u00e1rea, Rang &amp; Dale Farmacologia mant\u00e9m o leitor atualizado sobre o assunto, incluindo novos f\u00e1rmacos e pesquisas. Entre as novidades da 10\u00aa edi\u00e7\u00e3o, destacam-se cap\u00edtulos in\u00e9ditos e conte\u00fado inteiramente atualizado.<\/p>\n","protected":false},"featured_media":7573,"template":"","meta":{"neve_meta_sidebar":"","neve_meta_container":"","neve_meta_enable_content_width":"off","neve_meta_content_width":100,"neve_meta_title_alignment":"","neve_meta_author_avatar":"","neve_post_elements_order":"","neve_meta_disable_header":"","neve_meta_disable_footer":"","neve_meta_disable_title":"","_joinchat":[]},"product_brand":[],"product_cat":[89],"product_tag":[],"class_list":{"0":"post-7571","1":"product","2":"type-product","3":"status-publish","4":"has-post-thumbnail","6":"product_cat-farmacologia","8":"first","9":"instock","10":"sold-individually","11":"shipping-taxable","12":"purchasable","13":"product-type-simple"},"jetpack_sharing_enabled":true,"_links":{"self":[{"href":"https:\/\/livrariadocampus.com.br\/loja\/wp-json\/wp\/v2\/product\/7571","targetHints":{"allow":["GET"]}}],"collection":[{"href":"https:\/\/livrariadocampus.com.br\/loja\/wp-json\/wp\/v2\/product"}],"about":[{"href":"https:\/\/livrariadocampus.com.br\/loja\/wp-json\/wp\/v2\/types\/product"}],"wp:featuredmedia":[{"embeddable":true,"href":"https:\/\/livrariadocampus.com.br\/loja\/wp-json\/wp\/v2\/media\/7573"}],"wp:attachment":[{"href":"https:\/\/livrariadocampus.com.br\/loja\/wp-json\/wp\/v2\/media?parent=7571"}],"wp:term":[{"taxonomy":"product_brand","embeddable":true,"href":"https:\/\/livrariadocampus.com.br\/loja\/wp-json\/wp\/v2\/product_brand?post=7571"},{"taxonomy":"product_cat","embeddable":true,"href":"https:\/\/livrariadocampus.com.br\/loja\/wp-json\/wp\/v2\/product_cat?post=7571"},{"taxonomy":"product_tag","embeddable":true,"href":"https:\/\/livrariadocampus.com.br\/loja\/wp-json\/wp\/v2\/product_tag?post=7571"}],"curies":[{"name":"wp","href":"https:\/\/api.w.org\/{rel}","templated":true}]}}