{"id":7477,"date":"2024-10-14T15:44:25","date_gmt":"2024-10-14T18:44:25","guid":{"rendered":"https:\/\/livrariadocampus.com.br\/loja\/?post_type=product&#038;p=7477"},"modified":"2024-12-03T14:22:53","modified_gmt":"2024-12-03T17:22:53","slug":"epidemiologia-por-roberto-a-medronho","status":"publish","type":"product","link":"https:\/\/livrariadocampus.com.br\/loja\/produto\/epidemiologia-por-roberto-a-medronho\/","title":{"rendered":"Epidemiologia por Roberto A. Medronho"},"content":{"rendered":"<p>Epidemiologia chega \u00e0 segunda edi\u00e7\u00e3o com novos cap\u00edtulos e com a revis\u00e3o e atualiza\u00e7\u00e3o dos demais. Acompanha o livro um caderno de exerc\u00edcios pr\u00e1ticos que, em sua maioria, s\u00e3o baseados em dados epidemiol\u00f3gicos reais e atualizados. Este livro se prop\u00f5e a servir como bibliografia de refer\u00eancia para o ensino nos cursos de gradua\u00e7\u00e3o e p\u00f3s-gradua\u00e7\u00e3o em sa\u00fade e como fonte de consulta e atualiza\u00e7\u00e3o para todos os que necessitam de conhecimentos recentes associados a uma did\u00e1tica moderna. Epidemiologia cont\u00e9m 37cap\u00edtulos distribu\u00eddos em cinco se\u00e7\u00f5es: SE\u00c7\u00c3O 1 &#8211; Conceitos b\u00e1sicos 1. Forma\u00e7\u00e3o Hist\u00f3rica da Epidemiologia; 2. Medidas de Frequ\u00eancia de Doen\u00e7a; 3. Indicadores de Sa\u00fade; 4. Distribui\u00e7\u00e3o das Doen\u00e7as no Espa\u00e7o e no Tempo; 5. Vigil\u00e2ncia Epidemiol\u00f3gica; 6 Transi\u00e7\u00e3o Demogr\u00e1fica e Epidemiol\u00f3gica; 7.Causalidade em Sa\u00fade. SE\u00c7\u00c3O 2 &#8211; Pesquisa Epidemiol\u00f3gica 8. Fundamentos da Pesquisa Epidemiol\u00f3gica; 9. Medidas de Associa\u00e7\u00e3o e Medidas de lmpacto; 10 Estudos Seccionais; 11. Estudos Casocontrole; 12. Estudos de Coorte; 13. Estudos de Interven\u00e7\u00e3o; 14. Estudos Ecol\u00f3gicos; 15. Validade em Estudos Epidemiol\u00f3gicos; 16. Revis\u00e3o Sistem\u00e1tica e Metan\u00e1lise. SE\u00c7\u00c3O 3- Estat\u00edstica em Epidemiologia 17. Introdu\u00e7\u00e3o \u00e0 An\u00e1lise de Dados Epidemiol\u00f3gicos; 18. An\u00e1lise Explorat\u00f3ria de Dados; 19 M\u00e9todos Estat\u00edsticos em Estudos de Concord\u00e2ncia; 20. Probabilidade e Distribui\u00e7\u00f5es de Probabilidade; 21. Testes Diagn\u00f3sticos; 22. Amostragem; 23. O Tamanho da Amostra em Investiga\u00e7\u00f5es Epidemiol\u00f3gicas; 24. Associa\u00e7\u00e3o Estat\u00edstica em Epidemiologia: An\u00e1lise Bivariada; 25. Associa\u00e7\u00e3o Estat\u00edstica em Epidemiologia: An\u00e1lise com M\u00faltiplas vari\u00e1veis: 26. An\u00e1lise de Sobrevida; 27. An\u00e1lise de Dados Espaciais em Sa\u00fade. SE\u00c7\u00c3O 4 &#8211; T\u00f3picos Especiais 28. Epidemiologia e Servi\u00e7os de Sa\u00fade; 29. Sistemas de Informa\u00e7\u00e3o em Sa\u00fade; 30. Epidemiologia e Ambiente; 31. Epidemiologia e Sa\u00fade do Trabalhador; 32. Epidemiologia das Subst\u00e2ncias Qu\u00edmicas Neurot\u00f3xicas 33. Epidemiologia Nutricional; 34. Eticidade da Pesquisa Cientifica: o caso da Regulamenta\u00e7\u00e3o Brasileira da \u00c9tica em Pesquisa Envolvendo Seres Humanos. SE\u00c7\u00c3O 5 &#8211; T\u00f3picos Avan\u00e7ados 35. Atualizando o Conceito de Risco: de Indicador de Causalidade a Sobredeterminante da Complexidade em Sa\u00fade; 36. Modelos para Infer\u00eancia Causal em Epidemiologia; 37. Din\u00e2mica de Transmiss\u00e3o de Doen\u00e7as. Diversos docentes, pesquisadores e t\u00e9cnicos das mais conceituadas institui\u00e7\u00f5es de ensino e pesquisa do Brasil e do mundo colaboraram com essa edi\u00e7\u00e3o. Al\u00e9m dos docentes da Faculdade de Medicina e do Instituto de Estudos de Sa\u00fade Coletiva da Universidade Federal do Rio de Janeiro-UFRJ, participaram tamb\u00e9m docentes, pesquisadores e t\u00e9cnicos da Funda\u00e7\u00e3o Oswaldo Cruz FlOCRUZ da Universidade do Estado do Rio de Janeiro UERJ; da Universidade Federal da Bahia UFBA; da Universidade Federal do Cear\u00e1-UFC da Universidade Federal de S\u00e3o Carlos UFSCar, da secretaria de Estado de Sa\u00fade e Defesa Civil do Rio de Janeiro SESDEC; do Hospital dos Servidores do Estado HSE; do Instituto Nacional de c\u00e2ncer-INCA; da Johns Hopkins University; da London School of Hygiene and Tropical Medicine e dos National Institutes of Health-NIH. Epidemiologia, pelo seu conte\u00fado, por seu sentido did\u00e1tico, alto n\u00edvel cient\u00edfico de seus editores e colaboradores, torna-se um livro de consulta obrigat\u00f3ria ou de refer\u00eancia para todo profissional que possua interfaces no campo da sa\u00fade coletiva.<\/p>\n","protected":false},"excerpt":{"rendered":"<p>Epidemiologia chega \u00e0 segunda edi\u00e7\u00e3o com novos cap\u00edtulos e com a revis\u00e3o e atualiza\u00e7\u00e3o dos demais. Acompanha o livro um caderno de exerc\u00edcios pr\u00e1ticos que, em sua maioria, s\u00e3o baseados em dados epidemiol\u00f3gicos reais e atualizados. Este livro se prop\u00f5e a servir como bibliografia de refer\u00eancia para o ensino nos cursos de gradua\u00e7\u00e3o e p\u00f3s-gradua\u00e7\u00e3o&hellip;&nbsp;<a href=\"https:\/\/livrariadocampus.com.br\/loja\/produto\/epidemiologia-por-roberto-a-medronho\/\" class=\"\" rel=\"bookmark\">Continue a ler &raquo;<span class=\"screen-reader-text\">Epidemiologia por Roberto A. Medronho<\/span><\/a><\/p>\n","protected":false},"featured_media":7478,"template":"","meta":{"neve_meta_sidebar":"","neve_meta_container":"","neve_meta_enable_content_width":"off","neve_meta_content_width":100,"neve_meta_title_alignment":"","neve_meta_author_avatar":"","neve_post_elements_order":"","neve_meta_disable_header":"","neve_meta_disable_footer":"","neve_meta_disable_title":"","_joinchat":[]},"product_brand":[],"product_cat":[52],"product_tag":[],"class_list":{"0":"post-7477","1":"product","2":"type-product","3":"status-publish","4":"has-post-thumbnail","6":"product_cat-medicina-do-trabalho","8":"first","9":"instock","10":"sale","11":"sold-individually","12":"shipping-taxable","13":"purchasable","14":"product-type-simple"},"jetpack_sharing_enabled":true,"_links":{"self":[{"href":"https:\/\/livrariadocampus.com.br\/loja\/wp-json\/wp\/v2\/product\/7477","targetHints":{"allow":["GET"]}}],"collection":[{"href":"https:\/\/livrariadocampus.com.br\/loja\/wp-json\/wp\/v2\/product"}],"about":[{"href":"https:\/\/livrariadocampus.com.br\/loja\/wp-json\/wp\/v2\/types\/product"}],"wp:featuredmedia":[{"embeddable":true,"href":"https:\/\/livrariadocampus.com.br\/loja\/wp-json\/wp\/v2\/media\/7478"}],"wp:attachment":[{"href":"https:\/\/livrariadocampus.com.br\/loja\/wp-json\/wp\/v2\/media?parent=7477"}],"wp:term":[{"taxonomy":"product_brand","embeddable":true,"href":"https:\/\/livrariadocampus.com.br\/loja\/wp-json\/wp\/v2\/product_brand?post=7477"},{"taxonomy":"product_cat","embeddable":true,"href":"https:\/\/livrariadocampus.com.br\/loja\/wp-json\/wp\/v2\/product_cat?post=7477"},{"taxonomy":"product_tag","embeddable":true,"href":"https:\/\/livrariadocampus.com.br\/loja\/wp-json\/wp\/v2\/product_tag?post=7477"}],"curies":[{"name":"wp","href":"https:\/\/api.w.org\/{rel}","templated":true}]}}