{"id":7339,"date":"2024-05-16T16:37:44","date_gmt":"2024-05-16T19:37:44","guid":{"rendered":"https:\/\/livrariadocampus.com.br\/loja\/?post_type=product&#038;p=7339"},"modified":"2024-09-23T11:20:15","modified_gmt":"2024-09-23T14:20:15","slug":"atlas-ilus-ultr-nervos-perifericos-autor-sernik-renato-2024","status":"publish","type":"product","link":"https:\/\/livrariadocampus.com.br\/loja\/produto\/atlas-ilus-ultr-nervos-perifericos-autor-sernik-renato-2024\/","title":{"rendered":"ATLAS ILUS. ULTR.  NERVOS PERIF\u00c9RICOS Autor: Sernik, Renato 2024"},"content":{"rendered":"<p>SINOPSE<br \/>\nAtualmente, a obten\u00e7\u00e3o de informa\u00e7\u00f5es est\u00e1 mais acess\u00edvel por meio da internet. No entanto, a pesquisa de determinados assuntos demanda tempo e pode apresentar desafios, como por exemplo, ao procurar por instru\u00e7\u00f5es espec\u00edficas para a realiza\u00e7\u00e3o de um exame ou ao buscar a localiza\u00e7\u00e3o de uma estrutura anat\u00f4mica. Com a inten\u00e7\u00e3o de preencher essa lacuna na literatura m\u00e9dica referente ao estudo ultrassonogr\u00e1fico dos nervos perif\u00e9ricos, demos in\u00edcio, aproximadamente h\u00e1 um ano, ao projeto de desenvolvimento do Atlas Ilustrado &#8211; Ultrassonografia dos Nervos Perif\u00e9ricos. De uma forma did\u00e1tica, abordamos os principais nervos dos membros superiores, inferiores, plexo braquial e paredes tor\u00e1cica e abdominal com um breve resumo de sua origem e localiza\u00e7\u00e3o. Cada um desses elementos em localiza\u00e7\u00f5es distintas \u00e9 acompanhado por esquemas e ilustra\u00e7\u00f5es juntamente com as imagens de ultrassom. Desta maneira, nosso objetivo com esta obra \u00e9 capacitar o m\u00e9dico a aprender a realizar um exame de ultrassonografia em nervos perif\u00e9ricos com precis\u00e3o e confian\u00e7a, contribuindo para o diagn\u00f3stico e tratamento adequado dos pacientes.<\/p>\n","protected":false},"excerpt":{"rendered":"<p>SINOPSE Atualmente, a obten\u00e7\u00e3o de informa\u00e7\u00f5es est\u00e1 mais acess\u00edvel por meio da internet. No entanto, a pesquisa de determinados assuntos demanda tempo e pode apresentar desafios, como por exemplo, ao procurar por instru\u00e7\u00f5es espec\u00edficas para a realiza\u00e7\u00e3o de um exame ou ao buscar a localiza\u00e7\u00e3o de uma estrutura anat\u00f4mica. Com a inten\u00e7\u00e3o de preencher essa&hellip;&nbsp;<a href=\"https:\/\/livrariadocampus.com.br\/loja\/produto\/atlas-ilus-ultr-nervos-perifericos-autor-sernik-renato-2024\/\" class=\"\" rel=\"bookmark\">Continue a ler &raquo;<span class=\"screen-reader-text\">ATLAS ILUS. ULTR.  NERVOS PERIF\u00c9RICOS Autor: Sernik, Renato 2024<\/span><\/a><\/p>\n","protected":false},"featured_media":7340,"template":"","meta":{"neve_meta_sidebar":"","neve_meta_container":"","neve_meta_enable_content_width":"off","neve_meta_content_width":100,"neve_meta_title_alignment":"","neve_meta_author_avatar":"","neve_post_elements_order":"","neve_meta_disable_header":"","neve_meta_disable_footer":"","neve_meta_disable_title":"","_joinchat":[]},"product_brand":[],"product_cat":[15],"product_tag":[],"class_list":{"0":"post-7339","1":"product","2":"type-product","3":"status-publish","4":"has-post-thumbnail","6":"product_cat-outros","8":"first","9":"instock","10":"sold-individually","11":"shipping-taxable","12":"purchasable","13":"product-type-simple"},"jetpack_sharing_enabled":true,"_links":{"self":[{"href":"https:\/\/livrariadocampus.com.br\/loja\/wp-json\/wp\/v2\/product\/7339","targetHints":{"allow":["GET"]}}],"collection":[{"href":"https:\/\/livrariadocampus.com.br\/loja\/wp-json\/wp\/v2\/product"}],"about":[{"href":"https:\/\/livrariadocampus.com.br\/loja\/wp-json\/wp\/v2\/types\/product"}],"wp:featuredmedia":[{"embeddable":true,"href":"https:\/\/livrariadocampus.com.br\/loja\/wp-json\/wp\/v2\/media\/7340"}],"wp:attachment":[{"href":"https:\/\/livrariadocampus.com.br\/loja\/wp-json\/wp\/v2\/media?parent=7339"}],"wp:term":[{"taxonomy":"product_brand","embeddable":true,"href":"https:\/\/livrariadocampus.com.br\/loja\/wp-json\/wp\/v2\/product_brand?post=7339"},{"taxonomy":"product_cat","embeddable":true,"href":"https:\/\/livrariadocampus.com.br\/loja\/wp-json\/wp\/v2\/product_cat?post=7339"},{"taxonomy":"product_tag","embeddable":true,"href":"https:\/\/livrariadocampus.com.br\/loja\/wp-json\/wp\/v2\/product_tag?post=7339"}],"curies":[{"name":"wp","href":"https:\/\/api.w.org\/{rel}","templated":true}]}}