{"id":7326,"date":"2024-05-02T15:43:53","date_gmt":"2024-05-02T18:43:53","guid":{"rendered":"https:\/\/livrariadocampus.com.br\/loja\/?post_type=product&#038;p=7326"},"modified":"2024-09-23T15:22:51","modified_gmt":"2024-09-23T18:22:51","slug":"doencas-vasculares-perifericas-62024-ptomocao-10-x-s-acres","status":"publish","type":"product","link":"https:\/\/livrariadocampus.com.br\/loja\/produto\/doencas-vasculares-perifericas-62024-ptomocao-10-x-s-acres\/","title":{"rendered":"Doen\u00e7as Vasculares Perif\u00e9ricas  : 6|2024  PTOMO\u00c7\u00c3O"},"content":{"rendered":"<p>O cl\u00e1ssico da cirurgia vascular agora em volume \u00fanico! Edi\u00e7\u00e3o totalmente reestruturada e com rico conte\u00fado on-line. Textos mais objetivos, refer\u00eancias aos artigos mais recentes e atualiza\u00e7\u00f5es de diretrizes, consensos e revis\u00f5es sistem\u00e1ticas.<\/p>\n","protected":false},"excerpt":{"rendered":"<p>O cl\u00e1ssico da cirurgia vascular agora em volume \u00fanico! Edi\u00e7\u00e3o totalmente reestruturada e com rico conte\u00fado on-line. Textos mais objetivos, refer\u00eancias aos artigos mais recentes e atualiza\u00e7\u00f5es de diretrizes, consensos e revis\u00f5es sistem\u00e1ticas.<\/p>\n","protected":false},"featured_media":7327,"template":"","meta":{"neve_meta_sidebar":"","neve_meta_container":"","neve_meta_enable_content_width":"off","neve_meta_content_width":100,"neve_meta_title_alignment":"","neve_meta_author_avatar":"","neve_post_elements_order":"","neve_meta_disable_header":"","neve_meta_disable_footer":"","neve_meta_disable_title":"","_joinchat":{"telephone":"+5514981469902"}},"product_brand":[],"product_cat":[176,366,25],"product_tag":[],"class_list":{"0":"post-7326","1":"product","2":"type-product","3":"status-publish","4":"has-post-thumbnail","6":"product_cat-cirurgia","7":"product_cat-cirurgia-vascular","8":"product_cat-lancamentos","10":"first","11":"instock","12":"sold-individually","13":"shipping-taxable","14":"purchasable","15":"product-type-simple"},"jetpack_sharing_enabled":true,"_links":{"self":[{"href":"https:\/\/livrariadocampus.com.br\/loja\/wp-json\/wp\/v2\/product\/7326","targetHints":{"allow":["GET"]}}],"collection":[{"href":"https:\/\/livrariadocampus.com.br\/loja\/wp-json\/wp\/v2\/product"}],"about":[{"href":"https:\/\/livrariadocampus.com.br\/loja\/wp-json\/wp\/v2\/types\/product"}],"wp:featuredmedia":[{"embeddable":true,"href":"https:\/\/livrariadocampus.com.br\/loja\/wp-json\/wp\/v2\/media\/7327"}],"wp:attachment":[{"href":"https:\/\/livrariadocampus.com.br\/loja\/wp-json\/wp\/v2\/media?parent=7326"}],"wp:term":[{"taxonomy":"product_brand","embeddable":true,"href":"https:\/\/livrariadocampus.com.br\/loja\/wp-json\/wp\/v2\/product_brand?post=7326"},{"taxonomy":"product_cat","embeddable":true,"href":"https:\/\/livrariadocampus.com.br\/loja\/wp-json\/wp\/v2\/product_cat?post=7326"},{"taxonomy":"product_tag","embeddable":true,"href":"https:\/\/livrariadocampus.com.br\/loja\/wp-json\/wp\/v2\/product_tag?post=7326"}],"curies":[{"name":"wp","href":"https:\/\/api.w.org\/{rel}","templated":true}]}}