{"id":7283,"date":"2024-02-29T11:11:02","date_gmt":"2024-02-29T14:11:02","guid":{"rendered":"https:\/\/livrariadocampus.com.br\/loja\/?post_type=product&#038;p=7283"},"modified":"2024-02-29T11:11:02","modified_gmt":"2024-02-29T14:11:02","slug":"anatomia-orientada-para-a-clinica-9-ed-2024-promocao-em-8x-s-acre","status":"publish","type":"product","link":"https:\/\/livrariadocampus.com.br\/loja\/produto\/anatomia-orientada-para-a-clinica-9-ed-2024-promocao-em-8x-s-acre\/","title":{"rendered":"Anatomia Orientada Para a Clinica  9 ed. 2024  promo\u00e7\u00e3o em 8x s\/acre."},"content":{"rendered":"<p>Reconhecido por sua cobertura completa e narrativa envolvente, Moore Anatomia Orientada para a Cl\u00ednica \u00e9 refer\u00eancia indispens\u00e1vel tanto para alunos em in\u00edcio de forma\u00e7\u00e3o nas mais diversas \u00e1reas da sa\u00fade quanto para profissionais que buscam treinamento, atualiza\u00e7\u00e3o e compreens\u00e3o da base anat\u00f4mica para medicina de emerg\u00eancia e cirurgia geral. Com os mais altos padr\u00f5es de precis\u00e3o cient\u00edfica, esta 9\u00aa edi\u00e7\u00e3o reflete as \u00faltimas mudan\u00e7as na aplica\u00e7\u00e3o cl\u00ednica da anatomia e sua correla\u00e7\u00e3o com exame f\u00edsico e diagn\u00f3stico, enfatizando pontos fundamentais para um aprendizado pr\u00e1tico. As principais caracter\u00edsticas desta edi\u00e7\u00e3o s\u00e3o: \u2022 Ilustra\u00e7\u00f5es anat\u00f4micas combinadas com fotografias e imagens cl\u00ednicas, aprimorando a compreens\u00e3o dos conceitos e a fixa\u00e7\u00e3o de \u201cimagens mentais\u201d \u2022 Fotografias da anatomia de superf\u00edcie, favorecendo a realiza\u00e7\u00e3o de exames f\u00edsicos mais eficazes \u2022 Importantes considera\u00e7\u00f5es sobre g\u00eanero e sexo, com foco nas anatomias feminina e masculina \u2022 Recursos did\u00e1ticos, como boxes, tabelas e resumos detalhados, esclarecendo conceitos mais complexos \u2022 Extenso conte\u00fado digital, com estudos de caso, quest\u00f5es interativas e v\u00eddeos relacionados ao conte\u00fado dos cap\u00edtulos. ?<\/p>\n","protected":false},"excerpt":{"rendered":"<p>Reconhecido por sua cobertura completa e narrativa envolvente, Moore Anatomia Orientada para a Cl\u00ednica \u00e9 refer\u00eancia indispens\u00e1vel tanto para alunos em in\u00edcio de forma\u00e7\u00e3o nas mais diversas \u00e1reas da sa\u00fade quanto para profissionais que buscam treinamento, atualiza\u00e7\u00e3o e compreens\u00e3o da base anat\u00f4mica para medicina de emerg\u00eancia e cirurgia geral. Com os mais altos padr\u00f5es de&hellip;&nbsp;<a href=\"https:\/\/livrariadocampus.com.br\/loja\/produto\/anatomia-orientada-para-a-clinica-9-ed-2024-promocao-em-8x-s-acre\/\" class=\"\" rel=\"bookmark\">Continue a ler &raquo;<span class=\"screen-reader-text\">Anatomia Orientada Para a Clinica  9 ed. 2024  promo\u00e7\u00e3o em 8x s\/acre.<\/span><\/a><\/p>\n","protected":false},"featured_media":7284,"template":"","meta":{"neve_meta_sidebar":"","neve_meta_container":"","neve_meta_enable_content_width":"off","neve_meta_content_width":100,"neve_meta_title_alignment":"","neve_meta_author_avatar":"","neve_post_elements_order":"","neve_meta_disable_header":"","neve_meta_disable_footer":"","neve_meta_disable_title":"","_joinchat":[]},"product_brand":[],"product_cat":[126,25],"product_tag":[],"class_list":{"0":"post-7283","1":"product","2":"type-product","3":"status-publish","4":"has-post-thumbnail","6":"product_cat-anatomia-embriologia-histologi","7":"product_cat-lancamentos","9":"first","10":"instock","11":"sold-individually","12":"shipping-taxable","13":"purchasable","14":"product-type-simple"},"jetpack_sharing_enabled":true,"_links":{"self":[{"href":"https:\/\/livrariadocampus.com.br\/loja\/wp-json\/wp\/v2\/product\/7283","targetHints":{"allow":["GET"]}}],"collection":[{"href":"https:\/\/livrariadocampus.com.br\/loja\/wp-json\/wp\/v2\/product"}],"about":[{"href":"https:\/\/livrariadocampus.com.br\/loja\/wp-json\/wp\/v2\/types\/product"}],"wp:featuredmedia":[{"embeddable":true,"href":"https:\/\/livrariadocampus.com.br\/loja\/wp-json\/wp\/v2\/media\/7284"}],"wp:attachment":[{"href":"https:\/\/livrariadocampus.com.br\/loja\/wp-json\/wp\/v2\/media?parent=7283"}],"wp:term":[{"taxonomy":"product_brand","embeddable":true,"href":"https:\/\/livrariadocampus.com.br\/loja\/wp-json\/wp\/v2\/product_brand?post=7283"},{"taxonomy":"product_cat","embeddable":true,"href":"https:\/\/livrariadocampus.com.br\/loja\/wp-json\/wp\/v2\/product_cat?post=7283"},{"taxonomy":"product_tag","embeddable":true,"href":"https:\/\/livrariadocampus.com.br\/loja\/wp-json\/wp\/v2\/product_tag?post=7283"}],"curies":[{"name":"wp","href":"https:\/\/api.w.org\/{rel}","templated":true}]}}