{"id":7250,"date":"2023-12-01T12:18:42","date_gmt":"2023-12-01T15:18:42","guid":{"rendered":"https:\/\/livrariadocampus.com.br\/loja\/?post_type=product&#038;p=7250"},"modified":"2024-02-20T14:53:49","modified_gmt":"2024-02-20T17:53:49","slug":"sabiston-tratado-de-cirurgia-a-base-biologica-da-pratica-cirurgica-moderna-2vols-2024-cbc","status":"publish","type":"product","link":"https:\/\/livrariadocampus.com.br\/loja\/produto\/sabiston-tratado-de-cirurgia-a-base-biologica-da-pratica-cirurgica-moderna-2vols-2024-cbc\/","title":{"rendered":"Sabiston Tratado de Cirurgia:  2VOLS 2024  CBC LAN\u00c7AMENTO"},"content":{"rendered":"<p>Refer\u00eancia obrigat\u00f3ria para todo cirurgi\u00e3o que queira se manter atualizado com as melhores t\u00e9cnicas, esta nova edi\u00e7\u00e3o foi toda revisada, ampliada e atualizada e a tradu\u00e7\u00e3o foi revisada pelo Col\u00e9gio Brasileiro de Cirurgi\u00f5es.<\/p>\n","protected":false},"excerpt":{"rendered":"<p>Refer\u00eancia obrigat\u00f3ria para todo cirurgi\u00e3o que queira se manter atualizado com as melhores t\u00e9cnicas, esta nova edi\u00e7\u00e3o foi toda revisada, ampliada e atualizada e a tradu\u00e7\u00e3o foi revisada pelo Col\u00e9gio Brasileiro de Cirurgi\u00f5es.<\/p>\n","protected":false},"featured_media":7251,"template":"","meta":{"neve_meta_sidebar":"","neve_meta_container":"","neve_meta_enable_content_width":"off","neve_meta_content_width":100,"neve_meta_title_alignment":"","neve_meta_author_avatar":"","neve_post_elements_order":"","neve_meta_disable_header":"","neve_meta_disable_footer":"","neve_meta_disable_title":"","_joinchat":[]},"product_brand":[],"product_cat":[176,67,175],"product_tag":[354],"class_list":{"0":"post-7250","1":"product","2":"type-product","3":"status-publish","4":"has-post-thumbnail","6":"product_cat-cirurgia","7":"product_cat-gastroenterologia-clinica","8":"product_cat-hepatologia-gastrenterologia","9":"product_tag-354","11":"first","12":"instock","13":"sold-individually","14":"shipping-taxable","15":"purchasable","16":"product-type-simple"},"jetpack_sharing_enabled":true,"_links":{"self":[{"href":"https:\/\/livrariadocampus.com.br\/loja\/wp-json\/wp\/v2\/product\/7250","targetHints":{"allow":["GET"]}}],"collection":[{"href":"https:\/\/livrariadocampus.com.br\/loja\/wp-json\/wp\/v2\/product"}],"about":[{"href":"https:\/\/livrariadocampus.com.br\/loja\/wp-json\/wp\/v2\/types\/product"}],"wp:featuredmedia":[{"embeddable":true,"href":"https:\/\/livrariadocampus.com.br\/loja\/wp-json\/wp\/v2\/media\/7251"}],"wp:attachment":[{"href":"https:\/\/livrariadocampus.com.br\/loja\/wp-json\/wp\/v2\/media?parent=7250"}],"wp:term":[{"taxonomy":"product_brand","embeddable":true,"href":"https:\/\/livrariadocampus.com.br\/loja\/wp-json\/wp\/v2\/product_brand?post=7250"},{"taxonomy":"product_cat","embeddable":true,"href":"https:\/\/livrariadocampus.com.br\/loja\/wp-json\/wp\/v2\/product_cat?post=7250"},{"taxonomy":"product_tag","embeddable":true,"href":"https:\/\/livrariadocampus.com.br\/loja\/wp-json\/wp\/v2\/product_tag?post=7250"}],"curies":[{"name":"wp","href":"https:\/\/api.w.org\/{rel}","templated":true}]}}