{"id":7249,"date":"2023-12-01T09:04:43","date_gmt":"2023-12-01T12:04:43","guid":{"rendered":"https:\/\/livrariadocampus.com.br\/loja\/?post_type=product&#038;p=7249"},"modified":"2024-02-01T15:56:48","modified_gmt":"2024-02-01T18:56:48","slug":"fonseca-puericultura-passo-a-passo-1-18-copia","status":"publish","type":"product","link":"https:\/\/livrariadocampus.com.br\/loja\/produto\/fonseca-puericultura-passo-a-passo-1-18-copia\/","title":{"rendered":"FONSECA &#8211; PUERICULTURA &#8211; PASSO A PASSO 1\/18 (c\u00f3pia)"},"content":{"rendered":"<p>Tem sua equipe autoral formada por membros da Sociedade de Pediatria de S\u00e3o Paulo &#8211; SPSP O livro tem como proposta transmitir a moderna Puericultura , ci\u00eancia e arte que, ultrapassando o cuidado com a sa\u00fade e o bem-estar da crian\u00e7a, alonga-se \u00e0 adolesc\u00eancia e \u00e0s pr\u00f3prias fam\u00edlias respons\u00e1veis pela assist\u00eancia aos seus filhos. Valoriza a preven\u00e7\u00e3o de eventuais doen\u00e7as cr\u00f4nicas no adulto que, muitas vezes, t\u00eam o seu curso inicial na inf\u00e2ncia. A Puericultura de hoje \u00e9 assim, um corte longitudinal que<\/p>\n","protected":false},"excerpt":{"rendered":"<p>Tem sua equipe autoral formada por membros da Sociedade de Pediatria de S\u00e3o Paulo &#8211; SPSP O livro tem como proposta transmitir a moderna Puericultura , ci\u00eancia e arte que, ultrapassando o cuidado com a sa\u00fade e o bem-estar da crian\u00e7a, alonga-se \u00e0 adolesc\u00eancia e \u00e0s pr\u00f3prias fam\u00edlias respons\u00e1veis pela assist\u00eancia aos seus filhos. Valoriza&hellip;&nbsp;<a href=\"https:\/\/livrariadocampus.com.br\/loja\/produto\/fonseca-puericultura-passo-a-passo-1-18-copia\/\" class=\"\" rel=\"bookmark\">Continue a ler &raquo;<span class=\"screen-reader-text\">FONSECA &#8211; PUERICULTURA &#8211; PASSO A PASSO 1\/18 (c\u00f3pia)<\/span><\/a><\/p>\n","protected":false},"featured_media":190,"template":"","meta":{"neve_meta_sidebar":"","neve_meta_container":"","neve_meta_enable_content_width":"off","neve_meta_content_width":100,"neve_meta_title_alignment":"","neve_meta_author_avatar":"","neve_post_elements_order":"","neve_meta_disable_header":"","neve_meta_disable_footer":"","neve_meta_disable_title":"","_joinchat":[]},"product_brand":[],"product_cat":[15,24,25],"product_tag":[],"class_list":{"0":"post-7249","1":"product","2":"type-product","3":"status-publish","4":"has-post-thumbnail","6":"product_cat-outros","7":"product_cat-destaques","8":"product_cat-lancamentos","10":"first","11":"instock","12":"shipping-taxable","13":"purchasable","14":"product-type-simple"},"jetpack_sharing_enabled":true,"_links":{"self":[{"href":"https:\/\/livrariadocampus.com.br\/loja\/wp-json\/wp\/v2\/product\/7249","targetHints":{"allow":["GET"]}}],"collection":[{"href":"https:\/\/livrariadocampus.com.br\/loja\/wp-json\/wp\/v2\/product"}],"about":[{"href":"https:\/\/livrariadocampus.com.br\/loja\/wp-json\/wp\/v2\/types\/product"}],"wp:featuredmedia":[{"embeddable":true,"href":"https:\/\/livrariadocampus.com.br\/loja\/wp-json\/wp\/v2\/media\/190"}],"wp:attachment":[{"href":"https:\/\/livrariadocampus.com.br\/loja\/wp-json\/wp\/v2\/media?parent=7249"}],"wp:term":[{"taxonomy":"product_brand","embeddable":true,"href":"https:\/\/livrariadocampus.com.br\/loja\/wp-json\/wp\/v2\/product_brand?post=7249"},{"taxonomy":"product_cat","embeddable":true,"href":"https:\/\/livrariadocampus.com.br\/loja\/wp-json\/wp\/v2\/product_cat?post=7249"},{"taxonomy":"product_tag","embeddable":true,"href":"https:\/\/livrariadocampus.com.br\/loja\/wp-json\/wp\/v2\/product_tag?post=7249"}],"curies":[{"name":"wp","href":"https:\/\/api.w.org\/{rel}","templated":true}]}}