{"id":7234,"date":"2023-11-03T11:26:56","date_gmt":"2023-11-03T14:26:56","guid":{"rendered":"https:\/\/livrariadocampus.com.br\/loja\/?post_type=product&#038;p=7234"},"modified":"2024-01-15T12:02:53","modified_gmt":"2024-01-15T15:02:53","slug":"manejo-das-fraturas-do-quadril-do-idoso-e-outras-condicoes-de-insuficiencia-ossea-autor-zoghbi-mustafa-ahmad-azevedo-paula-schmidt-polesello-giancarlo-goncalves-henrique-pedroni-marco2023","status":"publish","type":"product","link":"https:\/\/livrariadocampus.com.br\/loja\/produto\/manejo-das-fraturas-do-quadril-do-idoso-e-outras-condicoes-de-insuficiencia-ossea-autor-zoghbi-mustafa-ahmad-azevedo-paula-schmidt-polesello-giancarlo-goncalves-henrique-pedroni-marco2023\/","title":{"rendered":"MANEJO DAS FRATURAS DO QUADRIL DO IDOSO: E OUTRAS CONDI\u00c7\u00d5ES DE INSUFICIENCIA OSSEA Autor: ZOGHBI, MUSTAFA AHMAD\/AZEVEDO, PAULA SCHMIDT\/POLESELLO, GIANCARLO\/GON\u00c7ALVES, HENRIQUE\/PEDRONI, MARCO2023"},"content":{"rendered":"<p>Manejo das Fraturas do Quadril do Idoso e outras Condi\u00e7\u00f5es de Insufici\u00eancia \u00d3ssea Aspectos pr\u00e1ticos cl\u00ednicos, ortop\u00e9dicos e metab\u00f3licos. Aspectos pr\u00e1ticos cl\u00ednicos, ortop\u00e9dicos e metab\u00f3licos. Este livro foi planejado para se transformar em uma ferramenta no aux\u00edlio da equipe multidisciplinar que atende pacientes com fraturas do quadril associadas a alguma condi\u00e7\u00e3o que determina fragilidade \u00f3ssea. Foi escrito por cl\u00ednicos e ortopedistas experts no manejo de fraturas do quadril nessa situa\u00e7\u00e3o. Inicialmente \u00e9 abordada a avalia\u00e7\u00e3o laboratorial e de imagem. Seguimos com o manejo cl\u00ednico pr\u00e9, peri e p\u00f3s-operat\u00f3rio desses pacientes com um enfoque pr\u00e1tico para permitir uma adequada avalia\u00e7\u00e3o inicial, estabiliza\u00e7\u00e3o e tratamento de forma mais c\u00e9lere e segura, evitando complica\u00e7\u00f5es. Discutimos como otimizar a evolu\u00e7\u00e3o osteometab\u00f3lica e funcional p\u00f3s-operat\u00f3ria, com uma vis\u00e3o cl\u00ednica e ortop\u00e9dica do assunto.S\u00e3o abordados os aspectos nutricionais, o uso de medica\u00e7\u00f5es espec\u00edfi cas para (&#8230;)<\/p>\n","protected":false},"excerpt":{"rendered":"<p>Manejo das Fraturas do Quadril do Idoso e outras Condi\u00e7\u00f5es de Insufici\u00eancia \u00d3ssea Aspectos pr\u00e1ticos cl\u00ednicos, ortop\u00e9dicos e metab\u00f3licos. Aspectos pr\u00e1ticos cl\u00ednicos, ortop\u00e9dicos e metab\u00f3licos. Este livro foi planejado para se transformar em uma ferramenta no aux\u00edlio da equipe multidisciplinar que atende pacientes com fraturas do quadril associadas a alguma condi\u00e7\u00e3o que determina fragilidade \u00f3ssea.&hellip;&nbsp;<a href=\"https:\/\/livrariadocampus.com.br\/loja\/produto\/manejo-das-fraturas-do-quadril-do-idoso-e-outras-condicoes-de-insuficiencia-ossea-autor-zoghbi-mustafa-ahmad-azevedo-paula-schmidt-polesello-giancarlo-goncalves-henrique-pedroni-marco2023\/\" class=\"\" rel=\"bookmark\">Continue a ler &raquo;<span class=\"screen-reader-text\">MANEJO DAS FRATURAS DO QUADRIL DO IDOSO: E OUTRAS CONDI\u00c7\u00d5ES DE INSUFICIENCIA OSSEA Autor: ZOGHBI, MUSTAFA AHMAD\/AZEVEDO, PAULA SCHMIDT\/POLESELLO, GIANCARLO\/GON\u00c7ALVES, HENRIQUE\/PEDRONI, MARCO2023<\/span><\/a><\/p>\n","protected":false},"featured_media":7235,"template":"","meta":{"neve_meta_sidebar":"","neve_meta_container":"","neve_meta_enable_content_width":"off","neve_meta_content_width":100,"neve_meta_title_alignment":"","neve_meta_author_avatar":"","neve_post_elements_order":"","neve_meta_disable_header":"","neve_meta_disable_footer":"","neve_meta_disable_title":"","_joinchat":[]},"product_brand":[],"product_cat":[189,25,132],"product_tag":[352],"class_list":{"0":"post-7234","1":"product","2":"type-product","3":"status-publish","4":"has-post-thumbnail","6":"product_cat-geriatria-gerontologia","7":"product_cat-lancamentos","8":"product_cat-ortopedia-traumatologia","9":"product_tag-352","11":"first","12":"instock","13":"shipping-taxable","14":"purchasable","15":"product-type-simple"},"jetpack_sharing_enabled":true,"_links":{"self":[{"href":"https:\/\/livrariadocampus.com.br\/loja\/wp-json\/wp\/v2\/product\/7234","targetHints":{"allow":["GET"]}}],"collection":[{"href":"https:\/\/livrariadocampus.com.br\/loja\/wp-json\/wp\/v2\/product"}],"about":[{"href":"https:\/\/livrariadocampus.com.br\/loja\/wp-json\/wp\/v2\/types\/product"}],"wp:featuredmedia":[{"embeddable":true,"href":"https:\/\/livrariadocampus.com.br\/loja\/wp-json\/wp\/v2\/media\/7235"}],"wp:attachment":[{"href":"https:\/\/livrariadocampus.com.br\/loja\/wp-json\/wp\/v2\/media?parent=7234"}],"wp:term":[{"taxonomy":"product_brand","embeddable":true,"href":"https:\/\/livrariadocampus.com.br\/loja\/wp-json\/wp\/v2\/product_brand?post=7234"},{"taxonomy":"product_cat","embeddable":true,"href":"https:\/\/livrariadocampus.com.br\/loja\/wp-json\/wp\/v2\/product_cat?post=7234"},{"taxonomy":"product_tag","embeddable":true,"href":"https:\/\/livrariadocampus.com.br\/loja\/wp-json\/wp\/v2\/product_tag?post=7234"}],"curies":[{"name":"wp","href":"https:\/\/api.w.org\/{rel}","templated":true}]}}