{"id":7013,"date":"2023-06-20T14:30:44","date_gmt":"2023-06-20T17:30:44","guid":{"rendered":"https:\/\/livrariadocampus.com.br\/loja\/?post_type=product&#038;p=7013"},"modified":"2024-09-23T15:27:14","modified_gmt":"2024-09-23T18:27:14","slug":"condutas-na-sala-de-emergencia-capa-comum-2022-edicao-portugues-por-romulo-augusto-dos-santos","status":"publish","type":"product","link":"https:\/\/livrariadocampus.com.br\/loja\/produto\/condutas-na-sala-de-emergencia-capa-comum-2022-edicao-portugues-por-romulo-augusto-dos-santos\/","title":{"rendered":"Condutas na Sala de Emerg\u00eancia Capa comum \u2013 2022 Edi\u00e7\u00e3o Portugu\u00eas  por R\u00f4mulo Augusto dos Santos"},"content":{"rendered":"<p>Por isso, o m\u00e9dico da emerg\u00eancia precisa ser o mais preparado de todas as especialidades, com menor margem para equ\u00edvocos.Para auxiliar na estabiliza\u00e7\u00e3o cl\u00ednica dos pacientes nos mais diversos cen\u00e1rios, Condutas na Sala de Emerg\u00eancia ensina a pensar de maneira compartimentalizada, por meio de perguntas relevantes, para que o racioc\u00ednio n\u00e3o se perca durante a condu\u00e7\u00e3o de casos graves.Esta obra apresenta tamb\u00e9m as indica\u00e7\u00f5es racionais de exames laboratoriais e de imagem, al\u00e9m das doses e dilui\u00e7\u00f5es corretas de f\u00e1rmacos, evitando que a solicita\u00e7\u00e3o de procedimentos desnecess\u00e1rios possa onerar institui\u00e7\u00f5es.Escrito por profissionais atuantes em prontos-socorros e unidades de terapia intensiva de grandes institui\u00e7\u00f5es, este livro tem a linguagem pr\u00e1tica de quem realmente vivencia o cotidiano de pacientes cr\u00edticos, al\u00e9m de ser fundamentado nas mais recentes condutas validadas para emerg\u00eancias em todo o mundo.?<br \/>\nLeia mais<\/p>\n","protected":false},"excerpt":{"rendered":"<p>Por isso, o m\u00e9dico da emerg\u00eancia precisa ser o mais preparado de todas as especialidades, com menor margem para equ\u00edvocos.Para auxiliar na estabiliza\u00e7\u00e3o cl\u00ednica dos pacientes nos mais diversos cen\u00e1rios, Condutas na Sala de Emerg\u00eancia ensina a pensar de maneira compartimentalizada, por meio de perguntas relevantes, para que o racioc\u00ednio n\u00e3o se perca durante a&hellip;&nbsp;<a href=\"https:\/\/livrariadocampus.com.br\/loja\/produto\/condutas-na-sala-de-emergencia-capa-comum-2022-edicao-portugues-por-romulo-augusto-dos-santos\/\" class=\"\" rel=\"bookmark\">Continue a ler &raquo;<span class=\"screen-reader-text\">Condutas na Sala de Emerg\u00eancia Capa comum \u2013 2022 Edi\u00e7\u00e3o Portugu\u00eas  por R\u00f4mulo Augusto dos Santos<\/span><\/a><\/p>\n","protected":false},"featured_media":7014,"template":"","meta":{"neve_meta_sidebar":"","neve_meta_container":"","neve_meta_enable_content_width":"off","neve_meta_content_width":100,"neve_meta_title_alignment":"","neve_meta_author_avatar":"","neve_post_elements_order":"","neve_meta_disable_header":"","neve_meta_disable_footer":"","neve_meta_disable_title":"","_joinchat":[]},"product_brand":[],"product_cat":[104,54,210,189],"product_tag":[310],"class_list":{"0":"post-7013","1":"product","2":"type-product","3":"status-publish","4":"has-post-thumbnail","6":"product_cat-clinica-medica-semiologia","7":"product_cat-emergencias-e-pronto-socorro","8":"product_cat-fisiopatologia","9":"product_cat-geriatria-gerontologia","10":"product_tag-310","12":"first","13":"instock","14":"sold-individually","15":"shipping-taxable","16":"purchasable","17":"product-type-simple"},"jetpack_sharing_enabled":true,"_links":{"self":[{"href":"https:\/\/livrariadocampus.com.br\/loja\/wp-json\/wp\/v2\/product\/7013","targetHints":{"allow":["GET"]}}],"collection":[{"href":"https:\/\/livrariadocampus.com.br\/loja\/wp-json\/wp\/v2\/product"}],"about":[{"href":"https:\/\/livrariadocampus.com.br\/loja\/wp-json\/wp\/v2\/types\/product"}],"wp:featuredmedia":[{"embeddable":true,"href":"https:\/\/livrariadocampus.com.br\/loja\/wp-json\/wp\/v2\/media\/7014"}],"wp:attachment":[{"href":"https:\/\/livrariadocampus.com.br\/loja\/wp-json\/wp\/v2\/media?parent=7013"}],"wp:term":[{"taxonomy":"product_brand","embeddable":true,"href":"https:\/\/livrariadocampus.com.br\/loja\/wp-json\/wp\/v2\/product_brand?post=7013"},{"taxonomy":"product_cat","embeddable":true,"href":"https:\/\/livrariadocampus.com.br\/loja\/wp-json\/wp\/v2\/product_cat?post=7013"},{"taxonomy":"product_tag","embeddable":true,"href":"https:\/\/livrariadocampus.com.br\/loja\/wp-json\/wp\/v2\/product_tag?post=7013"}],"curies":[{"name":"wp","href":"https:\/\/api.w.org\/{rel}","templated":true}]}}