{"id":7010,"date":"2023-06-20T11:19:38","date_gmt":"2023-06-20T14:19:38","guid":{"rendered":"https:\/\/livrariadocampus.com.br\/loja\/?post_type=product&#038;p=7010"},"modified":"2025-03-28T15:44:33","modified_gmt":"2025-03-28T18:44:33","slug":"medicina-interna-de-pequenos-animais-capa-comum-2023-lancamento","status":"publish","type":"product","link":"https:\/\/livrariadocampus.com.br\/loja\/produto\/medicina-interna-de-pequenos-animais-capa-comum-2023-lancamento\/","title":{"rendered":"Medicina Interna de Pequenos Animais Capa comum \u2013 2023 LAN\u00c7AMENTO"},"content":{"rendered":"<p>Ricamente ilustrada e com foco na pr\u00e1tica cl\u00ednica, esta sexta edi\u00e7\u00e3o \u00e9 atualizada com recentes pesquisas para o diagn\u00f3stico preciso e o manejo de patologias de pequenos animais.Principais caracter\u00edsticas:Diretrizes claras descrevem, detalhadamente, os procedimentos comumente realizadosIn\u00fameras fotografias coloridas e ilustra\u00e7\u00f5es retratam, com precis\u00e3o, dist\u00farbios, doen\u00e7as e procedimentos espec\u00edficosTabelas e boxes de resumo codificados por cores e \u00edcones espec\u00edficos facilitam e agilizam a pesquisa de sinais cl\u00ednicos, etiologias, diagn\u00f3sticos diferenciais, tratamentos e dosagens e indica\u00e7\u00f5es de medicamentosAlgoritmos auxiliam na tomada de decis\u00e3o com base em achados cl\u00ednicosCap\u00edtulo totalmente novo incorporado: Neonatologia e PediatriaExtensas atualiza\u00e7\u00f5es abrangem novos avan\u00e7os, t\u00e9cnicas e melhores pr\u00e1ticas em evolu\u00e7\u00e3o<\/p>\n","protected":false},"excerpt":{"rendered":"<p>Ricamente ilustrada e com foco na pr\u00e1tica cl\u00ednica, esta sexta edi\u00e7\u00e3o \u00e9 atualizada com recentes pesquisas para o diagn\u00f3stico preciso e o manejo de patologias de pequenos animais.Principais caracter\u00edsticas:Diretrizes claras descrevem, detalhadamente, os procedimentos comumente realizadosIn\u00fameras fotografias coloridas e ilustra\u00e7\u00f5es retratam, com precis\u00e3o, dist\u00farbios, doen\u00e7as e procedimentos espec\u00edficosTabelas e boxes de resumo codificados por cores&hellip;&nbsp;<a href=\"https:\/\/livrariadocampus.com.br\/loja\/produto\/medicina-interna-de-pequenos-animais-capa-comum-2023-lancamento\/\" class=\"\" rel=\"bookmark\">Continue a ler &raquo;<span class=\"screen-reader-text\">Medicina Interna de Pequenos Animais Capa comum \u2013 2023 LAN\u00c7AMENTO<\/span><\/a><\/p>\n","protected":false},"featured_media":7011,"template":"","meta":{"neve_meta_sidebar":"","neve_meta_container":"","neve_meta_enable_content_width":"off","neve_meta_content_width":100,"neve_meta_title_alignment":"","neve_meta_author_avatar":"","neve_post_elements_order":"","neve_meta_disable_header":"","neve_meta_disable_footer":"","neve_meta_disable_title":"","_joinchat":[]},"product_brand":[],"product_cat":[253],"product_tag":[309],"class_list":{"0":"post-7010","1":"product","2":"type-product","3":"status-publish","4":"has-post-thumbnail","6":"product_cat-veterinaria-e-zootecnia","7":"product_tag-978-8595158948","9":"first","10":"instock","11":"sale","12":"sold-individually","13":"shipping-taxable","14":"purchasable","15":"product-type-simple"},"jetpack_sharing_enabled":true,"_links":{"self":[{"href":"https:\/\/livrariadocampus.com.br\/loja\/wp-json\/wp\/v2\/product\/7010","targetHints":{"allow":["GET"]}}],"collection":[{"href":"https:\/\/livrariadocampus.com.br\/loja\/wp-json\/wp\/v2\/product"}],"about":[{"href":"https:\/\/livrariadocampus.com.br\/loja\/wp-json\/wp\/v2\/types\/product"}],"wp:featuredmedia":[{"embeddable":true,"href":"https:\/\/livrariadocampus.com.br\/loja\/wp-json\/wp\/v2\/media\/7011"}],"wp:attachment":[{"href":"https:\/\/livrariadocampus.com.br\/loja\/wp-json\/wp\/v2\/media?parent=7010"}],"wp:term":[{"taxonomy":"product_brand","embeddable":true,"href":"https:\/\/livrariadocampus.com.br\/loja\/wp-json\/wp\/v2\/product_brand?post=7010"},{"taxonomy":"product_cat","embeddable":true,"href":"https:\/\/livrariadocampus.com.br\/loja\/wp-json\/wp\/v2\/product_cat?post=7010"},{"taxonomy":"product_tag","embeddable":true,"href":"https:\/\/livrariadocampus.com.br\/loja\/wp-json\/wp\/v2\/product_tag?post=7010"}],"curies":[{"name":"wp","href":"https:\/\/api.w.org\/{rel}","templated":true}]}}