{"id":7004,"date":"2023-06-20T11:04:38","date_gmt":"2023-06-20T14:04:38","guid":{"rendered":"https:\/\/livrariadocampus.com.br\/loja\/?post_type=product&#038;p=7004"},"modified":"2024-09-27T17:19:40","modified_gmt":"2024-09-27T20:19:40","slug":"consulta-veterinaria-em-5-minutos-especies-canina-e-felina-capa-dura-edicao-portugues-por-larry-p-tilley-autor","status":"publish","type":"product","link":"https:\/\/livrariadocampus.com.br\/loja\/produto\/consulta-veterinaria-em-5-minutos-especies-canina-e-felina-capa-dura-edicao-portugues-por-larry-p-tilley-autor\/","title":{"rendered":"Consulta veterin\u00e1ria em 5 minutos: Esp\u00e9cies canina e felina Capa dura \u2013  Edi\u00e7\u00e3o Portugu\u00eas  por Larry P. Tilley (Autor), FRETE GRATIS"},"content":{"rendered":"<p>Considerada uma refer\u00eancia imprescind\u00edvel e completa por cl\u00ednicos e acad\u00eamicos de medicina veterin\u00e1ria, mais de 300 renomados m\u00e9dicos veterin\u00e1rios contribu\u00edram para esta 5\u00aa edi\u00e7\u00e3o, o que permitiu que cada verbete fosse escrito por especialistas nas seguintes \u00e1reas: cardiologia, comportamento, dermatologia, doen\u00e7a infecciosa, endocrinologia e metabolismo, gastrenterologia, hematologia e imunologia, hepatologia, nefrologia e urologia, neurologia, odontologia, oftalmologia, oncologia, sistemas musculoesquel\u00e9tico e respirat\u00f3rio, teriogenologia e toxicologia.<br \/>\n   Relatar informa\u00e7\u00f5es incorretas sobre o produto.<\/p>\n","protected":false},"excerpt":{"rendered":"<p>Considerada uma refer\u00eancia imprescind\u00edvel e completa por cl\u00ednicos e acad\u00eamicos de medicina veterin\u00e1ria, mais de 300 renomados m\u00e9dicos veterin\u00e1rios contribu\u00edram para esta 5\u00aa edi\u00e7\u00e3o, o que permitiu que cada verbete fosse escrito por especialistas nas seguintes \u00e1reas: cardiologia, comportamento, dermatologia, doen\u00e7a infecciosa, endocrinologia e metabolismo, gastrenterologia, hematologia e imunologia, hepatologia, nefrologia e urologia, neurologia, odontologia,&hellip;&nbsp;<a href=\"https:\/\/livrariadocampus.com.br\/loja\/produto\/consulta-veterinaria-em-5-minutos-especies-canina-e-felina-capa-dura-edicao-portugues-por-larry-p-tilley-autor\/\" class=\"\" rel=\"bookmark\">Continue a ler &raquo;<span class=\"screen-reader-text\">Consulta veterin\u00e1ria em 5 minutos: Esp\u00e9cies canina e felina Capa dura \u2013  Edi\u00e7\u00e3o Portugu\u00eas  por Larry P. Tilley (Autor), FRETE GRATIS<\/span><\/a><\/p>\n","protected":false},"featured_media":7005,"template":"","meta":{"neve_meta_sidebar":"","neve_meta_container":"","neve_meta_enable_content_width":"off","neve_meta_content_width":100,"neve_meta_title_alignment":"","neve_meta_author_avatar":"","neve_post_elements_order":"","neve_meta_disable_header":"","neve_meta_disable_footer":"","neve_meta_disable_title":"","_joinchat":[]},"product_brand":[],"product_cat":[253],"product_tag":[],"class_list":{"0":"post-7004","1":"product","2":"type-product","3":"status-publish","4":"has-post-thumbnail","6":"product_cat-veterinaria-e-zootecnia","8":"first","9":"instock","10":"sold-individually","11":"shipping-taxable","12":"purchasable","13":"product-type-simple"},"jetpack_sharing_enabled":true,"_links":{"self":[{"href":"https:\/\/livrariadocampus.com.br\/loja\/wp-json\/wp\/v2\/product\/7004","targetHints":{"allow":["GET"]}}],"collection":[{"href":"https:\/\/livrariadocampus.com.br\/loja\/wp-json\/wp\/v2\/product"}],"about":[{"href":"https:\/\/livrariadocampus.com.br\/loja\/wp-json\/wp\/v2\/types\/product"}],"wp:featuredmedia":[{"embeddable":true,"href":"https:\/\/livrariadocampus.com.br\/loja\/wp-json\/wp\/v2\/media\/7005"}],"wp:attachment":[{"href":"https:\/\/livrariadocampus.com.br\/loja\/wp-json\/wp\/v2\/media?parent=7004"}],"wp:term":[{"taxonomy":"product_brand","embeddable":true,"href":"https:\/\/livrariadocampus.com.br\/loja\/wp-json\/wp\/v2\/product_brand?post=7004"},{"taxonomy":"product_cat","embeddable":true,"href":"https:\/\/livrariadocampus.com.br\/loja\/wp-json\/wp\/v2\/product_cat?post=7004"},{"taxonomy":"product_tag","embeddable":true,"href":"https:\/\/livrariadocampus.com.br\/loja\/wp-json\/wp\/v2\/product_tag?post=7004"}],"curies":[{"name":"wp","href":"https:\/\/api.w.org\/{rel}","templated":true}]}}