{"id":6999,"date":"2023-06-19T16:40:53","date_gmt":"2023-06-19T19:40:53","guid":{"rendered":"https:\/\/livrariadocampus.com.br\/loja\/?post_type=product&#038;p=6999"},"modified":"2023-06-21T14:34:30","modified_gmt":"2023-06-21T17:34:30","slug":"os-donos-do-futuro-capa-comum-2000-edicao-portugues-por-roberto-shinyashiki-autor","status":"publish","type":"product","link":"https:\/\/livrariadocampus.com.br\/loja\/produto\/os-donos-do-futuro-capa-comum-2000-edicao-portugues-por-roberto-shinyashiki-autor\/","title":{"rendered":"Os Donos Do Futuro Capa comum \u2013 2000 Edi\u00e7\u00e3o Portugu\u00eas  por Roberto Shinyashiki (Autor)"},"content":{"rendered":"<p>Sob a \u00f3tica hermen\u00eautica, essa obra apresenta um estudo da jurisdi\u00e7\u00e3o constitucional fazendo um exame reflexivo das principais matrizes do constitucionalismo, dos modelos surgidos no ocidente e da evolu\u00e7\u00e3o do controle da constitucionalidade no brasil, desde a rep\u00fablica at\u00e9 os tempos atuais. Aborda ainda a rela\u00e7\u00e3o entre a constitui\u00e7\u00e3o, o direito e a democracia, quest\u00e3o da qual depende o exerc\u00edcio da jurisdi\u00e7\u00e3o constitucional no estado democr\u00e1tico de direito. &#8211; 3\u00aa edi\u00e7\u00e3o.<br \/>\n   Relatar informa\u00e7\u00f5es incorretas sobre o produto.<\/p>\n","protected":false},"excerpt":{"rendered":"<p>Sob a \u00f3tica hermen\u00eautica, essa obra apresenta um estudo da jurisdi\u00e7\u00e3o constitucional fazendo um exame reflexivo das principais matrizes do constitucionalismo, dos modelos surgidos no ocidente e da evolu\u00e7\u00e3o do controle da constitucionalidade no brasil, desde a rep\u00fablica at\u00e9 os tempos atuais. Aborda ainda a rela\u00e7\u00e3o entre a constitui\u00e7\u00e3o, o direito e a democracia, quest\u00e3o&hellip;&nbsp;<a href=\"https:\/\/livrariadocampus.com.br\/loja\/produto\/os-donos-do-futuro-capa-comum-2000-edicao-portugues-por-roberto-shinyashiki-autor\/\" class=\"\" rel=\"bookmark\">Continue a ler &raquo;<span class=\"screen-reader-text\">Os Donos Do Futuro Capa comum \u2013 2000 Edi\u00e7\u00e3o Portugu\u00eas  por Roberto Shinyashiki (Autor)<\/span><\/a><\/p>\n","protected":false},"featured_media":7000,"template":"","meta":{"neve_meta_sidebar":"","neve_meta_container":"","neve_meta_enable_content_width":"off","neve_meta_content_width":100,"neve_meta_title_alignment":"","neve_meta_author_avatar":"","neve_post_elements_order":"","neve_meta_disable_header":"","neve_meta_disable_footer":"","neve_meta_disable_title":"","_joinchat":[]},"product_brand":[],"product_cat":[249],"product_tag":[306],"class_list":{"0":"post-6999","1":"product","2":"type-product","3":"status-publish","4":"has-post-thumbnail","6":"product_cat-literatura-geral","7":"product_tag-306","9":"first","10":"instock","11":"sale","12":"sold-individually","13":"shipping-taxable","14":"purchasable","15":"product-type-simple"},"jetpack_sharing_enabled":true,"_links":{"self":[{"href":"https:\/\/livrariadocampus.com.br\/loja\/wp-json\/wp\/v2\/product\/6999","targetHints":{"allow":["GET"]}}],"collection":[{"href":"https:\/\/livrariadocampus.com.br\/loja\/wp-json\/wp\/v2\/product"}],"about":[{"href":"https:\/\/livrariadocampus.com.br\/loja\/wp-json\/wp\/v2\/types\/product"}],"wp:featuredmedia":[{"embeddable":true,"href":"https:\/\/livrariadocampus.com.br\/loja\/wp-json\/wp\/v2\/media\/7000"}],"wp:attachment":[{"href":"https:\/\/livrariadocampus.com.br\/loja\/wp-json\/wp\/v2\/media?parent=6999"}],"wp:term":[{"taxonomy":"product_brand","embeddable":true,"href":"https:\/\/livrariadocampus.com.br\/loja\/wp-json\/wp\/v2\/product_brand?post=6999"},{"taxonomy":"product_cat","embeddable":true,"href":"https:\/\/livrariadocampus.com.br\/loja\/wp-json\/wp\/v2\/product_cat?post=6999"},{"taxonomy":"product_tag","embeddable":true,"href":"https:\/\/livrariadocampus.com.br\/loja\/wp-json\/wp\/v2\/product_tag?post=6999"}],"curies":[{"name":"wp","href":"https:\/\/api.w.org\/{rel}","templated":true}]}}