{"id":6982,"date":"2023-06-16T15:35:42","date_gmt":"2023-06-16T18:35:42","guid":{"rendered":"https:\/\/livrariadocampus.com.br\/loja\/?post_type=product&#038;p=6982"},"modified":"2024-09-23T15:55:31","modified_gmt":"2024-09-23T18:55:31","slug":"machado-neuroanatomia-funcional-4-edicao-capa-comum-2022-lancamento","status":"publish","type":"product","link":"https:\/\/livrariadocampus.com.br\/loja\/produto\/machado-neuroanatomia-funcional-4-edicao-capa-comum-2022-lancamento\/","title":{"rendered":"MACHADO Neuroanatomia Funcional &#8211; 4 edi\u00e7\u00e3o Capa comum \u2013  2022 LAN\u00c7AMENTO"},"content":{"rendered":"<p>Neuroanatomia Funcional alcan\u00e7a a sua 4\u00aa edi\u00e7\u00e3o, integralmente revista e atualizada. A obra \u00e9 nacionalmente conhecida e adotada pelos cursos das Ci\u00eancias da Sa\u00fade das principais faculdades do nosso pa\u00eds. A did\u00e1tica criativa do autor, o Professor Angelo Machado, revolucionou o ensino de Neuroanatomia. Vale a pena descrever os seus principais pontos de ensino: Inicialmente, os alunos passavam uma semana de pr\u00e1ticas intensivas de anatomia macrosc\u00f3pica em pe\u00e7as anat\u00f4micas da medula e do enc\u00e9falo. Visualizavam, seguravam e tocavam as pe\u00e7as macrosc\u00f3picas de Neuroanatomia. Identificavam as estruturas: medula espinhal, tronco encef\u00e1lico e cerebelo, diencef\u00e1lo e telenc\u00e9falo. Os cap\u00edtulos 4, 5, 6 e 7 do livro serviam, ent\u00e3o, de roteiro did\u00e1tico. Seguiam-se as aulas te\u00f3ricas com o estudo das estruturas, fun\u00e7\u00f5es e correla\u00e7\u00f5es anatomocl\u00ednicas. Em uma nova etapa, o livro continuava como o apoio did\u00e1tico. Esta 4\u00aa edi\u00e7\u00e3o conta com a revis\u00e3o e atualiza\u00e7\u00e3o da Dra. L\u00facia Machado Haertel, filha do Professor Angelo Machado. \u00c9 neurologista infantil. Seguem as principais revis\u00f5es e atualiza\u00e7\u00f5es: Neuroci\u00eancia \u2013 est\u00e3o inclu\u00eddas as mais recentes descobertas, os seus efeitos funcionais e as intera\u00e7\u00f5es com a Neuroanatomia. Neuroimagem \u2013 novas imagens. A resson\u00e2ncia magn\u00e9tica \u00e9 o foco da atualiza\u00e7\u00e3o. Estudam-se as suas varia\u00e7\u00f5es no sistema nervoso normal e as altera\u00e7\u00f5es. Correla\u00e7\u00f5es anatomocl\u00ednicas \u2013 o estudo \u00e9 feito por meio de exemplos did\u00e1ticos. Com esse recurso, obt\u00e9m-se o melhor aprendizado. Terminologia anat\u00f4mica \u2013 redefini\u00e7\u00e3o e atualiza\u00e7\u00e3o. Tem por base a terminologia oficial da Academia Brasileira de Anatomia. Alguns voc\u00e1bulos latinos foram traduzidos para o portugu\u00eas. Neuroanatomia Funcional, 4\u00aa edi\u00e7\u00e3o, apresenta 32 cap\u00edtulos, em um total de 352 p\u00e1ginas. O \u00faltimo cap\u00edtulo \u00e9 um importante atlas de sec\u00e7\u00f5es do c\u00e9rebro. Permite a visualiza\u00e7\u00e3o das estruturas e as suas rela\u00e7\u00f5es topogr\u00e1ficas. O livro destina-se a estudantes das Ci\u00eancias da Sa\u00fade, Neurologistas e Neurocirurgi\u00f5es interessados na revis\u00e3o e na reciclagem dos seus conhecimentos.<br \/>\nLeia menos<\/p>\n","protected":false},"excerpt":{"rendered":"<p>Neuroanatomia Funcional alcan\u00e7a a sua 4\u00aa edi\u00e7\u00e3o, integralmente revista e atualizada. A obra \u00e9 nacionalmente conhecida e adotada pelos cursos das Ci\u00eancias da Sa\u00fade das principais faculdades do nosso pa\u00eds. A did\u00e1tica criativa do autor, o Professor Angelo Machado, revolucionou o ensino de Neuroanatomia. Vale a pena descrever os seus principais pontos de ensino: Inicialmente,&hellip;&nbsp;<a href=\"https:\/\/livrariadocampus.com.br\/loja\/produto\/machado-neuroanatomia-funcional-4-edicao-capa-comum-2022-lancamento\/\" class=\"\" rel=\"bookmark\">Continue a ler &raquo;<span class=\"screen-reader-text\">MACHADO Neuroanatomia Funcional &#8211; 4 edi\u00e7\u00e3o Capa comum \u2013  2022 LAN\u00c7AMENTO<\/span><\/a><\/p>\n","protected":false},"featured_media":6983,"template":"","meta":{"neve_meta_sidebar":"","neve_meta_container":"","neve_meta_enable_content_width":"off","neve_meta_content_width":100,"neve_meta_title_alignment":"","neve_meta_author_avatar":"","neve_post_elements_order":"","neve_meta_disable_header":"","neve_meta_disable_footer":"","neve_meta_disable_title":"","_joinchat":[]},"product_brand":[],"product_cat":[126,111],"product_tag":[],"class_list":{"0":"post-6982","1":"product","2":"type-product","3":"status-publish","4":"has-post-thumbnail","6":"product_cat-anatomia-embriologia-histologi","7":"product_cat-neurologia","9":"first","10":"instock","11":"sold-individually","12":"shipping-taxable","13":"purchasable","14":"product-type-simple"},"jetpack_sharing_enabled":true,"_links":{"self":[{"href":"https:\/\/livrariadocampus.com.br\/loja\/wp-json\/wp\/v2\/product\/6982","targetHints":{"allow":["GET"]}}],"collection":[{"href":"https:\/\/livrariadocampus.com.br\/loja\/wp-json\/wp\/v2\/product"}],"about":[{"href":"https:\/\/livrariadocampus.com.br\/loja\/wp-json\/wp\/v2\/types\/product"}],"wp:featuredmedia":[{"embeddable":true,"href":"https:\/\/livrariadocampus.com.br\/loja\/wp-json\/wp\/v2\/media\/6983"}],"wp:attachment":[{"href":"https:\/\/livrariadocampus.com.br\/loja\/wp-json\/wp\/v2\/media?parent=6982"}],"wp:term":[{"taxonomy":"product_brand","embeddable":true,"href":"https:\/\/livrariadocampus.com.br\/loja\/wp-json\/wp\/v2\/product_brand?post=6982"},{"taxonomy":"product_cat","embeddable":true,"href":"https:\/\/livrariadocampus.com.br\/loja\/wp-json\/wp\/v2\/product_cat?post=6982"},{"taxonomy":"product_tag","embeddable":true,"href":"https:\/\/livrariadocampus.com.br\/loja\/wp-json\/wp\/v2\/product_tag?post=6982"}],"curies":[{"name":"wp","href":"https:\/\/api.w.org\/{rel}","templated":true}]}}