{"id":6970,"date":"2023-06-16T13:23:52","date_gmt":"2023-06-16T16:23:52","guid":{"rendered":"https:\/\/livrariadocampus.com.br\/loja\/?post_type=product&#038;p=6970"},"modified":"2023-06-21T14:37:51","modified_gmt":"2023-06-21T17:37:51","slug":"entre-a-ciencia-e-a-experiencia-uma-cartografia-do-autocuidado-no-diabetes-2009","status":"publish","type":"product","link":"https:\/\/livrariadocampus.com.br\/loja\/produto\/entre-a-ciencia-e-a-experiencia-uma-cartografia-do-autocuidado-no-diabetes-2009\/","title":{"rendered":"Entre a ci\u00eancia e a experi\u00eancia: Uma cartografia do autocuidado no diabetes  2009"},"content":{"rendered":"<p>Obra original resultante de estudo interdisciplinar que apresenta os &#8220;saberes da experi\u00eancia&#8221; produzidos no cuidado-de-si por portadores de diabetes mellitus. A riqueza destes conhecimentos pr\u00e1ticos \u00e9 contrastada com as compet\u00eancias requeridas para o autocuidado, estabelecidas por especialistas, enquanto um olhar da Ci\u00eancia e da Cl\u00ednica. O autor discute que a complexidade do cuidado de condi\u00e7\u00f5es de cronicidade, como o diabetes, requer um constante di\u00e1logo entre estes saberes da experi\u00eancia e o conhecimento t\u00e9cnico-cient\u00edfico.<\/p>\n","protected":false},"excerpt":{"rendered":"<p>Obra original resultante de estudo interdisciplinar que apresenta os &#8220;saberes da experi\u00eancia&#8221; produzidos no cuidado-de-si por portadores de diabetes mellitus. A riqueza destes conhecimentos pr\u00e1ticos \u00e9 contrastada com as compet\u00eancias requeridas para o autocuidado, estabelecidas por especialistas, enquanto um olhar da Ci\u00eancia e da Cl\u00ednica. O autor discute que a complexidade do cuidado de condi\u00e7\u00f5es&hellip;&nbsp;<a href=\"https:\/\/livrariadocampus.com.br\/loja\/produto\/entre-a-ciencia-e-a-experiencia-uma-cartografia-do-autocuidado-no-diabetes-2009\/\" class=\"\" rel=\"bookmark\">Continue a ler &raquo;<span class=\"screen-reader-text\">Entre a ci\u00eancia e a experi\u00eancia: Uma cartografia do autocuidado no diabetes  2009<\/span><\/a><\/p>\n","protected":false},"featured_media":6971,"template":"","meta":{"neve_meta_sidebar":"","neve_meta_container":"","neve_meta_enable_content_width":"off","neve_meta_content_width":100,"neve_meta_title_alignment":"","neve_meta_author_avatar":"","neve_post_elements_order":"","neve_meta_disable_header":"","neve_meta_disable_footer":"","neve_meta_disable_title":"","_joinchat":[]},"product_brand":[],"product_cat":[249,250],"product_tag":[],"class_list":{"0":"post-6970","1":"product","2":"type-product","3":"status-publish","4":"has-post-thumbnail","6":"product_cat-literatura-geral","7":"product_cat-promocao","9":"first","10":"instock","11":"sale","12":"sold-individually","13":"shipping-taxable","14":"purchasable","15":"product-type-simple"},"jetpack_sharing_enabled":true,"_links":{"self":[{"href":"https:\/\/livrariadocampus.com.br\/loja\/wp-json\/wp\/v2\/product\/6970","targetHints":{"allow":["GET"]}}],"collection":[{"href":"https:\/\/livrariadocampus.com.br\/loja\/wp-json\/wp\/v2\/product"}],"about":[{"href":"https:\/\/livrariadocampus.com.br\/loja\/wp-json\/wp\/v2\/types\/product"}],"wp:featuredmedia":[{"embeddable":true,"href":"https:\/\/livrariadocampus.com.br\/loja\/wp-json\/wp\/v2\/media\/6971"}],"wp:attachment":[{"href":"https:\/\/livrariadocampus.com.br\/loja\/wp-json\/wp\/v2\/media?parent=6970"}],"wp:term":[{"taxonomy":"product_brand","embeddable":true,"href":"https:\/\/livrariadocampus.com.br\/loja\/wp-json\/wp\/v2\/product_brand?post=6970"},{"taxonomy":"product_cat","embeddable":true,"href":"https:\/\/livrariadocampus.com.br\/loja\/wp-json\/wp\/v2\/product_cat?post=6970"},{"taxonomy":"product_tag","embeddable":true,"href":"https:\/\/livrariadocampus.com.br\/loja\/wp-json\/wp\/v2\/product_tag?post=6970"}],"curies":[{"name":"wp","href":"https:\/\/api.w.org\/{rel}","templated":true}]}}