{"id":6949,"date":"2023-06-15T15:47:47","date_gmt":"2023-06-15T18:47:47","guid":{"rendered":"https:\/\/livrariadocampus.com.br\/loja\/?post_type=product&#038;p=6949"},"modified":"2024-03-26T16:38:04","modified_gmt":"2024-03-26T19:38:04","slug":"nelson-textbook-of-pediatrics-expert-consult-premium-edition-enhanced-online-features-and-print-capa-dura-2011-edicao-ingles-por-robert-m-kliegman-autor-bonita-m-d-stanton-autor","status":"publish","type":"product","link":"https:\/\/livrariadocampus.com.br\/loja\/produto\/nelson-textbook-of-pediatrics-expert-consult-premium-edition-enhanced-online-features-and-print-capa-dura-2011-edicao-ingles-por-robert-m-kliegman-autor-bonita-m-d-stanton-autor\/","title":{"rendered":"Nelson Textbook of Pediatrics: Expert Consult Premium Edition -\u20132011 Edi\u00e7\u00e3o Ingl\u00eas  por Robert M. Kliegman (Autor), 19 ED."},"content":{"rendered":"<p>Nelson Textbook of Pediatrics has been the world&#8217;s most trusted pediatrics resource for nearly 75 years. Drs. Robert Kliegman, Bonita Stanton, Richard Behrman, and two new editors- Drs. Joseph St. Geme and Nina Schor- continue to provide the most authoritative coverage of the best approaches to care. This streamlined new edition covers the latest on genetics, neurology, infectious disease, melamine poisoning, sexual identity and adolescent homosexuality, psychosis associated with epilepsy, and more.<br \/>\n   Relatar informa\u00e7\u00f5es incorretas sobre o pro<\/p>\n","protected":false},"excerpt":{"rendered":"<p>Nelson Textbook of Pediatrics has been the world&#8217;s most trusted pediatrics resource for nearly 75 years. Drs. Robert Kliegman, Bonita Stanton, Richard Behrman, and two new editors- Drs. Joseph St. Geme and Nina Schor- continue to provide the most authoritative coverage of the best approaches to care. This streamlined new edition covers the latest on&hellip;&nbsp;<a href=\"https:\/\/livrariadocampus.com.br\/loja\/produto\/nelson-textbook-of-pediatrics-expert-consult-premium-edition-enhanced-online-features-and-print-capa-dura-2011-edicao-ingles-por-robert-m-kliegman-autor-bonita-m-d-stanton-autor\/\" class=\"\" rel=\"bookmark\">Continue a ler &raquo;<span class=\"screen-reader-text\">Nelson Textbook of Pediatrics: Expert Consult Premium Edition -\u20132011 Edi\u00e7\u00e3o Ingl\u00eas  por Robert M. Kliegman (Autor), 19 ED.<\/span><\/a><\/p>\n","protected":false},"featured_media":6950,"template":"","meta":{"neve_meta_sidebar":"","neve_meta_container":"","neve_meta_enable_content_width":"off","neve_meta_content_width":100,"neve_meta_title_alignment":"","neve_meta_author_avatar":"","neve_post_elements_order":"","neve_meta_disable_header":"","neve_meta_disable_footer":"","neve_meta_disable_title":"","_joinchat":[]},"product_brand":[],"product_cat":[56,250],"product_tag":[],"class_list":{"0":"post-6949","1":"product","2":"type-product","3":"status-publish","4":"has-post-thumbnail","6":"product_cat-pediatria","7":"product_cat-promocao","9":"first","10":"instock","11":"sale","12":"sold-individually","13":"shipping-taxable","14":"purchasable","15":"product-type-simple"},"jetpack_sharing_enabled":true,"_links":{"self":[{"href":"https:\/\/livrariadocampus.com.br\/loja\/wp-json\/wp\/v2\/product\/6949","targetHints":{"allow":["GET"]}}],"collection":[{"href":"https:\/\/livrariadocampus.com.br\/loja\/wp-json\/wp\/v2\/product"}],"about":[{"href":"https:\/\/livrariadocampus.com.br\/loja\/wp-json\/wp\/v2\/types\/product"}],"wp:featuredmedia":[{"embeddable":true,"href":"https:\/\/livrariadocampus.com.br\/loja\/wp-json\/wp\/v2\/media\/6950"}],"wp:attachment":[{"href":"https:\/\/livrariadocampus.com.br\/loja\/wp-json\/wp\/v2\/media?parent=6949"}],"wp:term":[{"taxonomy":"product_brand","embeddable":true,"href":"https:\/\/livrariadocampus.com.br\/loja\/wp-json\/wp\/v2\/product_brand?post=6949"},{"taxonomy":"product_cat","embeddable":true,"href":"https:\/\/livrariadocampus.com.br\/loja\/wp-json\/wp\/v2\/product_cat?post=6949"},{"taxonomy":"product_tag","embeddable":true,"href":"https:\/\/livrariadocampus.com.br\/loja\/wp-json\/wp\/v2\/product_tag?post=6949"}],"curies":[{"name":"wp","href":"https:\/\/api.w.org\/{rel}","templated":true}]}}