{"id":6943,"date":"2023-06-15T13:29:01","date_gmt":"2023-06-15T16:29:01","guid":{"rendered":"https:\/\/livrariadocampus.com.br\/loja\/?post_type=product&#038;p=6943"},"modified":"2024-09-23T15:55:48","modified_gmt":"2024-09-23T18:55:48","slug":"radiologia-diagnostica-pratica-capa-dura-2022-por-luciana-zattar-editor-publio-cesar-cavalcante-viana-editor-giovanni-guido-cerri-lancamento","status":"publish","type":"product","link":"https:\/\/livrariadocampus.com.br\/loja\/produto\/radiologia-diagnostica-pratica-capa-dura-2022-por-luciana-zattar-editor-publio-cesar-cavalcante-viana-editor-giovanni-guido-cerri-lancamento\/","title":{"rendered":"Radiologia diagn\u00f3stica pr\u00e1tica Capa dura \u2013 2022 por Luciana Zattar (Editor), P\u00fablio Cesar Cavalcante Viana (Editor), Giovanni Guido Cerri LAN\u00c7AMENTO"},"content":{"rendered":"<p>\u2022 Exp\u00f5e o conte\u00fado de maneira pr\u00e1tica, em linguagem simples e objetiva, organizado em t\u00f3picos que facilitam o aprendizado e a consulta.<br \/>\n\u2022 Descreve os princ\u00edpios f\u00edsicos b\u00e1sicos de cada m\u00e9todo de imagem, incluindo radiografia simples, tomografia computadorizada, resson\u00e2ncia magn\u00e9tica e suas sequ\u00eancias, bem como os exames de Medicina Nuclear.<br \/>\n\u2022 Aborda tanto a anatomia e os achados normais aos exames de imagem quanto o diagn\u00f3stico das principais afec\u00e7\u00f5es das diversas \u00e1reas de atua\u00e7\u00e3o da Radiologia, incluindo altera\u00e7\u00f5es subcl\u00ednicas e apresenta\u00e7\u00f5es raras e pouco conhecidas.<br \/>\n\u2022 Aborda diagn\u00f3sticos diferenciais de doen\u00e7as cong\u00eanitas a adquiridas, e les\u00f5es benignas e malignas de todos os \u00f3rg\u00e3os e sistemas do corpo, com correla\u00e7\u00e3o cl\u00ednico-radiol\u00f3gica.<br \/>\n\u2022 Apresenta conte\u00fado atualizado de acordo com as mais recentes diretrizes internacionais.<br \/>\n\u2022 \u00c9 ricamente ilustrado com mais de 2.400 figuras, incluindo esquemas e imagens de exames dos diferentes m\u00e9todos que comp\u00f5em a proped\u00eautica radiol\u00f3gica.<br \/>\n\u2022 Possui plataforma digital exclusiva com v\u00eddeos de exames que auxiliam na assimila\u00e7\u00e3o do conte\u00fado.<\/p>\n<p>Leia mais<\/p>\n","protected":false},"excerpt":{"rendered":"<p>\u2022 Exp\u00f5e o conte\u00fado de maneira pr\u00e1tica, em linguagem simples e objetiva, organizado em t\u00f3picos que facilitam o aprendizado e a consulta. \u2022 Descreve os princ\u00edpios f\u00edsicos b\u00e1sicos de cada m\u00e9todo de imagem, incluindo radiografia simples, tomografia computadorizada, resson\u00e2ncia magn\u00e9tica e suas sequ\u00eancias, bem como os exames de Medicina Nuclear. \u2022 Aborda tanto a anatomia&hellip;&nbsp;<a href=\"https:\/\/livrariadocampus.com.br\/loja\/produto\/radiologia-diagnostica-pratica-capa-dura-2022-por-luciana-zattar-editor-publio-cesar-cavalcante-viana-editor-giovanni-guido-cerri-lancamento\/\" class=\"\" rel=\"bookmark\">Continue a ler &raquo;<span class=\"screen-reader-text\">Radiologia diagn\u00f3stica pr\u00e1tica Capa dura \u2013 2022 por Luciana Zattar (Editor), P\u00fablio Cesar Cavalcante Viana (Editor), Giovanni Guido Cerri LAN\u00c7AMENTO<\/span><\/a><\/p>\n","protected":false},"featured_media":6944,"template":"","meta":{"neve_meta_sidebar":"","neve_meta_container":"","neve_meta_enable_content_width":"off","neve_meta_content_width":100,"neve_meta_title_alignment":"","neve_meta_author_avatar":"","neve_post_elements_order":"","neve_meta_disable_header":"","neve_meta_disable_footer":"","neve_meta_disable_title":"","_joinchat":[]},"product_brand":[],"product_cat":[25,250,206],"product_tag":[298],"class_list":{"0":"post-6943","1":"product","2":"type-product","3":"status-publish","4":"has-post-thumbnail","6":"product_cat-lancamentos","7":"product_cat-promocao","8":"product_cat-radiologia","9":"product_tag-298","11":"first","12":"instock","13":"sold-individually","14":"shipping-taxable","15":"purchasable","16":"product-type-simple"},"jetpack_sharing_enabled":true,"_links":{"self":[{"href":"https:\/\/livrariadocampus.com.br\/loja\/wp-json\/wp\/v2\/product\/6943","targetHints":{"allow":["GET"]}}],"collection":[{"href":"https:\/\/livrariadocampus.com.br\/loja\/wp-json\/wp\/v2\/product"}],"about":[{"href":"https:\/\/livrariadocampus.com.br\/loja\/wp-json\/wp\/v2\/types\/product"}],"wp:featuredmedia":[{"embeddable":true,"href":"https:\/\/livrariadocampus.com.br\/loja\/wp-json\/wp\/v2\/media\/6944"}],"wp:attachment":[{"href":"https:\/\/livrariadocampus.com.br\/loja\/wp-json\/wp\/v2\/media?parent=6943"}],"wp:term":[{"taxonomy":"product_brand","embeddable":true,"href":"https:\/\/livrariadocampus.com.br\/loja\/wp-json\/wp\/v2\/product_brand?post=6943"},{"taxonomy":"product_cat","embeddable":true,"href":"https:\/\/livrariadocampus.com.br\/loja\/wp-json\/wp\/v2\/product_cat?post=6943"},{"taxonomy":"product_tag","embeddable":true,"href":"https:\/\/livrariadocampus.com.br\/loja\/wp-json\/wp\/v2\/product_tag?post=6943"}],"curies":[{"name":"wp","href":"https:\/\/api.w.org\/{rel}","templated":true}]}}