{"id":6831,"date":"2023-06-12T11:22:12","date_gmt":"2023-06-12T14:22:12","guid":{"rendered":"https:\/\/livrariadocampus.com.br\/loja\/?post_type=product&#038;p=6831"},"modified":"2024-08-01T11:13:30","modified_gmt":"2024-08-01T14:13:30","slug":"nutrologia-em-medicina-interna-suas-interfaces-c2022","status":"publish","type":"product","link":"https:\/\/livrariadocampus.com.br\/loja\/produto\/nutrologia-em-medicina-interna-suas-interfaces-c2022\/","title":{"rendered":"Nutrologia em Medicina Interna &#8211; Suas Interfaces C2022"},"content":{"rendered":"<p>Nutrologia em Medicina Interna \u2013 Suas Interfaces inaugura a promissora S\u00e9rie Nutrologia. A S\u00e9rie Nutrologia tem o patroc\u00ednio institucional da Associa\u00e7\u00e3o Brasileira de Nutrologia (ABRAN). Nutrientes atuam e preservam a morfologia, a fisiologia e os sistemas end\u00f3crinos e metab\u00f3licos do corpo humano. S\u00e3o essenciais. \u00c1gua, carboidratos, prote\u00ednas, lip\u00eddios, eletr\u00f3litos e vitaminas s\u00e3o alguns deles. Sua falta, ingesta excessiva, desequil\u00edbrio, ou mesmo, por efeitos de doen\u00e7as hep\u00e1ticas, renais e outras, conduzem \u00e0s chamadas doen\u00e7as relacionadas a nutrientes. \u00c9 desta interse\u00e7\u00e3o \u2013 Nutrientes e Medicina Interna e Medicina Interna e Nutrientes \u2013 que nasce o presente trabalho. Contempla nutr\u00f3logos e cl\u00ednicos. Rico em aspectos epidemiol\u00f3gicos, fisiopatol\u00f3gicos, diagn\u00f3sticos e terap\u00eauticos. Nutrologia em Medicina Interna \u2013 Suas Interfaces apresenta 2 Editores, 143 Colaboradores, 37 Se\u00e7\u00f5es, 176 Cap\u00edtulos, em um total de 688 p\u00e1ginas. O livro tem como p\u00fablico-alvo Nutr\u00f3logos, Nutricionistas, Cl\u00ednicos e todo profissional de sa\u00fade interessado em estudar interfaces entre nutrientes e doen\u00e7as.<br \/>\nLeia <\/p>\n","protected":false},"excerpt":{"rendered":"<p>Nutrologia em Medicina Interna \u2013 Suas Interfaces inaugura a promissora S\u00e9rie Nutrologia. A S\u00e9rie Nutrologia tem o patroc\u00ednio institucional da Associa\u00e7\u00e3o Brasileira de Nutrologia (ABRAN). Nutrientes atuam e preservam a morfologia, a fisiologia e os sistemas end\u00f3crinos e metab\u00f3licos do corpo humano. S\u00e3o essenciais. \u00c1gua, carboidratos, prote\u00ednas, lip\u00eddios, eletr\u00f3litos e vitaminas s\u00e3o alguns deles. Sua&hellip;&nbsp;<a href=\"https:\/\/livrariadocampus.com.br\/loja\/produto\/nutrologia-em-medicina-interna-suas-interfaces-c2022\/\" class=\"\" rel=\"bookmark\">Continue a ler &raquo;<span class=\"screen-reader-text\">Nutrologia em Medicina Interna &#8211; Suas Interfaces C2022<\/span><\/a><\/p>\n","protected":false},"featured_media":6832,"template":"","meta":{"neve_meta_sidebar":"","neve_meta_container":"","neve_meta_enable_content_width":"off","neve_meta_content_width":100,"neve_meta_title_alignment":"","neve_meta_author_avatar":"","neve_post_elements_order":"","neve_meta_disable_header":"","neve_meta_disable_footer":"","neve_meta_disable_title":"","_joinchat":[]},"product_brand":[],"product_cat":[58,25,254,154],"product_tag":[280],"class_list":{"0":"post-6831","1":"product","2":"type-product","3":"status-publish","4":"has-post-thumbnail","6":"product_cat-clinica-medica","7":"product_cat-lancamentos","8":"product_cat-nutricao-e-parenteral","9":"product_cat-nutricao-e-tecnologia-de-alime","10":"product_tag-280","12":"first","13":"instock","14":"sale","15":"shipping-taxable","16":"purchasable","17":"product-type-simple"},"jetpack_sharing_enabled":true,"_links":{"self":[{"href":"https:\/\/livrariadocampus.com.br\/loja\/wp-json\/wp\/v2\/product\/6831","targetHints":{"allow":["GET"]}}],"collection":[{"href":"https:\/\/livrariadocampus.com.br\/loja\/wp-json\/wp\/v2\/product"}],"about":[{"href":"https:\/\/livrariadocampus.com.br\/loja\/wp-json\/wp\/v2\/types\/product"}],"wp:featuredmedia":[{"embeddable":true,"href":"https:\/\/livrariadocampus.com.br\/loja\/wp-json\/wp\/v2\/media\/6832"}],"wp:attachment":[{"href":"https:\/\/livrariadocampus.com.br\/loja\/wp-json\/wp\/v2\/media?parent=6831"}],"wp:term":[{"taxonomy":"product_brand","embeddable":true,"href":"https:\/\/livrariadocampus.com.br\/loja\/wp-json\/wp\/v2\/product_brand?post=6831"},{"taxonomy":"product_cat","embeddable":true,"href":"https:\/\/livrariadocampus.com.br\/loja\/wp-json\/wp\/v2\/product_cat?post=6831"},{"taxonomy":"product_tag","embeddable":true,"href":"https:\/\/livrariadocampus.com.br\/loja\/wp-json\/wp\/v2\/product_tag?post=6831"}],"curies":[{"name":"wp","href":"https:\/\/api.w.org\/{rel}","templated":true}]}}