{"id":6819,"date":"2023-06-09T14:10:39","date_gmt":"2023-06-09T17:10:39","guid":{"rendered":"https:\/\/livrariadocampus.com.br\/loja\/?post_type=product&#038;p=6819"},"modified":"2024-09-30T16:15:17","modified_gmt":"2024-09-30T19:15:17","slug":"pronto-socorro-em-pediatria-usp-4-edicao-2023","status":"publish","type":"product","link":"https:\/\/livrariadocampus.com.br\/loja\/produto\/pronto-socorro-em-pediatria-usp-4-edicao-2023\/","title":{"rendered":"Pronto-Socorro EM PEDIATRIA USP 4 EDI\u00c7\u00c3O  2023 &#8211; LAN\u00c7AMENTO PROMO\u00c7\u00c3O"},"content":{"rendered":"<p>A Cole\u00e7\u00e3o Pediatria do Instituto da Crian\u00e7a e do Adolescente (ICr) do HCFMUSP traz a experi\u00eancia acumulada durante seus mais de 45 anos de exist\u00eancia nas especialidades pedi\u00e1tricas exercidas na Institui\u00e7\u00e3o, bem como os resultados de sua produ\u00e7\u00e3o cient\u00edfica. Conta tamb\u00e9m com a valiosa contribui\u00e7\u00e3o de especialistas de todo o Complexo Hospital das Cl\u00ednicas da FMUSP e de outras renomadas institui\u00e7\u00f5es do pa\u00eds.<br \/>\nAp\u00f3s 3 edi\u00e7\u00f5es, 14 anos e mais de 20 mil exemplares vendidos em todo o Brasil, a quarta edi\u00e7\u00e3o de Pronto-Socorro foi atualizada e ampliada, abordando os desafios de um pronto-socorro de pediatria, aprimorando o conte\u00fado das edi\u00e7\u00f5es anteriores e trazendo os seguintes destaques:<br \/>\n\u2022 Contempla os temas fundamentais para o emergencista, como parada cardiorrespirat\u00f3ria, emerg\u00eancias al\u00e9rgicas, insufici\u00eancia respirat\u00f3ria, entre muitos outros, apresentando os conceitos de uma maneira did\u00e1tica, pr\u00e1tica e objetiva.<br \/>\n\u2022 Inser\u00e7\u00e3o de novos temas, como Covid e suas nuances no paciente pedi\u00e1trico, o avan\u00e7o da ultrassonografia \u00e0 beira do leito e seu impacto no atendimento do paciente grave, o uso de videolaringosc\u00f3pio na sala de emerg\u00eancia, telemedicina, \u00e9tica e humanismo.<br \/>\n\u2022 Demonstra a emerg\u00eancia pedi\u00e1trica dentro de seus v\u00e1rios n\u00edveis de complexidade, tornando-se mais uma ferramenta de integra\u00e7\u00e3o entre o subespecialista pedi\u00e1trico, o intensivista e o emergencista.<br \/>\nEscrito pelos mais renomados especialistas, o livro colabora na melhora da qualidade da aten\u00e7\u00e3o \u00e0 crian\u00e7a e ao adolescente que procuram um servi\u00e7o de emerg\u00eancia pedi\u00e1trica.<br \/>\nAlmeja continuar a ser companheiro de plant\u00e3o de pediatras em unidades de pronto atendimento e pronto-socorro em todo<\/p>\n","protected":false},"excerpt":{"rendered":"<p>A Cole\u00e7\u00e3o Pediatria do Instituto da Crian\u00e7a e do Adolescente (ICr) do HCFMUSP traz a experi\u00eancia acumulada durante seus mais de 45 anos de exist\u00eancia nas especialidades pedi\u00e1tricas exercidas na Institui\u00e7\u00e3o, bem como os resultados de sua produ\u00e7\u00e3o cient\u00edfica. Conta tamb\u00e9m com a valiosa contribui\u00e7\u00e3o de especialistas de todo o Complexo Hospital das Cl\u00ednicas da&hellip;&nbsp;<a href=\"https:\/\/livrariadocampus.com.br\/loja\/produto\/pronto-socorro-em-pediatria-usp-4-edicao-2023\/\" class=\"\" rel=\"bookmark\">Continue a ler &raquo;<span class=\"screen-reader-text\">Pronto-Socorro EM PEDIATRIA USP 4 EDI\u00c7\u00c3O  2023 &#8211; LAN\u00c7AMENTO PROMO\u00c7\u00c3O<\/span><\/a><\/p>\n","protected":false},"featured_media":6816,"template":"","meta":{"neve_meta_sidebar":"","neve_meta_container":"","neve_meta_enable_content_width":"off","neve_meta_content_width":100,"neve_meta_title_alignment":"","neve_meta_author_avatar":"","neve_post_elements_order":"","neve_meta_disable_header":"","neve_meta_disable_footer":"","neve_meta_disable_title":"","_joinchat":[]},"product_brand":[],"product_cat":[15,25,56,182,76],"product_tag":[],"class_list":{"0":"post-6819","1":"product","2":"type-product","3":"status-publish","4":"has-post-thumbnail","6":"product_cat-outros","7":"product_cat-lancamentos","8":"product_cat-pediatria","9":"product_cat-pediatria-neonatologia","10":"product_cat-pediatria-neonatologia-pediatria-neonatologia","12":"first","13":"instock","14":"sale","15":"shipping-taxable","16":"purchasable","17":"product-type-simple"},"jetpack_sharing_enabled":true,"_links":{"self":[{"href":"https:\/\/livrariadocampus.com.br\/loja\/wp-json\/wp\/v2\/product\/6819","targetHints":{"allow":["GET"]}}],"collection":[{"href":"https:\/\/livrariadocampus.com.br\/loja\/wp-json\/wp\/v2\/product"}],"about":[{"href":"https:\/\/livrariadocampus.com.br\/loja\/wp-json\/wp\/v2\/types\/product"}],"wp:featuredmedia":[{"embeddable":true,"href":"https:\/\/livrariadocampus.com.br\/loja\/wp-json\/wp\/v2\/media\/6816"}],"wp:attachment":[{"href":"https:\/\/livrariadocampus.com.br\/loja\/wp-json\/wp\/v2\/media?parent=6819"}],"wp:term":[{"taxonomy":"product_brand","embeddable":true,"href":"https:\/\/livrariadocampus.com.br\/loja\/wp-json\/wp\/v2\/product_brand?post=6819"},{"taxonomy":"product_cat","embeddable":true,"href":"https:\/\/livrariadocampus.com.br\/loja\/wp-json\/wp\/v2\/product_cat?post=6819"},{"taxonomy":"product_tag","embeddable":true,"href":"https:\/\/livrariadocampus.com.br\/loja\/wp-json\/wp\/v2\/product_tag?post=6819"}],"curies":[{"name":"wp","href":"https:\/\/api.w.org\/{rel}","templated":true}]}}