{"id":6781,"date":"2023-06-07T17:58:56","date_gmt":"2023-06-07T20:58:56","guid":{"rendered":"https:\/\/livrariadocampus.com.br\/loja\/?post_type=product&#038;p=6781"},"modified":"2023-06-09T14:32:21","modified_gmt":"2023-06-09T17:32:21","slug":"cuidado-integral-do-recem-nascido-capa-dura-2023-por-leandro-meirelles-nunes-autor","status":"publish","type":"product","link":"https:\/\/livrariadocampus.com.br\/loja\/produto\/cuidado-integral-do-recem-nascido-capa-dura-2023-por-leandro-meirelles-nunes-autor\/","title":{"rendered":"Cuidado Integral do Rec\u00e9m- Nascido Capa dura &#8211; 2023 por Leandro Meirelles Nunes (Autor)"},"content":{"rendered":"<p>&gt;<br \/>\nclass=&#8221;a-expander-content a-expander-partial-collapse-content&#8221;&gt;uidado Integral do Rec\u00e9m-nascido: Preven\u00e7\u00e3o e Condutas Terap\u00eauticas. Essa 2a. Edi\u00e7\u00e3o apresenta de maneira concisa e clara os temas relevantes para o cuidado neonatal, sendo uma importante fonte de informa\u00e7\u00e3o para profissionais e estudantes. A obra abrange desde o papel do pediatra como educador\/puericultor nos per\u00edodos pr\u00e9- e p\u00f3s-natal at\u00e9 as condutas preventivas e terap\u00eauticas diante das principais afec\u00e7\u00f5es que acometem o rec\u00e9m-nascido no per\u00edodo neonatal e nos primeiros meses de vida<\/p>\n","protected":false},"excerpt":{"rendered":"<p><img fetchpriority=\"high\" decoding=\"async\" class=\"alignnone size-medium wp-image-6782\" src=\"https:\/\/livrariadocampus.com.br\/loja\/wp-content\/uploads\/2023\/06\/311MwKxGSmL._SY498_BO1204203200_-300x300.jpg\" alt=\"\" width=\"300\" height=\"300\" srcset=\"https:\/\/livrariadocampus.com.br\/loja\/wp-content\/uploads\/2023\/06\/311MwKxGSmL._SY498_BO1204203200_-300x300.jpg 300w, https:\/\/livrariadocampus.com.br\/loja\/wp-content\/uploads\/2023\/06\/311MwKxGSmL._SY498_BO1204203200_-100x100.jpg 100w, https:\/\/livrariadocampus.com.br\/loja\/wp-content\/uploads\/2023\/06\/311MwKxGSmL._SY498_BO1204203200_-120x120.jpg 120w, https:\/\/livrariadocampus.com.br\/loja\/wp-content\/uploads\/2023\/06\/311MwKxGSmL._SY498_BO1204203200_-150x150.jpg 150w, https:\/\/livrariadocampus.com.br\/loja\/wp-content\/uploads\/2023\/06\/311MwKxGSmL._SY498_BO1204203200_.jpg 500w\" sizes=\"(max-width: 300px) 100vw, 300px\" \/><\/p>\n","protected":false},"featured_media":6782,"template":"","meta":{"neve_meta_sidebar":"","neve_meta_container":"","neve_meta_enable_content_width":"off","neve_meta_content_width":100,"neve_meta_title_alignment":"","neve_meta_author_avatar":"","neve_post_elements_order":"","neve_meta_disable_header":"","neve_meta_disable_footer":"","neve_meta_disable_title":"","_joinchat":{"view":"yes"}},"product_brand":[],"product_cat":[56,182,76],"product_tag":[271],"class_list":{"0":"post-6781","1":"product","2":"type-product","3":"status-publish","4":"has-post-thumbnail","6":"product_cat-pediatria","7":"product_cat-pediatria-neonatologia","8":"product_cat-pediatria-neonatologia-pediatria-neonatologia","9":"product_tag-271","11":"first","12":"instock","13":"sale","14":"shipping-taxable","15":"purchasable","16":"product-type-simple"},"jetpack_sharing_enabled":true,"_links":{"self":[{"href":"https:\/\/livrariadocampus.com.br\/loja\/wp-json\/wp\/v2\/product\/6781","targetHints":{"allow":["GET"]}}],"collection":[{"href":"https:\/\/livrariadocampus.com.br\/loja\/wp-json\/wp\/v2\/product"}],"about":[{"href":"https:\/\/livrariadocampus.com.br\/loja\/wp-json\/wp\/v2\/types\/product"}],"wp:featuredmedia":[{"embeddable":true,"href":"https:\/\/livrariadocampus.com.br\/loja\/wp-json\/wp\/v2\/media\/6782"}],"wp:attachment":[{"href":"https:\/\/livrariadocampus.com.br\/loja\/wp-json\/wp\/v2\/media?parent=6781"}],"wp:term":[{"taxonomy":"product_brand","embeddable":true,"href":"https:\/\/livrariadocampus.com.br\/loja\/wp-json\/wp\/v2\/product_brand?post=6781"},{"taxonomy":"product_cat","embeddable":true,"href":"https:\/\/livrariadocampus.com.br\/loja\/wp-json\/wp\/v2\/product_cat?post=6781"},{"taxonomy":"product_tag","embeddable":true,"href":"https:\/\/livrariadocampus.com.br\/loja\/wp-json\/wp\/v2\/product_tag?post=6781"}],"curies":[{"name":"wp","href":"https:\/\/api.w.org\/{rel}","templated":true}]}}