{"id":6777,"date":"2023-06-07T17:50:26","date_gmt":"2023-06-07T20:50:26","guid":{"rendered":"https:\/\/livrariadocampus.com.br\/loja\/?post_type=product&#038;p=6777"},"modified":"2023-06-09T14:33:21","modified_gmt":"2023-06-09T17:33:21","slug":"atlas-colorido-e-texto-de-dermatologia-pediatrica-capa-comum-2018","status":"publish","type":"product","link":"https:\/\/livrariadocampus.com.br\/loja\/produto\/atlas-colorido-e-texto-de-dermatologia-pediatrica-capa-comum-2018\/","title":{"rendered":"Atlas Colorido e Texto de Dermatologia Pedi\u00e1trica Capa comum \u2013 2018"},"content":{"rendered":"<p>MAIS DE 350 FOTOGRAFIAS COLORIDAS PARA O DIAGN\u00d3STICO E TRATAMENTO DAS CONDI\u00c7\u00d5ES DERMATOL\u00d3GICAS PEDI\u00c1TRICAS COMUNS E RARASO Atlas Colorido e Texto de Dermatologia Pedi\u00e1trica apresenta fotografias de alt\u00edssima qualidade, detalhadas e em cores, de les\u00f5es cut\u00e2neas em crian\u00e7as, bem como as \u00faltimas recomenda\u00e7\u00f5es para o seu diagn\u00f3stico e tratamento. Trata-se de um aux\u00edlio fundamental para o atendimento, que oferece o conhecimento necess\u00e1rio para avalia\u00e7\u00e3o, diagn\u00f3stico e tratamento com seguran\u00e7a das doen\u00e7as da pele, cabelos e unhas em pacientes pedi\u00e1tricos encontrados em um amplo cen\u00e1rio cl\u00ednico.Para cada doen\u00e7a ou desordem, uma relevante cobertura de:- Epidemiologia- Fisiopatologia- Hist\u00f3ria- Exame f\u00edsico- Diagn\u00f3stico diferencial- Exames laboratoriais- Evolu\u00e7\u00e3o cl\u00ednica e progn\u00f3stico- Tratamento, preven\u00e7\u00e3o e diagn\u00f3stico (com doses pedi\u00e1tricas aprovadas)A Terceira Edi\u00e7\u00e3o do Atlas Colorido e Texto de Dermatologia Pedi\u00e1trica abrange, entre outros temas, dist\u00farbios do sangue e vasos linf\u00e1ticos, infec\u00e7\u00f5es cut\u00e2neas bacterianas, virais e f\u00fangicas, com conte\u00fado completamente atualizado e foco em recomenda\u00e7\u00f5es terap\u00eauticas.<\/p>\n","protected":false},"excerpt":{"rendered":"<p>MAIS DE 350 FOTOGRAFIAS COLORIDAS PARA O DIAGN\u00d3STICO E TRATAMENTO DAS CONDI\u00c7\u00d5ES DERMATOL\u00d3GICAS PEDI\u00c1TRICAS COMUNS E RARASO Atlas Colorido e Texto de Dermatologia Pedi\u00e1trica apresenta fotografias de alt\u00edssima qualidade, detalhadas e em cores, de les\u00f5es cut\u00e2neas em crian\u00e7as, bem como as \u00faltimas recomenda\u00e7\u00f5es para o seu diagn\u00f3stico e tratamento. Trata-se de um aux\u00edlio fundamental para&hellip;&nbsp;<a href=\"https:\/\/livrariadocampus.com.br\/loja\/produto\/atlas-colorido-e-texto-de-dermatologia-pediatrica-capa-comum-2018\/\" class=\"\" rel=\"bookmark\">Continue a ler &raquo;<span class=\"screen-reader-text\">Atlas Colorido e Texto de Dermatologia Pedi\u00e1trica Capa comum \u2013 2018<\/span><\/a><\/p>\n","protected":false},"featured_media":6778,"template":"","meta":{"neve_meta_sidebar":"","neve_meta_container":"","neve_meta_enable_content_width":"off","neve_meta_content_width":100,"neve_meta_title_alignment":"","neve_meta_author_avatar":"","neve_post_elements_order":"","neve_meta_disable_header":"","neve_meta_disable_footer":"","neve_meta_disable_title":"","_joinchat":{"view":"no"}},"product_brand":[],"product_cat":[61,182,76],"product_tag":[269],"class_list":{"0":"post-6777","1":"product","2":"type-product","3":"status-publish","4":"has-post-thumbnail","6":"product_cat-dermatologia","7":"product_cat-pediatria-neonatologia","8":"product_cat-pediatria-neonatologia-pediatria-neonatologia","9":"product_tag-269","11":"first","12":"instock","13":"sale","14":"shipping-taxable","15":"purchasable","16":"product-type-simple"},"jetpack_sharing_enabled":true,"_links":{"self":[{"href":"https:\/\/livrariadocampus.com.br\/loja\/wp-json\/wp\/v2\/product\/6777","targetHints":{"allow":["GET"]}}],"collection":[{"href":"https:\/\/livrariadocampus.com.br\/loja\/wp-json\/wp\/v2\/product"}],"about":[{"href":"https:\/\/livrariadocampus.com.br\/loja\/wp-json\/wp\/v2\/types\/product"}],"wp:featuredmedia":[{"embeddable":true,"href":"https:\/\/livrariadocampus.com.br\/loja\/wp-json\/wp\/v2\/media\/6778"}],"wp:attachment":[{"href":"https:\/\/livrariadocampus.com.br\/loja\/wp-json\/wp\/v2\/media?parent=6777"}],"wp:term":[{"taxonomy":"product_brand","embeddable":true,"href":"https:\/\/livrariadocampus.com.br\/loja\/wp-json\/wp\/v2\/product_brand?post=6777"},{"taxonomy":"product_cat","embeddable":true,"href":"https:\/\/livrariadocampus.com.br\/loja\/wp-json\/wp\/v2\/product_cat?post=6777"},{"taxonomy":"product_tag","embeddable":true,"href":"https:\/\/livrariadocampus.com.br\/loja\/wp-json\/wp\/v2\/product_tag?post=6777"}],"curies":[{"name":"wp","href":"https:\/\/api.w.org\/{rel}","templated":true}]}}