{"id":6385,"date":"2022-05-20T17:21:34","date_gmt":"2022-05-20T20:21:34","guid":{"rendered":"https:\/\/www.livrariadocampus.com.br\/?post_type=product&#038;p=6385"},"modified":"2024-09-23T15:28:49","modified_gmt":"2024-09-23T18:28:49","slug":"pediatria-essencial-1-ed-2022","status":"publish","type":"product","link":"https:\/\/livrariadocampus.com.br\/loja\/produto\/pediatria-essencial-1-ed-2022\/","title":{"rendered":"PEDIATRIA ESSENCIAL 1 ED 2022"},"content":{"rendered":"<ul class=\"product-tabs\">\n<li><a title=\"\" href=\"https:\/\/www.atheneu.com.br\/produto\/pediatria-essencial-2784#product-description\">RESENHA<\/a><\/li>\n<li><a title=\"\" href=\"https:\/\/www.atheneu.com.br\/produto\/pediatria-essencial-2784#product-attributes\">ESPECIFICA\u00c7\u00d5ES T\u00c9CNICAS<\/a><\/li>\n<\/ul>\n<div id=\"product-description\" class=\"product-tab\">\n<div class=\"product-description-text\">\n<p><em>Pediatria Essencial<\/em>\u00a0tem a sua equipe autoral formada por Pediatras da Faculdade Israelita das Ci\u00eancias da Sa\u00fade Albert Einstein. Ocupam tamb\u00e9m posi\u00e7\u00f5es importantes na plataforma de ensino do Hospital Israelita Albert Einstein.<\/p>\n<p>O livro apresenta did\u00e1tica objetiva, clara e com recursos visuais, como boxes, figuras e algoritmos, tudo de modo a transmitir os melhores e mais atuais conhecimentos de Pediatria, que est\u00e3o respaldados por atuais e acreditadas evid\u00eancias.<\/p>\n<p>A did\u00e1tica se segue associando a moderna doutrina pedi\u00e1trica a relevantes experi\u00eancias dos autores \u00e0 beira do leito. Sintetiza, criativamente, a pr\u00e1xis \u00e0 teoria.<\/p>\n<p>Compreende-se, assim, a import\u00e2ncia deste livro para o dia a dia do Pediatra, em seu consult\u00f3rio, ambulat\u00f3rio e em n\u00edvel hospitalar.<\/p>\n<p><em>Pediatria Essencial<\/em>\u00a0apresenta 4 Se\u00e7\u00f5es, 57 Cap\u00edtulos, 1 Bul\u00e1rio, em um total de 1.060 p\u00e1ginas. O Bul\u00e1rio \u00e9 facilitador do estudo farmacol\u00f3gico e terap\u00eautico dos medicamentos mais usuais. Tamb\u00e9m ser\u00e1 de utilidade para a correta prescri\u00e7\u00e3o m\u00e9dica.<\/p>\n<p>Suas Se\u00e7\u00f5es s\u00e3o as seguintes:<\/p>\n<p>1 \u2013 Pediatria Preventiva e Promo\u00e7\u00e3o da Sa\u00fade \u2013 Trata de preven\u00e7\u00f5es da doen\u00e7a e da promo\u00e7\u00e3o da sa\u00fade. S\u00e3o as importantes medidas: nutri\u00e7\u00e3o, atividade F\u00edsica, diagn\u00f3stico de dist\u00farbios de comportamento e de desenvolvimento, imuniza\u00e7\u00e3o, viol\u00eancia e determinantes de sa\u00fade nos primeiros 1.000 dias.<\/p>\n<p>2 \u2013 Pediatria Cl\u00ednica (ou Principais Afec\u00e7\u00f5es Pedi\u00e1tricas) \u2013 Trata das afec\u00e7\u00f5es mais comuns, encontradas na pr\u00e1tica pedi\u00e1trica e de outras que n\u00e3o fazem parte da especialidade, por\u00e9m s\u00e3o abordadas: Ortopedia, Dermatologia e Psiquiatria.<\/p>\n<p>3 \u2013 A Crian\u00e7a Gravemente Doente \u2013 Estuda as urg\u00eancias e emerg\u00eancias pedi\u00e1tricas.<\/p>\n<p>4 \u2013 O Feto e o Rec\u00e9m-Nascido \u2013 Trata do impacto das doen\u00e7as maternas no feto, sua transmiss\u00e3o para a vida extrauterina, cuidados na sala de parto, altera\u00e7\u00f5es metab\u00f3licas e respirat\u00f3rias, entre outras.<\/p>\n<p>O livro apresenta 10 Editores-Organizadores e 120<\/p>\n<\/div>\n<\/div>\n","protected":false},"excerpt":{"rendered":"<p>RESENHA ESPECIFICA\u00c7\u00d5ES T\u00c9CNICAS Pediatria Essencial\u00a0tem a sua equipe autoral formada por Pediatras da Faculdade Israelita das Ci\u00eancias da Sa\u00fade Albert Einstein. Ocupam tamb\u00e9m posi\u00e7\u00f5es importantes na plataforma de ensino do Hospital Israelita Albert Einstein. O livro apresenta did\u00e1tica objetiva, clara e com recursos visuais, como boxes, figuras e algoritmos, tudo de modo a transmitir os&hellip;&nbsp;<a href=\"https:\/\/livrariadocampus.com.br\/loja\/produto\/pediatria-essencial-1-ed-2022\/\" class=\"\" rel=\"bookmark\">Continue a ler &raquo;<span class=\"screen-reader-text\">PEDIATRIA ESSENCIAL 1 ED 2022<\/span><\/a><\/p>\n","protected":false},"featured_media":6388,"template":"","meta":{"neve_meta_sidebar":"","neve_meta_container":"","neve_meta_enable_content_width":"off","neve_meta_content_width":100,"neve_meta_title_alignment":"","neve_meta_author_avatar":"","neve_post_elements_order":"","neve_meta_disable_header":"","neve_meta_disable_footer":"","neve_meta_disable_title":"","_joinchat":[]},"product_brand":[],"product_cat":[25,56,182,76],"product_tag":[],"class_list":{"0":"post-6385","1":"product","2":"type-product","3":"status-publish","4":"has-post-thumbnail","6":"product_cat-lancamentos","7":"product_cat-pediatria","8":"product_cat-pediatria-neonatologia","9":"product_cat-pediatria-neonatologia-pediatria-neonatologia","11":"first","12":"instock","13":"shipping-taxable","14":"purchasable","15":"product-type-simple"},"jetpack_sharing_enabled":true,"_links":{"self":[{"href":"https:\/\/livrariadocampus.com.br\/loja\/wp-json\/wp\/v2\/product\/6385","targetHints":{"allow":["GET"]}}],"collection":[{"href":"https:\/\/livrariadocampus.com.br\/loja\/wp-json\/wp\/v2\/product"}],"about":[{"href":"https:\/\/livrariadocampus.com.br\/loja\/wp-json\/wp\/v2\/types\/product"}],"wp:featuredmedia":[{"embeddable":true,"href":"https:\/\/livrariadocampus.com.br\/loja\/wp-json\/wp\/v2\/media\/6388"}],"wp:attachment":[{"href":"https:\/\/livrariadocampus.com.br\/loja\/wp-json\/wp\/v2\/media?parent=6385"}],"wp:term":[{"taxonomy":"product_brand","embeddable":true,"href":"https:\/\/livrariadocampus.com.br\/loja\/wp-json\/wp\/v2\/product_brand?post=6385"},{"taxonomy":"product_cat","embeddable":true,"href":"https:\/\/livrariadocampus.com.br\/loja\/wp-json\/wp\/v2\/product_cat?post=6385"},{"taxonomy":"product_tag","embeddable":true,"href":"https:\/\/livrariadocampus.com.br\/loja\/wp-json\/wp\/v2\/product_tag?post=6385"}],"curies":[{"name":"wp","href":"https:\/\/api.w.org\/{rel}","templated":true}]}}