{"id":6383,"date":"2022-05-20T17:09:09","date_gmt":"2022-05-20T20:09:09","guid":{"rendered":"https:\/\/www.livrariadocampus.com.br\/?post_type=product&#038;p=6383"},"modified":"2024-09-23T16:17:18","modified_gmt":"2024-09-23T19:17:18","slug":"berek-novak-tratado-de-ginecologia-edicao-162021-jonathan-berek","status":"publish","type":"product","link":"https:\/\/livrariadocampus.com.br\/loja\/produto\/berek-novak-tratado-de-ginecologia-edicao-162021-jonathan-berek\/","title":{"rendered":"Berek &amp; Novak &#8211; Tratado de Ginecologia   Edi\u00e7\u00e3o: 16|2021  Jonathan Berek"},"content":{"rendered":"<p><strong>Escrito por um time de renomados colaboradores<\/strong>\u00a0\u2013 cl\u00ednicos e pesquisadores especialistas em suas respectivas \u00e1reas, este livro apresenta um conte\u00fado s\u00f3lido e abrangente sobre\u00a0<strong>princ\u00edpios da pr\u00e1tica e da avalia\u00e7\u00e3o inicial<\/strong>, incluindo\u00a0<strong>ci\u00eancia b\u00e1sica<\/strong>;\u00a0<strong>cuidados preventivos e prim\u00e1rios<\/strong>;\u00a0<strong>m\u00e9todos de diagn\u00f3stico<\/strong>\u00a0e\u00a0<strong>tratamento em ginecologia geral<\/strong>,\u00a0<strong>cirurgias ginecol\u00e1gicas<\/strong>,\u00a0<strong>uroginecologia<\/strong>\u00a0e\u00a0<strong>cirurgia reconstrutiva p\u00e9lvica<\/strong>;\u00a0<strong>quest\u00f5es relacionadas a gravidez precoce<\/strong>;\u00a0<strong>endocrinologia reprodutiva<\/strong>\u00a0e\u00a0<strong>oncologia ginecol\u00f3gica<\/strong>.<\/p>\n<p>&nbsp;<\/p>\n<p>Al\u00e9m disso, traz expans\u00e3o de conte\u00fado em temas relevantes, como o da\u00a0<strong>ginecologia minimamente invasiva<\/strong>, em que a cirurgia \u00e9 abordada em detalhes nos cap\u00edtulos que tratam de endoscopia, histerectomia e rob\u00f3tica.<\/p>\n","protected":false},"excerpt":{"rendered":"<p>Escrito por um time de renomados colaboradores\u00a0\u2013 cl\u00ednicos e pesquisadores especialistas em suas respectivas \u00e1reas, este livro apresenta um conte\u00fado s\u00f3lido e abrangente sobre\u00a0princ\u00edpios da pr\u00e1tica e da avalia\u00e7\u00e3o inicial, incluindo\u00a0ci\u00eancia b\u00e1sica;\u00a0cuidados preventivos e prim\u00e1rios;\u00a0m\u00e9todos de diagn\u00f3stico\u00a0e\u00a0tratamento em ginecologia geral,\u00a0cirurgias ginecol\u00e1gicas,\u00a0uroginecologia\u00a0e\u00a0cirurgia reconstrutiva p\u00e9lvica;\u00a0quest\u00f5es relacionadas a gravidez precoce;\u00a0endocrinologia reprodutiva\u00a0e\u00a0oncologia ginecol\u00f3gica. &nbsp; Al\u00e9m disso, traz expans\u00e3o de&hellip;&nbsp;<a href=\"https:\/\/livrariadocampus.com.br\/loja\/produto\/berek-novak-tratado-de-ginecologia-edicao-162021-jonathan-berek\/\" class=\"\" rel=\"bookmark\">Continue a ler &raquo;<span class=\"screen-reader-text\">Berek &amp; Novak &#8211; Tratado de Ginecologia   Edi\u00e7\u00e3o: 16|2021  Jonathan Berek<\/span><\/a><\/p>\n","protected":false},"featured_media":6384,"template":"","meta":{"neve_meta_sidebar":"","neve_meta_container":"","neve_meta_enable_content_width":"off","neve_meta_content_width":0,"neve_meta_title_alignment":"","neve_meta_author_avatar":"","neve_post_elements_order":"","neve_meta_disable_header":"","neve_meta_disable_footer":"","neve_meta_disable_title":"","_joinchat":[]},"product_brand":[],"product_cat":[15,145,25],"product_tag":[],"class_list":{"0":"post-6383","1":"product","2":"type-product","3":"status-publish","4":"has-post-thumbnail","6":"product_cat-outros","7":"product_cat-ginecologia-obstetricia-mastol","8":"product_cat-lancamentos","10":"first","11":"instock","12":"shipping-taxable","13":"purchasable","14":"product-type-simple"},"jetpack_sharing_enabled":true,"_links":{"self":[{"href":"https:\/\/livrariadocampus.com.br\/loja\/wp-json\/wp\/v2\/product\/6383","targetHints":{"allow":["GET"]}}],"collection":[{"href":"https:\/\/livrariadocampus.com.br\/loja\/wp-json\/wp\/v2\/product"}],"about":[{"href":"https:\/\/livrariadocampus.com.br\/loja\/wp-json\/wp\/v2\/types\/product"}],"wp:featuredmedia":[{"embeddable":true,"href":"https:\/\/livrariadocampus.com.br\/loja\/wp-json\/wp\/v2\/media\/6384"}],"wp:attachment":[{"href":"https:\/\/livrariadocampus.com.br\/loja\/wp-json\/wp\/v2\/media?parent=6383"}],"wp:term":[{"taxonomy":"product_brand","embeddable":true,"href":"https:\/\/livrariadocampus.com.br\/loja\/wp-json\/wp\/v2\/product_brand?post=6383"},{"taxonomy":"product_cat","embeddable":true,"href":"https:\/\/livrariadocampus.com.br\/loja\/wp-json\/wp\/v2\/product_cat?post=6383"},{"taxonomy":"product_tag","embeddable":true,"href":"https:\/\/livrariadocampus.com.br\/loja\/wp-json\/wp\/v2\/product_tag?post=6383"}],"curies":[{"name":"wp","href":"https:\/\/api.w.org\/{rel}","templated":true}]}}