{"id":6322,"date":"2021-12-10T12:48:56","date_gmt":"2021-12-10T15:48:56","guid":{"rendered":"https:\/\/www.livrariadocampus.com.br\/?post_type=product&#038;p=6322"},"modified":"2024-09-23T15:30:28","modified_gmt":"2024-09-23T18:30:28","slug":"manual-de-med-de-emergencia-autor-helio-penna-guimaraes","status":"publish","type":"product","link":"https:\/\/livrariadocampus.com.br\/loja\/produto\/manual-de-med-de-emergencia-autor-helio-penna-guimaraes\/","title":{"rendered":"MANUAL DE MED. DE EMERGENCIA  AUTOR HELIO PENNA GUIMARAES"},"content":{"rendered":"<p>\u00c9 Lan\u00e7ado o livro que tem apoio da\u00a0<strong>Associa\u00e7\u00e3o Brasileira de Medicina de Emerg\u00eancia- ABRAMEDE<\/strong>\u00a0e do\u00a0<strong>Instituto Paulista de Treinamento e Ensino &#8211; &#8216;IPATRE&#8217;<\/strong>. Destina-se ao titulo de especializa\u00e7\u00e3o em medicina de emerg\u00eancia &#8211; a mais nova especialidade medica do pa\u00eds<\/p>\n","protected":false},"excerpt":{"rendered":"<p>\u00c9 Lan\u00e7ado o livro que tem apoio da\u00a0Associa\u00e7\u00e3o Brasileira de Medicina de Emerg\u00eancia- ABRAMEDE\u00a0e do\u00a0Instituto Paulista de Treinamento e Ensino &#8211; &#8216;IPATRE&#8217;. Destina-se ao titulo de especializa\u00e7\u00e3o em medicina de emerg\u00eancia &#8211; a mais nova especialidade medica do pa\u00eds<\/p>\n","protected":false},"featured_media":6323,"template":"","meta":{"neve_meta_sidebar":"","neve_meta_container":"","neve_meta_enable_content_width":"off","neve_meta_content_width":0,"neve_meta_title_alignment":"","neve_meta_author_avatar":"","neve_post_elements_order":"","neve_meta_disable_header":"","neve_meta_disable_footer":"","neve_meta_disable_title":"","_joinchat":[]},"product_brand":[],"product_cat":[15,58,54],"product_tag":[],"class_list":{"0":"post-6322","1":"product","2":"type-product","3":"status-publish","4":"has-post-thumbnail","6":"product_cat-outros","7":"product_cat-clinica-medica","8":"product_cat-emergencias-e-pronto-socorro","10":"first","11":"instock","12":"shipping-taxable","13":"purchasable","14":"product-type-simple"},"jetpack_sharing_enabled":true,"_links":{"self":[{"href":"https:\/\/livrariadocampus.com.br\/loja\/wp-json\/wp\/v2\/product\/6322","targetHints":{"allow":["GET"]}}],"collection":[{"href":"https:\/\/livrariadocampus.com.br\/loja\/wp-json\/wp\/v2\/product"}],"about":[{"href":"https:\/\/livrariadocampus.com.br\/loja\/wp-json\/wp\/v2\/types\/product"}],"wp:featuredmedia":[{"embeddable":true,"href":"https:\/\/livrariadocampus.com.br\/loja\/wp-json\/wp\/v2\/media\/6323"}],"wp:attachment":[{"href":"https:\/\/livrariadocampus.com.br\/loja\/wp-json\/wp\/v2\/media?parent=6322"}],"wp:term":[{"taxonomy":"product_brand","embeddable":true,"href":"https:\/\/livrariadocampus.com.br\/loja\/wp-json\/wp\/v2\/product_brand?post=6322"},{"taxonomy":"product_cat","embeddable":true,"href":"https:\/\/livrariadocampus.com.br\/loja\/wp-json\/wp\/v2\/product_cat?post=6322"},{"taxonomy":"product_tag","embeddable":true,"href":"https:\/\/livrariadocampus.com.br\/loja\/wp-json\/wp\/v2\/product_tag?post=6322"}],"curies":[{"name":"wp","href":"https:\/\/api.w.org\/{rel}","templated":true}]}}