{"id":6260,"date":"2021-09-21T16:11:07","date_gmt":"2021-09-21T19:11:07","guid":{"rendered":"https:\/\/www.livrariadocampus.com.br\/?post_type=product&#038;p=6260"},"modified":"2023-06-07T17:10:04","modified_gmt":"2023-06-07T20:10:04","slug":"manual-pratico-do-desenvolvimento-infantil-barbosa","status":"publish","type":"product","link":"https:\/\/livrariadocampus.com.br\/loja\/produto\/manual-pratico-do-desenvolvimento-infantil-barbosa\/","title":{"rendered":"Manual Pr\u00e1tico do Desenvolvimento Infantil &#8211; Barbosa &#8211;"},"content":{"rendered":"<div class=\"ui-slider-tabs-list-wrapper\">\n<div class=\"ui-slider-tabs-list-container\">\n<ul class=\"ui-slider-tabs-list\">\n<li class=\"selected\">\n<h3 class=\"titleBox\">SINOPSE<\/h3>\n<\/li>\n<\/ul>\n<\/div>\n<\/div>\n<div class=\"ui-slider-tabs-content-container\">\n<div id=\"conteudo-0\" class=\"ui-slider-tab-content selected\">\n<div class=\"conteudoAbasProduto\">\n<div class=\"paddingbox\">Este livro \u00e9 dirigido a profissionais de sa\u00fade e de educa\u00e7\u00e3o, estudantes, pais, cuidadores e av\u00f3s que buscam conhecimento sobre desenvolvimento infantil. O objetivo das autoras \u00e9 disseminar conhecimento para as pessoas envolvidas como tema. Sejam bem-vindos ao universo do desenvolvimento infantil.<\/div>\n<\/div>\n<\/div>\n<\/div>\n","protected":false},"excerpt":{"rendered":"<p><img fetchpriority=\"high\" decoding=\"async\" class=\"alignnone size-medium wp-image-6261\" src=\"https:\/\/livrariadocampus.com.br\/loja\/wp-content\/uploads\/2021\/09\/download-2-204x300.jpg\" alt=\"\" width=\"204\" height=\"300\" srcset=\"https:\/\/livrariadocampus.com.br\/loja\/wp-content\/uploads\/2021\/09\/download-2-204x300.jpg 204w, https:\/\/livrariadocampus.com.br\/loja\/wp-content\/uploads\/2021\/09\/download-2-150x221.jpg 150w, https:\/\/livrariadocampus.com.br\/loja\/wp-content\/uploads\/2021\/09\/download-2.jpg 235w\" sizes=\"(max-width: 204px) 100vw, 204px\" \/><\/p>\n","protected":false},"featured_media":6261,"template":"","meta":{"neve_meta_sidebar":"","neve_meta_container":"","neve_meta_enable_content_width":"off","neve_meta_content_width":0,"neve_meta_title_alignment":"","neve_meta_author_avatar":"","neve_post_elements_order":"","neve_meta_disable_header":"","neve_meta_disable_footer":"","neve_meta_disable_title":"","_joinchat":[]},"product_brand":[],"product_cat":[15,257,56,182,76],"product_tag":[],"class_list":{"0":"post-6260","1":"product","2":"type-product","3":"status-publish","4":"has-post-thumbnail","6":"product_cat-outros","7":"product_cat-neurologia-infantil","8":"product_cat-pediatria","9":"product_cat-pediatria-neonatologia","10":"product_cat-pediatria-neonatologia-pediatria-neonatologia","12":"first","13":"outofstock","14":"shipping-taxable","15":"product-type-simple"},"jetpack_sharing_enabled":true,"_links":{"self":[{"href":"https:\/\/livrariadocampus.com.br\/loja\/wp-json\/wp\/v2\/product\/6260","targetHints":{"allow":["GET"]}}],"collection":[{"href":"https:\/\/livrariadocampus.com.br\/loja\/wp-json\/wp\/v2\/product"}],"about":[{"href":"https:\/\/livrariadocampus.com.br\/loja\/wp-json\/wp\/v2\/types\/product"}],"wp:featuredmedia":[{"embeddable":true,"href":"https:\/\/livrariadocampus.com.br\/loja\/wp-json\/wp\/v2\/media\/6261"}],"wp:attachment":[{"href":"https:\/\/livrariadocampus.com.br\/loja\/wp-json\/wp\/v2\/media?parent=6260"}],"wp:term":[{"taxonomy":"product_brand","embeddable":true,"href":"https:\/\/livrariadocampus.com.br\/loja\/wp-json\/wp\/v2\/product_brand?post=6260"},{"taxonomy":"product_cat","embeddable":true,"href":"https:\/\/livrariadocampus.com.br\/loja\/wp-json\/wp\/v2\/product_cat?post=6260"},{"taxonomy":"product_tag","embeddable":true,"href":"https:\/\/livrariadocampus.com.br\/loja\/wp-json\/wp\/v2\/product_tag?post=6260"}],"curies":[{"name":"wp","href":"https:\/\/api.w.org\/{rel}","templated":true}]}}