{"id":6240,"date":"2021-09-16T14:27:05","date_gmt":"2021-09-16T17:27:05","guid":{"rendered":"https:\/\/www.livrariadocampus.com.br\/?post_type=product&#038;p=6240"},"modified":"2025-01-17T15:11:38","modified_gmt":"2025-01-17T18:11:38","slug":"neurologia-diagnostico-e-tratamento-2021-paulo-henrique-ferreira-bertolucci","status":"publish","type":"product","link":"https:\/\/livrariadocampus.com.br\/loja\/produto\/neurologia-diagnostico-e-tratamento-2021-paulo-henrique-ferreira-bertolucci\/","title":{"rendered":"Neurologia: Diagn\u00f3stico e Tratamento  2021  Paulo Henrique Ferreira Bertolucci"},"content":{"rendered":"<p>Avan\u00e7os no diagn\u00f3stico e no tratamento das doen\u00e7as neurol\u00f3gicas s\u00e3o discutidos ao longo dos 98 cap\u00edtulos desta terceira edi\u00e7\u00e3o, totalmente revisada e ampliada, que apresenta diversos aspectos fundamentais para n\u00e3o especialistas e neurologistas em forma\u00e7\u00e3o, bem como informa\u00e7\u00f5es aprofundadas para a atualiza\u00e7\u00e3o de neurologistas experientes.<\/p>\n","protected":false},"excerpt":{"rendered":"<p>Avan\u00e7os no diagn\u00f3stico e no tratamento das doen\u00e7as neurol\u00f3gicas s\u00e3o discutidos ao longo dos 98 cap\u00edtulos desta terceira edi\u00e7\u00e3o, totalmente revisada e ampliada, que apresenta diversos aspectos fundamentais para n\u00e3o especialistas e neurologistas em forma\u00e7\u00e3o, bem como informa\u00e7\u00f5es aprofundadas para a atualiza\u00e7\u00e3o de neurologistas experientes.<\/p>\n","protected":false},"featured_media":6241,"template":"","meta":{"neve_meta_sidebar":"","neve_meta_container":"","neve_meta_enable_content_width":"off","neve_meta_content_width":0,"neve_meta_title_alignment":"","neve_meta_author_avatar":"","neve_post_elements_order":"","neve_meta_disable_header":"","neve_meta_disable_footer":"","neve_meta_disable_title":"","_joinchat":[]},"product_brand":[],"product_cat":[15,25,107,111,64],"product_tag":[],"class_list":{"0":"post-6240","1":"product","2":"type-product","3":"status-publish","4":"has-post-thumbnail","6":"product_cat-outros","7":"product_cat-lancamentos","8":"product_cat-neurociencias","9":"product_cat-neurologia","10":"product_cat-neuroogia-e-neurocirurgia","12":"first","13":"outofstock","14":"shipping-taxable","15":"product-type-simple"},"jetpack_sharing_enabled":true,"_links":{"self":[{"href":"https:\/\/livrariadocampus.com.br\/loja\/wp-json\/wp\/v2\/product\/6240","targetHints":{"allow":["GET"]}}],"collection":[{"href":"https:\/\/livrariadocampus.com.br\/loja\/wp-json\/wp\/v2\/product"}],"about":[{"href":"https:\/\/livrariadocampus.com.br\/loja\/wp-json\/wp\/v2\/types\/product"}],"wp:featuredmedia":[{"embeddable":true,"href":"https:\/\/livrariadocampus.com.br\/loja\/wp-json\/wp\/v2\/media\/6241"}],"wp:attachment":[{"href":"https:\/\/livrariadocampus.com.br\/loja\/wp-json\/wp\/v2\/media?parent=6240"}],"wp:term":[{"taxonomy":"product_brand","embeddable":true,"href":"https:\/\/livrariadocampus.com.br\/loja\/wp-json\/wp\/v2\/product_brand?post=6240"},{"taxonomy":"product_cat","embeddable":true,"href":"https:\/\/livrariadocampus.com.br\/loja\/wp-json\/wp\/v2\/product_cat?post=6240"},{"taxonomy":"product_tag","embeddable":true,"href":"https:\/\/livrariadocampus.com.br\/loja\/wp-json\/wp\/v2\/product_tag?post=6240"}],"curies":[{"name":"wp","href":"https:\/\/api.w.org\/{rel}","templated":true}]}}