{"id":6232,"date":"2021-08-30T14:28:44","date_gmt":"2021-08-30T17:28:44","guid":{"rendered":"https:\/\/www.livrariadocampus.com.br\/?post_type=product&#038;p=6232"},"modified":"2024-09-23T15:25:10","modified_gmt":"2024-09-23T18:25:10","slug":"livro-manual-de-ventilacao-mecanica-mello-2021","status":"publish","type":"product","link":"https:\/\/livrariadocampus.com.br\/loja\/produto\/livro-manual-de-ventilacao-mecanica-mello-2021\/","title":{"rendered":"Livro Manual de Ventila\u00e7\u00e3o Mec\u00e2nica &#8211; Mello &#8211; 2021"},"content":{"rendered":"<p>Recebi de Marcos Mello com alegria a dif\u00edcil e honrosa miss\u00e3o de escrever o pref\u00e1cio do seu livro \u201cManual de Ventila\u00e7\u00e3o Mec\u00e2nica\u201d. O desafio era enorme, passei horas analisando o rico e amplo conte\u00fado existente no livro associado a um tema t\u00e3o complexo como a ventila\u00e7\u00e3o mec\u00e2nica, estando em evidencia como nunca devido a pandemia em que estamos passando. Pensei muito e percebi que a grande contribui\u00e7\u00e3o do livro est\u00e1 no quanto ele cont\u00e9m informa\u00e7\u00f5es que vai desde o aspecto b\u00e1sicos e avan\u00e7ados, porem fundamentais para uma boa e segura assist\u00eancia ventilat\u00f3ria invasiva e n\u00e3o invasiva, uma obra voltada para alunos e profissionais que buscam a oportunidade de adquirir e atualizar seus conhecimentos cient\u00edficos, com efici\u00eancia e sucesso. Marcos caprichou, pois o livro possui 46 cap\u00edtulos com diversos temas relacionado a assist\u00eancia ventilat\u00f3ria mec\u00e2nica para adulto, infantil e neonatal, para enfermos internados na Emerg\u00eancia, UTI, Enfermarias e chegando at\u00e9 para pacientes com dist\u00farbio do Sono que necessitam de suporte ventilat\u00f3rio domiciliar . Marcos Mello (Marc\u00e3o) foi meu aluno em 2007 no curso de Especializa\u00e7\u00e3o em Fisioterapia Hospitalar e, posteriormente colega de trabalhado. Eu o conhe\u00e7o de modo sufi ente para afirmar que sua vida\u00a0acad\u00eamica e assistencial\u00a0foi marcada por desafios , normalmente aceitos e superados. O Marc\u00e3o transformou-se, com muito estudo e dedica\u00e7\u00e3o ao trabalho, em um ser conquistador do \u201csaber em sa\u00fade\u201d e da \u201cpratica fisioterap\u00eautica\u201d em todo setor hospitalar. Essa obra poder\u00e1 contribuir bastante no aprendizado e desenvolvimento dos leitores especialmente para os apaixonados pela terapia Intensiva. Agora est\u00e1 nas m\u00e3os dos leitores.<\/p>\n","protected":false},"excerpt":{"rendered":"<p>Recebi de Marcos Mello com alegria a dif\u00edcil e honrosa miss\u00e3o de escrever o pref\u00e1cio do seu livro \u201cManual de Ventila\u00e7\u00e3o Mec\u00e2nica\u201d. O desafio era enorme, passei horas analisando o rico e amplo conte\u00fado existente no livro associado a um tema t\u00e3o complexo como a ventila\u00e7\u00e3o mec\u00e2nica, estando em evidencia como nunca devido a pandemia&hellip;&nbsp;<a href=\"https:\/\/livrariadocampus.com.br\/loja\/produto\/livro-manual-de-ventilacao-mecanica-mello-2021\/\" class=\"\" rel=\"bookmark\">Continue a ler &raquo;<span class=\"screen-reader-text\">Livro Manual de Ventila\u00e7\u00e3o Mec\u00e2nica &#8211; Mello &#8211; 2021<\/span><\/a><\/p>\n","protected":false},"featured_media":6233,"template":"","meta":{"neve_meta_sidebar":"","neve_meta_container":"","neve_meta_enable_content_width":"off","neve_meta_content_width":0,"neve_meta_title_alignment":"","neve_meta_author_avatar":"","neve_post_elements_order":"","neve_meta_disable_header":"","neve_meta_disable_footer":"","neve_meta_disable_title":"","_joinchat":[]},"product_brand":[],"product_cat":[15,58,55],"product_tag":[],"class_list":{"0":"post-6232","1":"product","2":"type-product","3":"status-publish","4":"has-post-thumbnail","6":"product_cat-outros","7":"product_cat-clinica-medica","8":"product_cat-terapia-intensiva-adulto-e-pediatrico","10":"first","11":"instock","12":"shipping-taxable","13":"purchasable","14":"product-type-simple"},"jetpack_sharing_enabled":true,"_links":{"self":[{"href":"https:\/\/livrariadocampus.com.br\/loja\/wp-json\/wp\/v2\/product\/6232","targetHints":{"allow":["GET"]}}],"collection":[{"href":"https:\/\/livrariadocampus.com.br\/loja\/wp-json\/wp\/v2\/product"}],"about":[{"href":"https:\/\/livrariadocampus.com.br\/loja\/wp-json\/wp\/v2\/types\/product"}],"wp:featuredmedia":[{"embeddable":true,"href":"https:\/\/livrariadocampus.com.br\/loja\/wp-json\/wp\/v2\/media\/6233"}],"wp:attachment":[{"href":"https:\/\/livrariadocampus.com.br\/loja\/wp-json\/wp\/v2\/media?parent=6232"}],"wp:term":[{"taxonomy":"product_brand","embeddable":true,"href":"https:\/\/livrariadocampus.com.br\/loja\/wp-json\/wp\/v2\/product_brand?post=6232"},{"taxonomy":"product_cat","embeddable":true,"href":"https:\/\/livrariadocampus.com.br\/loja\/wp-json\/wp\/v2\/product_cat?post=6232"},{"taxonomy":"product_tag","embeddable":true,"href":"https:\/\/livrariadocampus.com.br\/loja\/wp-json\/wp\/v2\/product_tag?post=6232"}],"curies":[{"name":"wp","href":"https:\/\/api.w.org\/{rel}","templated":true}]}}