{"id":6214,"date":"2021-08-30T11:26:20","date_gmt":"2021-08-30T14:26:20","guid":{"rendered":"https:\/\/www.livrariadocampus.com.br\/?post_type=product&#038;p=6214"},"modified":"2024-09-24T16:07:30","modified_gmt":"2024-09-24T19:07:30","slug":"pediatria-ambulatorial-2021","status":"publish","type":"product","link":"https:\/\/livrariadocampus.com.br\/loja\/produto\/pediatria-ambulatorial-2021\/","title":{"rendered":"PEDIATRIA AMBULATORIAL 2021"},"content":{"rendered":"<p>S\u00e3o abordadas as particularidades da anamnese e do exame f\u00edsico referentes \u00e0s diferentes etapas do desenvolvimento e tamb\u00e9m queixas comuns no consult\u00f3rio geral, como alimenta\u00e7\u00e3o e vegetarianismo, problemas respirat\u00f3rios agudos, altera\u00e7\u00f5es urin\u00e1rias e intestinais e problemas dermatol\u00f3gicos, assim como temas prevalentes e preocupantes no panorama atual, como a obesidade e a s\u00edndrome metab\u00f3lica, a sa\u00fade mental, a crian\u00e7a e o adolescente em situa\u00e7\u00e3o de viol\u00eancia e manejo de casos de COVID-19.<\/p>\n","protected":false},"excerpt":{"rendered":"<p>S\u00e3o abordadas as particularidades da anamnese e do exame f\u00edsico referentes \u00e0s diferentes etapas do desenvolvimento e tamb\u00e9m queixas comuns no consult\u00f3rio geral, como alimenta\u00e7\u00e3o e vegetarianismo, problemas respirat\u00f3rios agudos, altera\u00e7\u00f5es urin\u00e1rias e intestinais e problemas dermatol\u00f3gicos, assim como temas prevalentes e preocupantes no panorama atual, como a obesidade e a s\u00edndrome metab\u00f3lica, a sa\u00fade&hellip;&nbsp;<a href=\"https:\/\/livrariadocampus.com.br\/loja\/produto\/pediatria-ambulatorial-2021\/\" class=\"\" rel=\"bookmark\">Continue a ler &raquo;<span class=\"screen-reader-text\">PEDIATRIA AMBULATORIAL 2021<\/span><\/a><\/p>\n","protected":false},"featured_media":6216,"template":"","meta":{"neve_meta_sidebar":"","neve_meta_container":"","neve_meta_enable_content_width":"off","neve_meta_content_width":0,"neve_meta_title_alignment":"","neve_meta_author_avatar":"","neve_post_elements_order":"","neve_meta_disable_header":"","neve_meta_disable_footer":"","neve_meta_disable_title":"","_joinchat":[]},"product_brand":[],"product_cat":[15,56,182],"product_tag":[],"class_list":{"0":"post-6214","1":"product","2":"type-product","3":"status-publish","4":"has-post-thumbnail","6":"product_cat-outros","7":"product_cat-pediatria","8":"product_cat-pediatria-neonatologia","10":"first","11":"instock","12":"shipping-taxable","13":"purchasable","14":"product-type-simple"},"jetpack_sharing_enabled":true,"_links":{"self":[{"href":"https:\/\/livrariadocampus.com.br\/loja\/wp-json\/wp\/v2\/product\/6214","targetHints":{"allow":["GET"]}}],"collection":[{"href":"https:\/\/livrariadocampus.com.br\/loja\/wp-json\/wp\/v2\/product"}],"about":[{"href":"https:\/\/livrariadocampus.com.br\/loja\/wp-json\/wp\/v2\/types\/product"}],"wp:featuredmedia":[{"embeddable":true,"href":"https:\/\/livrariadocampus.com.br\/loja\/wp-json\/wp\/v2\/media\/6216"}],"wp:attachment":[{"href":"https:\/\/livrariadocampus.com.br\/loja\/wp-json\/wp\/v2\/media?parent=6214"}],"wp:term":[{"taxonomy":"product_brand","embeddable":true,"href":"https:\/\/livrariadocampus.com.br\/loja\/wp-json\/wp\/v2\/product_brand?post=6214"},{"taxonomy":"product_cat","embeddable":true,"href":"https:\/\/livrariadocampus.com.br\/loja\/wp-json\/wp\/v2\/product_cat?post=6214"},{"taxonomy":"product_tag","embeddable":true,"href":"https:\/\/livrariadocampus.com.br\/loja\/wp-json\/wp\/v2\/product_tag?post=6214"}],"curies":[{"name":"wp","href":"https:\/\/api.w.org\/{rel}","templated":true}]}}