{"id":6153,"date":"2021-05-03T15:06:07","date_gmt":"2021-05-03T18:06:07","guid":{"rendered":"https:\/\/www.livrariadocampus.com.br\/?post_type=product&#038;p=6153"},"modified":"2023-07-12T15:02:36","modified_gmt":"2023-07-12T18:02:36","slug":"tratado-de-infectologia-vol-01-e-vol-02-volume-2-portugues-capa-dura-2020-edicao-por-roberto-focaccia-autor-rinaldo-focaccia","status":"publish","type":"product","link":"https:\/\/livrariadocampus.com.br\/loja\/produto\/tratado-de-infectologia-vol-01-e-vol-02-volume-2-portugues-capa-dura-2020-edicao-por-roberto-focaccia-autor-rinaldo-focaccia\/","title":{"rendered":"Tratado de Infectologia &#8211; vol. 01 e vol. 02: Volume 2 (Portugu\u00eas) Capa dura \u2013 2020 Edi\u00e7\u00e3o  por Roberto Focaccia (Autor), Rinaldo Focaccia"},"content":{"rendered":"<p>Tratado de Infectologia alcan\u00e7a sua 6\u00aa edi\u00e7\u00e3o, integralmente revisto, atualizado e com muitos acr\u00e9scimos. \u00c9 a mais tradicional obra brasileira de Infectologia, tendo formado gera\u00e7\u00f5es de infectologistas desde a d\u00e9cada de 1950, sob o t\u00edtulo Doen\u00e7as Infecciosas e Parasit\u00e1rias. Trabalho \u00fanico para estudo, pr\u00e1tica, consulta e pesquisa. A presente edi\u00e7\u00e3o, criticamente, acompanha a linha do tempo que marca a evolu\u00e7\u00e3o e o progresso da Infectologia. Isso, a partir de 1980, com o decl\u00ednio patente das parasitoses e, em paralelo, o surgimento de novas viroses, como a s\u00edndrome de imunodefici\u00eancia adquirida, as micoses oportun\u00edsticas, as arboviroses e os v\u00edrus respirat\u00f3rios. A globaliza\u00e7\u00e3o aboliu as fronteiras da transmissibilidade das doen\u00e7as. Explica-se, assim, a inclus\u00e3o de doen\u00e7as advent\u00edcias, como a tularemia, as riquetsioses, a hidatidose e muitas outras. Tratado de Infectologia, 6\u00aa edi\u00e7\u00e3o, apresenta: 1 Editor Cient\u00edfico 1 Editor Cient\u00edfico Adjunto 422 Colaboradores 2 Volumes 12 Partes 122 Cap\u00edtulos2.704 P\u00e1ginas Seu p\u00fablico-alvo \u00e9 formado por Infectologistas, Cl\u00ednicos, M\u00e9dicos de Fam\u00edlia, residentes em Infectologia, Cl\u00ednica M\u00e9dica e estudantes de gradua\u00e7\u00e3o de Medici<\/p>\n","protected":false},"excerpt":{"rendered":"<p>Tratado de Infectologia alcan\u00e7a sua 6\u00aa edi\u00e7\u00e3o, integralmente revisto, atualizado e com muitos acr\u00e9scimos. \u00c9 a mais tradicional obra brasileira de Infectologia, tendo formado gera\u00e7\u00f5es de infectologistas desde a d\u00e9cada de 1950, sob o t\u00edtulo Doen\u00e7as Infecciosas e Parasit\u00e1rias. Trabalho \u00fanico para estudo, pr\u00e1tica, consulta e pesquisa. A presente edi\u00e7\u00e3o, criticamente, acompanha a linha do&hellip;&nbsp;<a href=\"https:\/\/livrariadocampus.com.br\/loja\/produto\/tratado-de-infectologia-vol-01-e-vol-02-volume-2-portugues-capa-dura-2020-edicao-por-roberto-focaccia-autor-rinaldo-focaccia\/\" class=\"\" rel=\"bookmark\">Continue a ler &raquo;<span class=\"screen-reader-text\">Tratado de Infectologia &#8211; vol. 01 e vol. 02: Volume 2 (Portugu\u00eas) Capa dura \u2013 2020 Edi\u00e7\u00e3o  por Roberto Focaccia (Autor), Rinaldo Focaccia<\/span><\/a><\/p>\n","protected":false},"featured_media":6154,"template":"","meta":{"neve_meta_sidebar":"","neve_meta_container":"","neve_meta_enable_content_width":"off","neve_meta_content_width":0,"neve_meta_title_alignment":"","neve_meta_author_avatar":"","neve_post_elements_order":"","neve_meta_disable_header":"","neve_meta_disable_footer":"","neve_meta_disable_title":"","_joinchat":[]},"product_brand":[],"product_cat":[58,61,57,25,52,150],"product_tag":[],"class_list":{"0":"post-6153","1":"product","2":"type-product","3":"status-publish","4":"has-post-thumbnail","6":"product_cat-clinica-medica","7":"product_cat-dermatologia","8":"product_cat-doenca-infecciosas","9":"product_cat-lancamentos","10":"product_cat-medicina-do-trabalho","11":"product_cat-microbiologia","13":"first","14":"instock","15":"sale","16":"featured","17":"shipping-taxable","18":"purchasable","19":"product-type-simple"},"jetpack_sharing_enabled":true,"_links":{"self":[{"href":"https:\/\/livrariadocampus.com.br\/loja\/wp-json\/wp\/v2\/product\/6153","targetHints":{"allow":["GET"]}}],"collection":[{"href":"https:\/\/livrariadocampus.com.br\/loja\/wp-json\/wp\/v2\/product"}],"about":[{"href":"https:\/\/livrariadocampus.com.br\/loja\/wp-json\/wp\/v2\/types\/product"}],"wp:featuredmedia":[{"embeddable":true,"href":"https:\/\/livrariadocampus.com.br\/loja\/wp-json\/wp\/v2\/media\/6154"}],"wp:attachment":[{"href":"https:\/\/livrariadocampus.com.br\/loja\/wp-json\/wp\/v2\/media?parent=6153"}],"wp:term":[{"taxonomy":"product_brand","embeddable":true,"href":"https:\/\/livrariadocampus.com.br\/loja\/wp-json\/wp\/v2\/product_brand?post=6153"},{"taxonomy":"product_cat","embeddable":true,"href":"https:\/\/livrariadocampus.com.br\/loja\/wp-json\/wp\/v2\/product_cat?post=6153"},{"taxonomy":"product_tag","embeddable":true,"href":"https:\/\/livrariadocampus.com.br\/loja\/wp-json\/wp\/v2\/product_tag?post=6153"}],"curies":[{"name":"wp","href":"https:\/\/api.w.org\/{rel}","templated":true}]}}