{"id":6142,"date":"2021-04-28T12:27:06","date_gmt":"2021-04-28T15:27:06","guid":{"rendered":"https:\/\/www.livrariadocampus.com.br\/?post_type=product&#038;p=6142"},"modified":"2024-09-23T15:25:35","modified_gmt":"2024-09-23T18:25:35","slug":"ventilacao-mecanica-fundamentos-e-pratica-clinica-2022-por-jorge-luis-dos-santos-valiatti","status":"publish","type":"product","link":"https:\/\/livrariadocampus.com.br\/loja\/produto\/ventilacao-mecanica-fundamentos-e-pratica-clinica-2022-por-jorge-luis-dos-santos-valiatti\/","title":{"rendered":"Ventila\u00e7\u00e3o Mec\u00e2nica &#8211; Fundamentos e Pr\u00e1tica Cl\u00ednica  2022 por Jorge Luis dos Santos VALIATTI"},"content":{"rendered":"<p>As evid\u00eancias cient\u00edficas atuais sob o olhar de especialistas. Com informa\u00e7\u00f5es de recentes evid\u00eancias cient\u00edficas, este livro traz a experi\u00eancia dos autores e um cap\u00edtulo espec\u00edfico sobre ventila\u00e7\u00e3o mec\u00e2nica na insufici\u00eancia respirat\u00f3ria viral (Covid-19). Abrangente e elaborado de modo did\u00e1tico, Jorge Luis dos Santos Valiatti, Jos\u00e9 Luiz Gomes do Amaral e Luiz Fernando dos Reis Falc\u00e3o sintetizam suas percep\u00e7\u00f5es sobre os mais variados aspectos da ventila\u00e7\u00e3o mec\u00e2nica e conduzem a reflex\u00e3o sobre a evolu\u00e7\u00e3o do conhecimento acerca da anatomia humana, da fisiologia e da biologia. Ventila\u00e7\u00e3o Mec\u00e2nica \u2013 Fundamentos e Pr\u00e1tica Cl\u00ednica revisa aspectos relacionados com a fisiopatologia das doen\u00e7as respirat\u00f3rias de adultos e crian\u00e7as, bem como suas repercuss\u00f5es pulmonares e extrapulmonares. Al\u00e9m disso, oferece o conhecimento dos fundamentos da ventila\u00e7\u00e3o mec\u00e2nica e sua evolu\u00e7\u00e3o, das indica\u00e7\u00f5es e limita\u00e7\u00f5es das modalidades dispon\u00edveis nos modernos ventiladores, bem como possibilita dominar os recursos destinados \u00e0 preven\u00e7\u00e3o das complica\u00e7\u00f5es inerentes \u00e0 insufici\u00eancia respirat\u00f3ria e ao seu tratamento. Incorpora, ainda, a import\u00e2ncia dos sistemas de monitoriza\u00e7\u00e3o cont\u00ednua da mec\u00e2nica ventilat\u00f3ria, das trocas gasosas e da hemodin\u00e2mica. ?<\/p>\n","protected":false},"excerpt":{"rendered":"<p>As evid\u00eancias cient\u00edficas atuais sob o olhar de especialistas. Com informa\u00e7\u00f5es de recentes evid\u00eancias cient\u00edficas, este livro traz a experi\u00eancia dos autores e um cap\u00edtulo espec\u00edfico sobre ventila\u00e7\u00e3o mec\u00e2nica na insufici\u00eancia respirat\u00f3ria viral (Covid-19). Abrangente e elaborado de modo did\u00e1tico, Jorge Luis dos Santos Valiatti, Jos\u00e9 Luiz Gomes do Amaral e Luiz Fernando dos Reis&hellip;&nbsp;<a href=\"https:\/\/livrariadocampus.com.br\/loja\/produto\/ventilacao-mecanica-fundamentos-e-pratica-clinica-2022-por-jorge-luis-dos-santos-valiatti\/\" class=\"\" rel=\"bookmark\">Continue a ler &raquo;<span class=\"screen-reader-text\">Ventila\u00e7\u00e3o Mec\u00e2nica &#8211; Fundamentos e Pr\u00e1tica Cl\u00ednica  2022 por Jorge Luis dos Santos VALIATTI<\/span><\/a><\/p>\n","protected":false},"featured_media":6143,"template":"","meta":{"neve_meta_sidebar":"","neve_meta_container":"","neve_meta_enable_content_width":"off","neve_meta_content_width":0,"neve_meta_title_alignment":"","neve_meta_author_avatar":"","neve_post_elements_order":"","neve_meta_disable_header":"","neve_meta_disable_footer":"","neve_meta_disable_title":"","_joinchat":[]},"product_brand":[],"product_cat":[15,104,25,55,124],"product_tag":[],"class_list":{"0":"post-6142","1":"product","2":"type-product","3":"status-publish","4":"has-post-thumbnail","6":"product_cat-outros","7":"product_cat-clinica-medica-semiologia","8":"product_cat-lancamentos","9":"product_cat-terapia-intensiva-adulto-e-pediatrico","10":"product_cat-terapia-intensiva-medicina-de","12":"first","13":"instock","14":"shipping-taxable","15":"purchasable","16":"product-type-simple"},"jetpack_sharing_enabled":true,"_links":{"self":[{"href":"https:\/\/livrariadocampus.com.br\/loja\/wp-json\/wp\/v2\/product\/6142","targetHints":{"allow":["GET"]}}],"collection":[{"href":"https:\/\/livrariadocampus.com.br\/loja\/wp-json\/wp\/v2\/product"}],"about":[{"href":"https:\/\/livrariadocampus.com.br\/loja\/wp-json\/wp\/v2\/types\/product"}],"wp:featuredmedia":[{"embeddable":true,"href":"https:\/\/livrariadocampus.com.br\/loja\/wp-json\/wp\/v2\/media\/6143"}],"wp:attachment":[{"href":"https:\/\/livrariadocampus.com.br\/loja\/wp-json\/wp\/v2\/media?parent=6142"}],"wp:term":[{"taxonomy":"product_brand","embeddable":true,"href":"https:\/\/livrariadocampus.com.br\/loja\/wp-json\/wp\/v2\/product_brand?post=6142"},{"taxonomy":"product_cat","embeddable":true,"href":"https:\/\/livrariadocampus.com.br\/loja\/wp-json\/wp\/v2\/product_cat?post=6142"},{"taxonomy":"product_tag","embeddable":true,"href":"https:\/\/livrariadocampus.com.br\/loja\/wp-json\/wp\/v2\/product_tag?post=6142"}],"curies":[{"name":"wp","href":"https:\/\/api.w.org\/{rel}","templated":true}]}}