{"id":6043,"date":"2020-11-26T17:47:56","date_gmt":"2020-11-26T20:47:56","guid":{"rendered":"https:\/\/www.livrariadocampus.com.br\/?post_type=product&#038;p=6043"},"modified":"2022-05-12T15:51:59","modified_gmt":"2022-05-12T18:51:59","slug":"simulacao-clinica-e-habilidades-na-saude-2020-por-augusto-autor-ariadne-autor-carolina-autor","status":"publish","type":"product","link":"https:\/\/livrariadocampus.com.br\/loja\/produto\/simulacao-clinica-e-habilidades-na-saude-2020-por-augusto-autor-ariadne-autor-carolina-autor\/","title":{"rendered":"Simula\u00e7\u00e3o Clinica e Habilidades na Sa\u00fade &#8211; 2020 por Augusto (Autor), Ariadne (Autor), Carolina (Autor)"},"content":{"rendered":"<p>Cada livro traz novas informa\u00e7\u00f5es em nossas vidas. Lendo um livro, nossas vidas mudam. Vale a pena conhecer coisas novas lendo. N\u00e3o hesite. Comece agora mesmo e tudo ficar\u00e1 mais bonito, mais interessante.<\/p>\n","protected":false},"excerpt":{"rendered":"<p>Cada livro traz novas informa\u00e7\u00f5es em nossas vidas. Lendo um livro, nossas vidas mudam. Vale a pena conhecer coisas novas lendo. N\u00e3o hesite. Comece agora mesmo e tudo ficar\u00e1 mais bonito, mais interessante.<\/p>\n","protected":false},"featured_media":6044,"template":"","meta":{"neve_meta_sidebar":"","neve_meta_container":"","neve_meta_enable_content_width":"off","neve_meta_content_width":0,"neve_meta_title_alignment":"","neve_meta_author_avatar":"","neve_post_elements_order":"","neve_meta_disable_header":"","neve_meta_disable_footer":"","neve_meta_disable_title":"","_joinchat":[]},"product_brand":[],"product_cat":[58,68],"product_tag":[],"class_list":{"0":"post-6043","1":"product","2":"type-product","3":"status-publish","4":"has-post-thumbnail","6":"product_cat-clinica-medica","7":"product_cat-enfermagem","9":"first","10":"instock","11":"shipping-taxable","12":"purchasable","13":"product-type-simple"},"jetpack_sharing_enabled":true,"_links":{"self":[{"href":"https:\/\/livrariadocampus.com.br\/loja\/wp-json\/wp\/v2\/product\/6043","targetHints":{"allow":["GET"]}}],"collection":[{"href":"https:\/\/livrariadocampus.com.br\/loja\/wp-json\/wp\/v2\/product"}],"about":[{"href":"https:\/\/livrariadocampus.com.br\/loja\/wp-json\/wp\/v2\/types\/product"}],"wp:featuredmedia":[{"embeddable":true,"href":"https:\/\/livrariadocampus.com.br\/loja\/wp-json\/wp\/v2\/media\/6044"}],"wp:attachment":[{"href":"https:\/\/livrariadocampus.com.br\/loja\/wp-json\/wp\/v2\/media?parent=6043"}],"wp:term":[{"taxonomy":"product_brand","embeddable":true,"href":"https:\/\/livrariadocampus.com.br\/loja\/wp-json\/wp\/v2\/product_brand?post=6043"},{"taxonomy":"product_cat","embeddable":true,"href":"https:\/\/livrariadocampus.com.br\/loja\/wp-json\/wp\/v2\/product_cat?post=6043"},{"taxonomy":"product_tag","embeddable":true,"href":"https:\/\/livrariadocampus.com.br\/loja\/wp-json\/wp\/v2\/product_tag?post=6043"}],"curies":[{"name":"wp","href":"https:\/\/api.w.org\/{rel}","templated":true}]}}