{"id":6032,"date":"2020-11-24T17:43:32","date_gmt":"2020-11-24T20:43:32","guid":{"rendered":"https:\/\/www.livrariadocampus.com.br\/?post_type=product&#038;p=6032"},"modified":"2022-05-12T11:52:35","modified_gmt":"2022-05-12T14:52:35","slug":"livro-da-sociedade-brasileira-de-reumatologia-2020-por-samuel-katsuyuki-shinjo-editor-caio-moreira","status":"publish","type":"product","link":"https:\/\/livrariadocampus.com.br\/loja\/produto\/livro-da-sociedade-brasileira-de-reumatologia-2020-por-samuel-katsuyuki-shinjo-editor-caio-moreira\/","title":{"rendered":"LIVRO DA SOCIEDADE BRASILEIRA DE REUMATOLOGIA  2020 por Samuel Katsuyuki Shinjo (Editor), Caio Moreira"},"content":{"rendered":"<p>\u2013 Guia de consulta para reumatologistas, cl\u00ednicos, m\u00e9dicos residentes e estudantes de medicina. \u2013 Refer\u00eancia segura e atualizada dos fundamentos e do cotidiano da pr\u00e1tica reumatol\u00f3gica. \u2013 Segunda edi\u00e7\u00e3o revisada e ampliada que traz, entre outras novidades, cap\u00edtulos sobre osteonecrose do esqueleto craniofacial, microbioma nas doen\u00e7as reum\u00e1ticas e a rela\u00e7\u00e3o entre a COVID-19 e as doen\u00e7as reum\u00e1ticas imunomedia<\/p>\n","protected":false},"excerpt":{"rendered":"<p>\u2013 Guia de consulta para reumatologistas, cl\u00ednicos, m\u00e9dicos residentes e estudantes de medicina. \u2013 Refer\u00eancia segura e atualizada dos fundamentos e do cotidiano da pr\u00e1tica reumatol\u00f3gica. \u2013 Segunda edi\u00e7\u00e3o revisada e ampliada que traz, entre outras novidades, cap\u00edtulos sobre osteonecrose do esqueleto craniofacial, microbioma nas doen\u00e7as reum\u00e1ticas e a rela\u00e7\u00e3o entre a COVID-19 e as&hellip;&nbsp;<a href=\"https:\/\/livrariadocampus.com.br\/loja\/produto\/livro-da-sociedade-brasileira-de-reumatologia-2020-por-samuel-katsuyuki-shinjo-editor-caio-moreira\/\" class=\"\" rel=\"bookmark\">Continue a ler &raquo;<span class=\"screen-reader-text\">LIVRO DA SOCIEDADE BRASILEIRA DE REUMATOLOGIA  2020 por Samuel Katsuyuki Shinjo (Editor), Caio Moreira<\/span><\/a><\/p>\n","protected":false},"featured_media":6033,"template":"","meta":{"neve_meta_sidebar":"","neve_meta_container":"","neve_meta_enable_content_width":"off","neve_meta_content_width":0,"neve_meta_title_alignment":"","neve_meta_author_avatar":"","neve_post_elements_order":"","neve_meta_disable_header":"","neve_meta_disable_footer":"","neve_meta_disable_title":"","_joinchat":[]},"product_brand":[],"product_cat":[58,104,132,258],"product_tag":[259],"class_list":{"0":"post-6032","1":"product","2":"type-product","3":"status-publish","4":"has-post-thumbnail","6":"product_cat-clinica-medica","7":"product_cat-clinica-medica-semiologia","8":"product_cat-ortopedia-traumatologia","9":"product_cat-reumatologia","10":"product_tag-reumatologia","12":"first","13":"instock","14":"shipping-taxable","15":"purchasable","16":"product-type-simple"},"jetpack_sharing_enabled":true,"_links":{"self":[{"href":"https:\/\/livrariadocampus.com.br\/loja\/wp-json\/wp\/v2\/product\/6032","targetHints":{"allow":["GET"]}}],"collection":[{"href":"https:\/\/livrariadocampus.com.br\/loja\/wp-json\/wp\/v2\/product"}],"about":[{"href":"https:\/\/livrariadocampus.com.br\/loja\/wp-json\/wp\/v2\/types\/product"}],"wp:featuredmedia":[{"embeddable":true,"href":"https:\/\/livrariadocampus.com.br\/loja\/wp-json\/wp\/v2\/media\/6033"}],"wp:attachment":[{"href":"https:\/\/livrariadocampus.com.br\/loja\/wp-json\/wp\/v2\/media?parent=6032"}],"wp:term":[{"taxonomy":"product_brand","embeddable":true,"href":"https:\/\/livrariadocampus.com.br\/loja\/wp-json\/wp\/v2\/product_brand?post=6032"},{"taxonomy":"product_cat","embeddable":true,"href":"https:\/\/livrariadocampus.com.br\/loja\/wp-json\/wp\/v2\/product_cat?post=6032"},{"taxonomy":"product_tag","embeddable":true,"href":"https:\/\/livrariadocampus.com.br\/loja\/wp-json\/wp\/v2\/product_tag?post=6032"}],"curies":[{"name":"wp","href":"https:\/\/api.w.org\/{rel}","templated":true}]}}