{"id":6009,"date":"2020-11-12T17:20:56","date_gmt":"2020-11-12T20:20:56","guid":{"rendered":"https:\/\/www.livrariadocampus.com.br\/?post_type=product&#038;p=6009"},"modified":"2022-05-12T15:57:39","modified_gmt":"2022-05-12T18:57:39","slug":"cuidados-paliativos-na-emergencia-2020-por-irineu-tadeu-velasco-editor-sabr","status":"publish","type":"product","link":"https:\/\/livrariadocampus.com.br\/loja\/produto\/cuidados-paliativos-na-emergencia-2020-por-irineu-tadeu-velasco-editor-sabr\/","title":{"rendered":"Cuidados paliativos: na emerg\u00eancia  2020  por Irineu Tadeu Velasco (Editor), Sabr"},"content":{"rendered":"<p>Este livro traz pela primeira vez na literatura em l\u00edngua portuguesa o conjunto de elementos necess\u00e1rios para as decis\u00f5es dif\u00edceis relacionadas \u00e0 identifica\u00e7\u00e3o, prognostica\u00e7\u00e3o, comunica\u00e7\u00e3o e indica\u00e7\u00e3o de medidas invasivas para pacientes com necessidade de cuidados paliativos.<\/p>\n","protected":false},"excerpt":{"rendered":"<p>Este livro traz pela primeira vez na literatura em l\u00edngua portuguesa o conjunto de elementos necess\u00e1rios para as decis\u00f5es dif\u00edceis relacionadas \u00e0 identifica\u00e7\u00e3o, prognostica\u00e7\u00e3o, comunica\u00e7\u00e3o e indica\u00e7\u00e3o de medidas invasivas para pacientes com necessidade de cuidados paliativos.<\/p>\n","protected":false},"featured_media":6010,"template":"","meta":{"neve_meta_sidebar":"","neve_meta_container":"","neve_meta_enable_content_width":"off","neve_meta_content_width":0,"neve_meta_title_alignment":"","neve_meta_author_avatar":"","neve_post_elements_order":"","neve_meta_disable_header":"","neve_meta_disable_footer":"","neve_meta_disable_title":"","_joinchat":[]},"product_brand":[],"product_cat":[58,54,60],"product_tag":[],"class_list":{"0":"post-6009","1":"product","2":"type-product","3":"status-publish","4":"has-post-thumbnail","6":"product_cat-clinica-medica","7":"product_cat-emergencias-e-pronto-socorro","8":"product_cat-geriatria-e-gerotologia","10":"first","11":"instock","12":"shipping-taxable","13":"purchasable","14":"product-type-simple"},"jetpack_sharing_enabled":true,"_links":{"self":[{"href":"https:\/\/livrariadocampus.com.br\/loja\/wp-json\/wp\/v2\/product\/6009","targetHints":{"allow":["GET"]}}],"collection":[{"href":"https:\/\/livrariadocampus.com.br\/loja\/wp-json\/wp\/v2\/product"}],"about":[{"href":"https:\/\/livrariadocampus.com.br\/loja\/wp-json\/wp\/v2\/types\/product"}],"wp:featuredmedia":[{"embeddable":true,"href":"https:\/\/livrariadocampus.com.br\/loja\/wp-json\/wp\/v2\/media\/6010"}],"wp:attachment":[{"href":"https:\/\/livrariadocampus.com.br\/loja\/wp-json\/wp\/v2\/media?parent=6009"}],"wp:term":[{"taxonomy":"product_brand","embeddable":true,"href":"https:\/\/livrariadocampus.com.br\/loja\/wp-json\/wp\/v2\/product_brand?post=6009"},{"taxonomy":"product_cat","embeddable":true,"href":"https:\/\/livrariadocampus.com.br\/loja\/wp-json\/wp\/v2\/product_cat?post=6009"},{"taxonomy":"product_tag","embeddable":true,"href":"https:\/\/livrariadocampus.com.br\/loja\/wp-json\/wp\/v2\/product_tag?post=6009"}],"curies":[{"name":"wp","href":"https:\/\/api.w.org\/{rel}","templated":true}]}}