{"id":5956,"date":"2020-10-16T15:04:33","date_gmt":"2020-10-16T18:04:33","guid":{"rendered":"https:\/\/www.livrariadocampus.com.br\/?post_type=product&#038;p=5956"},"modified":"2024-09-23T15:48:36","modified_gmt":"2024-09-23T18:48:36","slug":"rotinas-em-neurologia-e-neurocirurgia-por-marcia-l-f-chaves-autor-alessandro-finkelsztejn-autor","status":"publish","type":"product","link":"https:\/\/livrariadocampus.com.br\/loja\/produto\/rotinas-em-neurologia-e-neurocirurgia-por-marcia-l-f-chaves-autor-alessandro-finkelsztejn-autor\/","title":{"rendered":"Rotinas em Neurologia e Neurocirurgia  por M\u00e1rcia L. F. Chaves (Autor), Alessandro Finkelsztejn (Autor)"},"content":{"rendered":"<p>Elaborado segundo os crit\u00e9rios da medicina baseada em evid\u00eancias, Rotinas em neurologia e neurocirurgia conta com a participa\u00e7\u00e3o de renomados profissionais brasileiros. Al\u00e9m de contemplar os exames diagn\u00f3sticos e as doen\u00e7as neurol\u00f3gicas e neurocir\u00fargicas, esta obra aborda tamb\u00e9m o importante papel da equipe multidisciplinar no atendimento ao paciente neurol\u00f3gico, ressaltando aspectos relacionados \u00e0 rotina dos profissionais de enfermagem, fisioterapia, psicologia, fonoaudiologia e nutri\u00e7\u00e3o. Ao final do livro, s\u00e3o inclu\u00eddas as principais escalas aplicadas \u00e0 neurologia e \u00e0 neurocirurgia.<\/p>\n","protected":false},"excerpt":{"rendered":"<p>Elaborado segundo os crit\u00e9rios da medicina baseada em evid\u00eancias, Rotinas em neurologia e neurocirurgia conta com a participa\u00e7\u00e3o de renomados profissionais brasileiros. Al\u00e9m de contemplar os exames diagn\u00f3sticos e as doen\u00e7as neurol\u00f3gicas e neurocir\u00fargicas, esta obra aborda tamb\u00e9m o importante papel da equipe multidisciplinar no atendimento ao paciente neurol\u00f3gico, ressaltando aspectos relacionados \u00e0 rotina dos&hellip;&nbsp;<a href=\"https:\/\/livrariadocampus.com.br\/loja\/produto\/rotinas-em-neurologia-e-neurocirurgia-por-marcia-l-f-chaves-autor-alessandro-finkelsztejn-autor\/\" class=\"\" rel=\"bookmark\">Continue a ler &raquo;<span class=\"screen-reader-text\">Rotinas em Neurologia e Neurocirurgia  por M\u00e1rcia L. F. Chaves (Autor), Alessandro Finkelsztejn (Autor)<\/span><\/a><\/p>\n","protected":false},"featured_media":5957,"template":"","meta":{"neve_meta_sidebar":"","neve_meta_container":"","neve_meta_enable_content_width":"off","neve_meta_content_width":0,"neve_meta_title_alignment":"","neve_meta_author_avatar":"","neve_post_elements_order":"","neve_meta_disable_header":"","neve_meta_disable_footer":"","neve_meta_disable_title":"","_joinchat":[]},"product_brand":[],"product_cat":[64],"product_tag":[],"class_list":{"0":"post-5956","1":"product","2":"type-product","3":"status-publish","4":"has-post-thumbnail","6":"product_cat-neuroogia-e-neurocirurgia","8":"first","9":"instock","10":"shipping-taxable","11":"purchasable","12":"product-type-simple"},"jetpack_sharing_enabled":true,"_links":{"self":[{"href":"https:\/\/livrariadocampus.com.br\/loja\/wp-json\/wp\/v2\/product\/5956","targetHints":{"allow":["GET"]}}],"collection":[{"href":"https:\/\/livrariadocampus.com.br\/loja\/wp-json\/wp\/v2\/product"}],"about":[{"href":"https:\/\/livrariadocampus.com.br\/loja\/wp-json\/wp\/v2\/types\/product"}],"wp:featuredmedia":[{"embeddable":true,"href":"https:\/\/livrariadocampus.com.br\/loja\/wp-json\/wp\/v2\/media\/5957"}],"wp:attachment":[{"href":"https:\/\/livrariadocampus.com.br\/loja\/wp-json\/wp\/v2\/media?parent=5956"}],"wp:term":[{"taxonomy":"product_brand","embeddable":true,"href":"https:\/\/livrariadocampus.com.br\/loja\/wp-json\/wp\/v2\/product_brand?post=5956"},{"taxonomy":"product_cat","embeddable":true,"href":"https:\/\/livrariadocampus.com.br\/loja\/wp-json\/wp\/v2\/product_cat?post=5956"},{"taxonomy":"product_tag","embeddable":true,"href":"https:\/\/livrariadocampus.com.br\/loja\/wp-json\/wp\/v2\/product_tag?post=5956"}],"curies":[{"name":"wp","href":"https:\/\/api.w.org\/{rel}","templated":true}]}}