{"id":5876,"date":"2020-09-30T16:02:11","date_gmt":"2020-09-30T19:02:11","guid":{"rendered":"https:\/\/www.livrariadocampus.com.br\/?post_type=product&#038;p=5876"},"modified":"2023-06-12T12:58:33","modified_gmt":"2023-06-12T15:58:33","slug":"enfermagem-na-uti-neonatal-assistencia-ao-recem-nascido-de-alto-risco-2017-por-raquel-tamez","status":"publish","type":"product","link":"https:\/\/livrariadocampus.com.br\/loja\/produto\/enfermagem-na-uti-neonatal-assistencia-ao-recem-nascido-de-alto-risco-2017-por-raquel-tamez\/","title":{"rendered":"Enfermagem na uti neonatal-assist\u00eancia ao rec\u00e9m-nascido de alto risco &#8211; 2017 por Raquel Tamez"},"content":{"rendered":"<p>Enfermagem na UTI Neonatal apresenta tecnologias simples e eficazes para que os profissionais alcancem o m\u00e1ximo de efici\u00eancia ao prestarem os cuidados e proporcionarem o bem-estar ao neonato. O conte\u00fado a abrangem desde a organiza\u00e7\u00e3o da unidade neonatal, a admiss\u00e3o do rec\u00e9m-nascido at\u00e9 a sua alta hospitalar. Os conhecimentos cient\u00edficos cuidadosamente organizados, a descri\u00e7\u00e3o minuciosa do conte\u00fado e a clareza dos protocolos assistenciais transmitem aos leitores a certeza de que o aprendizado \u00e9 cont\u00ednuo. A abordagem dos cap\u00edtulos possibilita que todos, desde o profissional rec\u00e9m-formado ao mais experiente, fa\u00e7am uma imers\u00e3o no universo dos cuidados neonatais.<\/p>\n","protected":false},"excerpt":{"rendered":"<p>Enfermagem na UTI Neonatal apresenta tecnologias simples e eficazes para que os profissionais alcancem o m\u00e1ximo de efici\u00eancia ao prestarem os cuidados e proporcionarem o bem-estar ao neonato. O conte\u00fado a abrangem desde a organiza\u00e7\u00e3o da unidade neonatal, a admiss\u00e3o do rec\u00e9m-nascido at\u00e9 a sua alta hospitalar. Os conhecimentos cient\u00edficos cuidadosamente organizados, a descri\u00e7\u00e3o minuciosa&hellip;&nbsp;<a href=\"https:\/\/livrariadocampus.com.br\/loja\/produto\/enfermagem-na-uti-neonatal-assistencia-ao-recem-nascido-de-alto-risco-2017-por-raquel-tamez\/\" class=\"\" rel=\"bookmark\">Continue a ler &raquo;<span class=\"screen-reader-text\">Enfermagem na uti neonatal-assist\u00eancia ao rec\u00e9m-nascido de alto risco &#8211; 2017 por Raquel Tamez<\/span><\/a><\/p>\n","protected":false},"featured_media":5877,"template":"","meta":{"neve_meta_sidebar":"","neve_meta_container":"","neve_meta_enable_content_width":"off","neve_meta_content_width":0,"neve_meta_title_alignment":"","neve_meta_author_avatar":"","neve_post_elements_order":"","neve_meta_disable_header":"","neve_meta_disable_footer":"","neve_meta_disable_title":"","_joinchat":[]},"product_brand":[],"product_cat":[68],"product_tag":[],"class_list":{"0":"post-5876","1":"product","2":"type-product","3":"status-publish","4":"has-post-thumbnail","6":"product_cat-enfermagem","8":"first","9":"outofstock","10":"sale","11":"shipping-taxable","12":"purchasable","13":"product-type-simple"},"jetpack_sharing_enabled":true,"_links":{"self":[{"href":"https:\/\/livrariadocampus.com.br\/loja\/wp-json\/wp\/v2\/product\/5876","targetHints":{"allow":["GET"]}}],"collection":[{"href":"https:\/\/livrariadocampus.com.br\/loja\/wp-json\/wp\/v2\/product"}],"about":[{"href":"https:\/\/livrariadocampus.com.br\/loja\/wp-json\/wp\/v2\/types\/product"}],"wp:featuredmedia":[{"embeddable":true,"href":"https:\/\/livrariadocampus.com.br\/loja\/wp-json\/wp\/v2\/media\/5877"}],"wp:attachment":[{"href":"https:\/\/livrariadocampus.com.br\/loja\/wp-json\/wp\/v2\/media?parent=5876"}],"wp:term":[{"taxonomy":"product_brand","embeddable":true,"href":"https:\/\/livrariadocampus.com.br\/loja\/wp-json\/wp\/v2\/product_brand?post=5876"},{"taxonomy":"product_cat","embeddable":true,"href":"https:\/\/livrariadocampus.com.br\/loja\/wp-json\/wp\/v2\/product_cat?post=5876"},{"taxonomy":"product_tag","embeddable":true,"href":"https:\/\/livrariadocampus.com.br\/loja\/wp-json\/wp\/v2\/product_tag?post=5876"}],"curies":[{"name":"wp","href":"https:\/\/api.w.org\/{rel}","templated":true}]}}