{"id":5832,"date":"2020-09-30T11:48:32","date_gmt":"2020-09-30T14:48:32","guid":{"rendered":"https:\/\/www.livrariadocampus.com.br\/?post_type=product&#038;p=5832"},"modified":"2023-06-12T13:00:36","modified_gmt":"2023-06-12T16:00:36","slug":"infectologia-pediatrica-2020-por-tania-cristina-de-mattos-barros-petraglia","status":"publish","type":"product","link":"https:\/\/livrariadocampus.com.br\/loja\/produto\/infectologia-pediatrica-2020-por-tania-cristina-de-mattos-barros-petraglia\/","title":{"rendered":"Infectologia pedi\u00e1trica  2020 por T\u00e2nia Cristina de Mattos Barros Petraglia ,"},"content":{"rendered":"<p>Este novo volume traz aspectos importantes do paciente com quadro infeccioso, proporcionando maior seguran\u00e7a tanto para o especialista quanto para o pediatra geral no cuidado a crian\u00e7as e adolescentes que apresentem queixas referentes \u00e0 infectologia. S\u00e3o abordadas queixas comuns no consult\u00f3rio geral, como infec\u00e7\u00f5es de vias a\u00e9reas superiores, parasitoses intestinais e doen\u00e7as exantem\u00e1ticas, assim como temas prevalentes e preocupantes no panorama atual, como as infec\u00e7\u00f5es pelos v\u00edrus da dengue, zika, chikungunya e febre amarela.<\/p>\n","protected":false},"excerpt":{"rendered":"<p>Este novo volume traz aspectos importantes do paciente com quadro infeccioso, proporcionando maior seguran\u00e7a tanto para o especialista quanto para o pediatra geral no cuidado a crian\u00e7as e adolescentes que apresentem queixas referentes \u00e0 infectologia. S\u00e3o abordadas queixas comuns no consult\u00f3rio geral, como infec\u00e7\u00f5es de vias a\u00e9reas superiores, parasitoses intestinais e doen\u00e7as exantem\u00e1ticas, assim como&hellip;&nbsp;<a href=\"https:\/\/livrariadocampus.com.br\/loja\/produto\/infectologia-pediatrica-2020-por-tania-cristina-de-mattos-barros-petraglia\/\" class=\"\" rel=\"bookmark\">Continue a ler &raquo;<span class=\"screen-reader-text\">Infectologia pedi\u00e1trica  2020 por T\u00e2nia Cristina de Mattos Barros Petraglia ,<\/span><\/a><\/p>\n","protected":false},"featured_media":5833,"template":"","meta":{"neve_meta_sidebar":"","neve_meta_container":"","neve_meta_enable_content_width":"off","neve_meta_content_width":0,"neve_meta_title_alignment":"","neve_meta_author_avatar":"","neve_post_elements_order":"","neve_meta_disable_header":"","neve_meta_disable_footer":"","neve_meta_disable_title":"","_joinchat":[]},"product_brand":[],"product_cat":[57,182,76],"product_tag":[],"class_list":{"0":"post-5832","1":"product","2":"type-product","3":"status-publish","4":"has-post-thumbnail","6":"product_cat-doenca-infecciosas","7":"product_cat-pediatria-neonatologia","8":"product_cat-pediatria-neonatologia-pediatria-neonatologia","10":"first","11":"instock","12":"sale","13":"shipping-taxable","14":"purchasable","15":"product-type-simple"},"jetpack_sharing_enabled":true,"_links":{"self":[{"href":"https:\/\/livrariadocampus.com.br\/loja\/wp-json\/wp\/v2\/product\/5832","targetHints":{"allow":["GET"]}}],"collection":[{"href":"https:\/\/livrariadocampus.com.br\/loja\/wp-json\/wp\/v2\/product"}],"about":[{"href":"https:\/\/livrariadocampus.com.br\/loja\/wp-json\/wp\/v2\/types\/product"}],"wp:featuredmedia":[{"embeddable":true,"href":"https:\/\/livrariadocampus.com.br\/loja\/wp-json\/wp\/v2\/media\/5833"}],"wp:attachment":[{"href":"https:\/\/livrariadocampus.com.br\/loja\/wp-json\/wp\/v2\/media?parent=5832"}],"wp:term":[{"taxonomy":"product_brand","embeddable":true,"href":"https:\/\/livrariadocampus.com.br\/loja\/wp-json\/wp\/v2\/product_brand?post=5832"},{"taxonomy":"product_cat","embeddable":true,"href":"https:\/\/livrariadocampus.com.br\/loja\/wp-json\/wp\/v2\/product_cat?post=5832"},{"taxonomy":"product_tag","embeddable":true,"href":"https:\/\/livrariadocampus.com.br\/loja\/wp-json\/wp\/v2\/product_tag?post=5832"}],"curies":[{"name":"wp","href":"https:\/\/api.w.org\/{rel}","templated":true}]}}