{"id":5816,"date":"2020-09-30T10:41:33","date_gmt":"2020-09-30T13:41:33","guid":{"rendered":"https:\/\/www.livrariadocampus.com.br\/?post_type=product&#038;p=5816"},"modified":"2022-05-12T11:59:48","modified_gmt":"2022-05-12T14:59:48","slug":"manual-de-condutas-na-covid-19-2020-por-vinicius-machado-correia-autor-eduardo-messias-hirano-padrao-autor","status":"publish","type":"product","link":"https:\/\/livrariadocampus.com.br\/loja\/produto\/manual-de-condutas-na-covid-19-2020-por-vinicius-machado-correia-autor-eduardo-messias-hirano-padrao-autor\/","title":{"rendered":"Manual de condutas na COVID-19 2020 por Vin\u00edcius Machado Correia (Autor), Eduardo Messias Hirano Padr\u00e3o (Autor),"},"content":{"rendered":"<p>O livro \u00e9 voltado para m\u00e9dicos e profissionais de sa\u00fade. Os cap\u00edtulos foram elaborados de forma objetiva para consulta com conte\u00fado voltado a todos os n\u00edveis de aten\u00e7\u00e3o, desde o pronto atendimento at\u00e9 a terapia intensiva. O conte\u00fado est\u00e1 organizado em cinco partes, cobrindo os principais t\u00f3picos no assunto: o b\u00e1sico sobre o v\u00edrus e a doen\u00e7a; o acometimento da COVID-19 por sistemas org\u00e2nicos e em grupos de pacientes espec\u00edficos; altera\u00e7\u00f5es radiol\u00f3gicas; o manejo cl\u00ednico da COVID-19; e a profilaxia.<\/p>\n","protected":false},"excerpt":{"rendered":"<p>O livro \u00e9 voltado para m\u00e9dicos e profissionais de sa\u00fade. Os cap\u00edtulos foram elaborados de forma objetiva para consulta com conte\u00fado voltado a todos os n\u00edveis de aten\u00e7\u00e3o, desde o pronto atendimento at\u00e9 a terapia intensiva. O conte\u00fado est\u00e1 organizado em cinco partes, cobrindo os principais t\u00f3picos no assunto: o b\u00e1sico sobre o v\u00edrus e&hellip;&nbsp;<a href=\"https:\/\/livrariadocampus.com.br\/loja\/produto\/manual-de-condutas-na-covid-19-2020-por-vinicius-machado-correia-autor-eduardo-messias-hirano-padrao-autor\/\" class=\"\" rel=\"bookmark\">Continue a ler &raquo;<span class=\"screen-reader-text\">Manual de condutas na COVID-19 2020 por Vin\u00edcius Machado Correia (Autor), Eduardo Messias Hirano Padr\u00e3o (Autor),<\/span><\/a><\/p>\n","protected":false},"featured_media":5817,"template":"","meta":{"neve_meta_sidebar":"","neve_meta_container":"","neve_meta_enable_content_width":"off","neve_meta_content_width":0,"neve_meta_title_alignment":"","neve_meta_author_avatar":"","neve_post_elements_order":"","neve_meta_disable_header":"","neve_meta_disable_footer":"","neve_meta_disable_title":"","_joinchat":[]},"product_brand":[],"product_cat":[104,57,25],"product_tag":[],"class_list":{"0":"post-5816","1":"product","2":"type-product","3":"status-publish","4":"has-post-thumbnail","6":"product_cat-clinica-medica-semiologia","7":"product_cat-doenca-infecciosas","8":"product_cat-lancamentos","10":"first","11":"instock","12":"shipping-taxable","13":"purchasable","14":"product-type-simple"},"jetpack_sharing_enabled":true,"_links":{"self":[{"href":"https:\/\/livrariadocampus.com.br\/loja\/wp-json\/wp\/v2\/product\/5816","targetHints":{"allow":["GET"]}}],"collection":[{"href":"https:\/\/livrariadocampus.com.br\/loja\/wp-json\/wp\/v2\/product"}],"about":[{"href":"https:\/\/livrariadocampus.com.br\/loja\/wp-json\/wp\/v2\/types\/product"}],"wp:featuredmedia":[{"embeddable":true,"href":"https:\/\/livrariadocampus.com.br\/loja\/wp-json\/wp\/v2\/media\/5817"}],"wp:attachment":[{"href":"https:\/\/livrariadocampus.com.br\/loja\/wp-json\/wp\/v2\/media?parent=5816"}],"wp:term":[{"taxonomy":"product_brand","embeddable":true,"href":"https:\/\/livrariadocampus.com.br\/loja\/wp-json\/wp\/v2\/product_brand?post=5816"},{"taxonomy":"product_cat","embeddable":true,"href":"https:\/\/livrariadocampus.com.br\/loja\/wp-json\/wp\/v2\/product_cat?post=5816"},{"taxonomy":"product_tag","embeddable":true,"href":"https:\/\/livrariadocampus.com.br\/loja\/wp-json\/wp\/v2\/product_tag?post=5816"}],"curies":[{"name":"wp","href":"https:\/\/api.w.org\/{rel}","templated":true}]}}