{"id":5771,"date":"2020-09-29T13:03:46","date_gmt":"2020-09-29T16:03:46","guid":{"rendered":"https:\/\/www.livrariadocampus.com.br\/?post_type=product&#038;p=5771"},"modified":"2024-01-15T12:12:53","modified_gmt":"2024-01-15T15:12:53","slug":"manual-merck-de-veterinaria-portugues-por-varios-autores-autor","status":"publish","type":"product","link":"https:\/\/livrariadocampus.com.br\/loja\/produto\/manual-merck-de-veterinaria-portugues-por-varios-autores-autor\/","title":{"rendered":"Manual Merck De Veterin\u00e1ria (Portugu\u00eas)  por V\u00e1rios Autores (Autor)"},"content":{"rendered":"<p>&#8220;O Manual Merck de Veterin\u00e1ria&#8221; inlcui &#8211; Cobertura de muitas doen\u00e7as novas dos animais e a doen\u00e7a debilitante cr\u00f4nica; Se\u00e7\u00f5es sobre cuidados cr\u00edticos e de emerg\u00eancia; Informa\u00e7\u00e3o revisada e mais compreensiva sobre animais ex\u00f3ticos e de laborat\u00f3rio; Tabela de refer\u00eancia que inclui zoonoses recentes e novas descri\u00e7\u00f5es das manifesta\u00e7\u00f5es cl\u00ednicas em humanos; Cobertura toxicol\u00f3gica com seis novos cap\u00edtulos sobre causas frequentes de envenenamento; Se\u00e7\u00e3o de farmacologia reorganizada e expandida para melhorar a utiliza\u00e7\u00e3o pelo cl\u00ednico veterin\u00e1rio.<\/p>\n","protected":false},"excerpt":{"rendered":"<p>&#8220;O Manual Merck de Veterin\u00e1ria&#8221; inlcui &#8211; Cobertura de muitas doen\u00e7as novas dos animais e a doen\u00e7a debilitante cr\u00f4nica; Se\u00e7\u00f5es sobre cuidados cr\u00edticos e de emerg\u00eancia; Informa\u00e7\u00e3o revisada e mais compreensiva sobre animais ex\u00f3ticos e de laborat\u00f3rio; Tabela de refer\u00eancia que inclui zoonoses recentes e novas descri\u00e7\u00f5es das manifesta\u00e7\u00f5es cl\u00ednicas em humanos; Cobertura toxicol\u00f3gica com&hellip;&nbsp;<a href=\"https:\/\/livrariadocampus.com.br\/loja\/produto\/manual-merck-de-veterinaria-portugues-por-varios-autores-autor\/\" class=\"\" rel=\"bookmark\">Continue a ler &raquo;<span class=\"screen-reader-text\">Manual Merck De Veterin\u00e1ria (Portugu\u00eas)  por V\u00e1rios Autores (Autor)<\/span><\/a><\/p>\n","protected":false},"featured_media":5772,"template":"","meta":{"neve_meta_sidebar":"","neve_meta_container":"","neve_meta_enable_content_width":"off","neve_meta_content_width":0,"neve_meta_title_alignment":"","neve_meta_author_avatar":"","neve_post_elements_order":"","neve_meta_disable_header":"","neve_meta_disable_footer":"","neve_meta_disable_title":"","_joinchat":[]},"product_brand":[],"product_cat":[253],"product_tag":[],"class_list":{"0":"post-5771","1":"product","2":"type-product","3":"status-publish","4":"has-post-thumbnail","6":"product_cat-veterinaria-e-zootecnia","8":"first","9":"instock","10":"sale","11":"shipping-taxable","12":"purchasable","13":"product-type-simple"},"jetpack_sharing_enabled":true,"_links":{"self":[{"href":"https:\/\/livrariadocampus.com.br\/loja\/wp-json\/wp\/v2\/product\/5771","targetHints":{"allow":["GET"]}}],"collection":[{"href":"https:\/\/livrariadocampus.com.br\/loja\/wp-json\/wp\/v2\/product"}],"about":[{"href":"https:\/\/livrariadocampus.com.br\/loja\/wp-json\/wp\/v2\/types\/product"}],"wp:featuredmedia":[{"embeddable":true,"href":"https:\/\/livrariadocampus.com.br\/loja\/wp-json\/wp\/v2\/media\/5772"}],"wp:attachment":[{"href":"https:\/\/livrariadocampus.com.br\/loja\/wp-json\/wp\/v2\/media?parent=5771"}],"wp:term":[{"taxonomy":"product_brand","embeddable":true,"href":"https:\/\/livrariadocampus.com.br\/loja\/wp-json\/wp\/v2\/product_brand?post=5771"},{"taxonomy":"product_cat","embeddable":true,"href":"https:\/\/livrariadocampus.com.br\/loja\/wp-json\/wp\/v2\/product_cat?post=5771"},{"taxonomy":"product_tag","embeddable":true,"href":"https:\/\/livrariadocampus.com.br\/loja\/wp-json\/wp\/v2\/product_tag?post=5771"}],"curies":[{"name":"wp","href":"https:\/\/api.w.org\/{rel}","templated":true}]}}