{"id":5765,"date":"2020-09-29T12:22:56","date_gmt":"2020-09-29T15:22:56","guid":{"rendered":"https:\/\/www.livrariadocampus.com.br\/?post_type=product&#038;p=5765"},"modified":"2022-05-12T11:17:37","modified_gmt":"2022-05-12T14:17:37","slug":"radiologia-e-ultrassonografia-do-cao-e-do-gato","status":"publish","type":"product","link":"https:\/\/livrariadocampus.com.br\/loja\/produto\/radiologia-e-ultrassonografia-do-cao-e-do-gato\/","title":{"rendered":"Radiologia e ultrassonografia: do C\u00e3o e do Gato"},"content":{"rendered":"<p>&#8220;Radiologia e ultra-sonografia do c\u00e3o e do gato&#8221; \u00e9 um guia para a interpreta\u00e7\u00e3o de imagens e para o diagn\u00f3stico de condi\u00e7\u00f5es anormais em c\u00e3es e gatos, atrav\u00e9s de uma abordagem simples que inclui conceitos b\u00e1sicos da radiologia e da ultra-sonografia e mais de 1.200 imagens de condi\u00e7\u00f5es normais e anormais para um diagn\u00f3stico preciso. Esta edi\u00e7\u00e3o incorpora os novos avan\u00e7os nas t\u00e9cnicas de obten\u00e7\u00e3o e interpreta\u00e7\u00e3o de imagens, sendo um aux\u00edlio constante no desenvolvimento da atividade e na forma\u00e7\u00e3o de estudantes e profissionais da \u00e1rea de medicina veterin\u00e1ria.<\/p>\n","protected":false},"excerpt":{"rendered":"<p>&#8220;Radiologia e ultra-sonografia do c\u00e3o e do gato&#8221; \u00e9 um guia para a interpreta\u00e7\u00e3o de imagens e para o diagn\u00f3stico de condi\u00e7\u00f5es anormais em c\u00e3es e gatos, atrav\u00e9s de uma abordagem simples que inclui conceitos b\u00e1sicos da radiologia e da ultra-sonografia e mais de 1.200 imagens de condi\u00e7\u00f5es normais e anormais para um diagn\u00f3stico preciso.&hellip;&nbsp;<a href=\"https:\/\/livrariadocampus.com.br\/loja\/produto\/radiologia-e-ultrassonografia-do-cao-e-do-gato\/\" class=\"\" rel=\"bookmark\">Continue a ler &raquo;<span class=\"screen-reader-text\">Radiologia e ultrassonografia: do C\u00e3o e do Gato<\/span><\/a><\/p>\n","protected":false},"featured_media":5766,"template":"","meta":{"neve_meta_sidebar":"","neve_meta_container":"","neve_meta_enable_content_width":"off","neve_meta_content_width":0,"neve_meta_title_alignment":"","neve_meta_author_avatar":"","neve_post_elements_order":"","neve_meta_disable_header":"","neve_meta_disable_footer":"","neve_meta_disable_title":"","_joinchat":[]},"product_brand":[],"product_cat":[253],"product_tag":[],"class_list":{"0":"post-5765","1":"product","2":"type-product","3":"status-publish","4":"has-post-thumbnail","6":"product_cat-veterinaria-e-zootecnia","8":"first","9":"instock","10":"shipping-taxable","11":"purchasable","12":"product-type-simple"},"jetpack_sharing_enabled":true,"_links":{"self":[{"href":"https:\/\/livrariadocampus.com.br\/loja\/wp-json\/wp\/v2\/product\/5765","targetHints":{"allow":["GET"]}}],"collection":[{"href":"https:\/\/livrariadocampus.com.br\/loja\/wp-json\/wp\/v2\/product"}],"about":[{"href":"https:\/\/livrariadocampus.com.br\/loja\/wp-json\/wp\/v2\/types\/product"}],"wp:featuredmedia":[{"embeddable":true,"href":"https:\/\/livrariadocampus.com.br\/loja\/wp-json\/wp\/v2\/media\/5766"}],"wp:attachment":[{"href":"https:\/\/livrariadocampus.com.br\/loja\/wp-json\/wp\/v2\/media?parent=5765"}],"wp:term":[{"taxonomy":"product_brand","embeddable":true,"href":"https:\/\/livrariadocampus.com.br\/loja\/wp-json\/wp\/v2\/product_brand?post=5765"},{"taxonomy":"product_cat","embeddable":true,"href":"https:\/\/livrariadocampus.com.br\/loja\/wp-json\/wp\/v2\/product_cat?post=5765"},{"taxonomy":"product_tag","embeddable":true,"href":"https:\/\/livrariadocampus.com.br\/loja\/wp-json\/wp\/v2\/product_tag?post=5765"}],"curies":[{"name":"wp","href":"https:\/\/api.w.org\/{rel}","templated":true}]}}