{"id":5753,"date":"2020-09-29T11:30:55","date_gmt":"2020-09-29T14:30:55","guid":{"rendered":"https:\/\/www.livrariadocampus.com.br\/?post_type=product&#038;p=5753"},"modified":"2024-01-15T12:13:24","modified_gmt":"2024-01-15T15:13:24","slug":"tecnicas-cirurgicas-em-pequenos-animais-andre-lacerda-autor-2012","status":"publish","type":"product","link":"https:\/\/livrariadocampus.com.br\/loja\/produto\/tecnicas-cirurgicas-em-pequenos-animais-andre-lacerda-autor-2012\/","title":{"rendered":"T\u00e9cnicas Cir\u00fargicas em Pequenos Animais  Andr\u00e9 Lacerda (Autor) 2012"},"content":{"rendered":"<p>A obra intitulada T\u00e9cnicas Cir\u00fargicas em Pequenos Animais aborda de forma pr\u00e1tica e de f\u00e1cil entendimento as principais t\u00e9cnicas cir\u00fargicas que comp\u00f5e a rotina do cirurgi\u00e3o veterin\u00e1rio, servindo ainda como objeto de estudo para os estudantes de gradua\u00e7\u00e3o e p\u00f3s-gradua\u00e7\u00e3o em medicina veterin\u00e1ria.O livro reflete a experi\u00eancia adquirida ao longo de 23 anos na pr\u00e1tica cir\u00fargica, contando com observa\u00e7\u00f5es de alguns aspectos relacionados a t\u00e9cnica, que ser\u00e3o facilitadores para a execu\u00e7\u00e3o dos v\u00e1rios procedimentos operat\u00f3rios.Aborda ainda temas b\u00e1sicos da t\u00e9cnica operat\u00f3ria, que dever\u00e3o servir de base a forma\u00e7\u00e3o do m\u00e9dico veterin\u00e1rio e a aplica\u00e7\u00e3o das diversas t\u00e9cnicas abordadas. Conta com a colabora\u00e7\u00e3o de diversos profissionais de grande conceito na cirurgia veterin\u00e1ria e \u00e1reas correlatas, que ajudaram com sua experi\u00eancia pessoal ao longo dos anos, a enriquecer o valor t\u00e9cnico-cient\u00edfico desta obra.Com o intuito de oferecer uma obra que seja facilitadora no processo de entendimento e aprendizagem das t\u00e9cnicas descritas, acompanha um DVD, com a filmagem de t\u00e9cnicas selecionadas, resultado de uma atividade laboriosa, apresentando os aspectos pr\u00e1ticos destas opera\u00e7\u00f5es, servindo de ponte entre a teoria e a pr\u00e1tica.Que esta obra sirva para auxiliar aos colegas que dela necessitem, como base para solu\u00e7\u00e3o de problemas e facilitadora da aprendizagem, lembrando sempre que um bom profissional \u00e9 sempre formado com dedica\u00e7\u00e3o, perseveran\u00e7a, disciplina e trabalho.<\/p>\n","protected":false},"excerpt":{"rendered":"<p>A obra intitulada T\u00e9cnicas Cir\u00fargicas em Pequenos Animais aborda de forma pr\u00e1tica e de f\u00e1cil entendimento as principais t\u00e9cnicas cir\u00fargicas que comp\u00f5e a rotina do cirurgi\u00e3o veterin\u00e1rio, servindo ainda como objeto de estudo para os estudantes de gradua\u00e7\u00e3o e p\u00f3s-gradua\u00e7\u00e3o em medicina veterin\u00e1ria.O livro reflete a experi\u00eancia adquirida ao longo de 23 anos na pr\u00e1tica&hellip;&nbsp;<a href=\"https:\/\/livrariadocampus.com.br\/loja\/produto\/tecnicas-cirurgicas-em-pequenos-animais-andre-lacerda-autor-2012\/\" class=\"\" rel=\"bookmark\">Continue a ler &raquo;<span class=\"screen-reader-text\">T\u00e9cnicas Cir\u00fargicas em Pequenos Animais  Andr\u00e9 Lacerda (Autor) 2012<\/span><\/a><\/p>\n","protected":false},"featured_media":5754,"template":"","meta":{"neve_meta_sidebar":"","neve_meta_container":"","neve_meta_enable_content_width":"off","neve_meta_content_width":0,"neve_meta_title_alignment":"","neve_meta_author_avatar":"","neve_post_elements_order":"","neve_meta_disable_header":"","neve_meta_disable_footer":"","neve_meta_disable_title":"","_joinchat":[]},"product_brand":[],"product_cat":[253],"product_tag":[],"class_list":{"0":"post-5753","1":"product","2":"type-product","3":"status-publish","4":"has-post-thumbnail","6":"product_cat-veterinaria-e-zootecnia","8":"first","9":"instock","10":"shipping-taxable","11":"purchasable","12":"product-type-simple"},"jetpack_sharing_enabled":true,"_links":{"self":[{"href":"https:\/\/livrariadocampus.com.br\/loja\/wp-json\/wp\/v2\/product\/5753","targetHints":{"allow":["GET"]}}],"collection":[{"href":"https:\/\/livrariadocampus.com.br\/loja\/wp-json\/wp\/v2\/product"}],"about":[{"href":"https:\/\/livrariadocampus.com.br\/loja\/wp-json\/wp\/v2\/types\/product"}],"wp:featuredmedia":[{"embeddable":true,"href":"https:\/\/livrariadocampus.com.br\/loja\/wp-json\/wp\/v2\/media\/5754"}],"wp:attachment":[{"href":"https:\/\/livrariadocampus.com.br\/loja\/wp-json\/wp\/v2\/media?parent=5753"}],"wp:term":[{"taxonomy":"product_brand","embeddable":true,"href":"https:\/\/livrariadocampus.com.br\/loja\/wp-json\/wp\/v2\/product_brand?post=5753"},{"taxonomy":"product_cat","embeddable":true,"href":"https:\/\/livrariadocampus.com.br\/loja\/wp-json\/wp\/v2\/product_cat?post=5753"},{"taxonomy":"product_tag","embeddable":true,"href":"https:\/\/livrariadocampus.com.br\/loja\/wp-json\/wp\/v2\/product_tag?post=5753"}],"curies":[{"name":"wp","href":"https:\/\/api.w.org\/{rel}","templated":true}]}}