{"id":5746,"date":"2020-09-29T10:58:18","date_gmt":"2020-09-29T13:58:18","guid":{"rendered":"https:\/\/www.livrariadocampus.com.br\/?post_type=product&#038;p=5746"},"modified":"2024-09-27T17:20:15","modified_gmt":"2024-09-27T20:20:15","slug":"claudicacao-em-equinos-segundo-adams-2011-por-ted-s-stashak-autor","status":"publish","type":"product","link":"https:\/\/livrariadocampus.com.br\/loja\/produto\/claudicacao-em-equinos-segundo-adams-2011-por-ted-s-stashak-autor\/","title":{"rendered":"Claudica\u00e7\u00e3o em Eq\u00fcinos Segundo Adams  2011 por Ted. S. Stashak (Autor) RETE GRATIS"},"content":{"rendered":"<p>Claudica\u00e7\u00e3o em Eq\u00fcinos segundo Adams, uma obra consagrada, em sua quinta edi\u00e7\u00e3o, amplamente ilustrada e atualizada, traz ao leitor discuss\u00f5es pr\u00e1ticas e abrangentes sobre os m\u00e9todos de diagn\u00f3stico por imagem, como radiografia e ultrassonografia, e o valor da medicina nuclear no diagn\u00f3stico da claudica\u00e7\u00e3o. Seus nove cap\u00edtulos, totalizando 1.112 p\u00e1ginas, cont\u00eam informa\u00e7\u00f5es mais atuais sobre etiopatogenia, diagn\u00f3stico e tratamento de v\u00e1rias causas de doen\u00e7a articular e estruturas relacionadas, al\u00e9m de atualizar o leitor quanto a novas doen\u00e7as, assim como os novos achados e tratamentos. Esta edi\u00e7\u00e3o revisada e atualizada discute ainda o papel da nutri\u00e7\u00e3o no desenvolvimento e nas doen\u00e7as musculoesquel\u00e9ticas e a conduta de emerg\u00eancia dos pacientes com fraturas. Claudica\u00e7\u00e3o em Eq\u00fcinos segundo Adams destina-se a estudantes de medicina veterin\u00e1ria, veterin\u00e1rios, propriet\u00e1rios, treinadores de cavalos e ferradores<\/p>\n","protected":false},"excerpt":{"rendered":"<p>Claudica\u00e7\u00e3o em Eq\u00fcinos segundo Adams, uma obra consagrada, em sua quinta edi\u00e7\u00e3o, amplamente ilustrada e atualizada, traz ao leitor discuss\u00f5es pr\u00e1ticas e abrangentes sobre os m\u00e9todos de diagn\u00f3stico por imagem, como radiografia e ultrassonografia, e o valor da medicina nuclear no diagn\u00f3stico da claudica\u00e7\u00e3o. Seus nove cap\u00edtulos, totalizando 1.112 p\u00e1ginas, cont\u00eam informa\u00e7\u00f5es mais atuais sobre&hellip;&nbsp;<a href=\"https:\/\/livrariadocampus.com.br\/loja\/produto\/claudicacao-em-equinos-segundo-adams-2011-por-ted-s-stashak-autor\/\" class=\"\" rel=\"bookmark\">Continue a ler &raquo;<span class=\"screen-reader-text\">Claudica\u00e7\u00e3o em Eq\u00fcinos Segundo Adams  2011 por Ted. S. Stashak (Autor) RETE GRATIS<\/span><\/a><\/p>\n","protected":false},"featured_media":5747,"template":"","meta":{"neve_meta_sidebar":"","neve_meta_container":"","neve_meta_enable_content_width":"off","neve_meta_content_width":100,"neve_meta_title_alignment":"","neve_meta_author_avatar":"","neve_post_elements_order":"","neve_meta_disable_header":"","neve_meta_disable_footer":"","neve_meta_disable_title":"","_joinchat":[]},"product_brand":[],"product_cat":[253],"product_tag":[],"class_list":{"0":"post-5746","1":"product","2":"type-product","3":"status-publish","4":"has-post-thumbnail","6":"product_cat-veterinaria-e-zootecnia","8":"first","9":"instock","10":"shipping-taxable","11":"purchasable","12":"product-type-simple"},"jetpack_sharing_enabled":true,"_links":{"self":[{"href":"https:\/\/livrariadocampus.com.br\/loja\/wp-json\/wp\/v2\/product\/5746","targetHints":{"allow":["GET"]}}],"collection":[{"href":"https:\/\/livrariadocampus.com.br\/loja\/wp-json\/wp\/v2\/product"}],"about":[{"href":"https:\/\/livrariadocampus.com.br\/loja\/wp-json\/wp\/v2\/types\/product"}],"wp:featuredmedia":[{"embeddable":true,"href":"https:\/\/livrariadocampus.com.br\/loja\/wp-json\/wp\/v2\/media\/5747"}],"wp:attachment":[{"href":"https:\/\/livrariadocampus.com.br\/loja\/wp-json\/wp\/v2\/media?parent=5746"}],"wp:term":[{"taxonomy":"product_brand","embeddable":true,"href":"https:\/\/livrariadocampus.com.br\/loja\/wp-json\/wp\/v2\/product_brand?post=5746"},{"taxonomy":"product_cat","embeddable":true,"href":"https:\/\/livrariadocampus.com.br\/loja\/wp-json\/wp\/v2\/product_cat?post=5746"},{"taxonomy":"product_tag","embeddable":true,"href":"https:\/\/livrariadocampus.com.br\/loja\/wp-json\/wp\/v2\/product_tag?post=5746"}],"curies":[{"name":"wp","href":"https:\/\/api.w.org\/{rel}","templated":true}]}}