{"id":5738,"date":"2020-09-28T17:29:41","date_gmt":"2020-09-28T20:29:41","guid":{"rendered":"https:\/\/www.livrariadocampus.com.br\/?post_type=product&#038;p=5738"},"modified":"2024-01-17T11:46:48","modified_gmt":"2024-01-17T14:46:48","slug":"biologia-e-ecologia-de-vertebrados-por-evanilde-benedito-autor","status":"publish","type":"product","link":"https:\/\/livrariadocampus.com.br\/loja\/produto\/biologia-e-ecologia-de-vertebrados-por-evanilde-benedito-autor\/","title":{"rendered":"Biologia e Ecologia de Vertebrados  por Evanilde Benedito (Autor)"},"content":{"rendered":"<p>Did\u00e1tica e abrangente, esta obra promissora preenche uma lacuna importante no ensino de zoologia de vertebrados no Brasil, introduzindo elementos conceituais imprescind\u00edveis \u00e0 forma\u00e7\u00e3o do profissional que tem o objetivo de conhecer e aprofundar-se no estudo de vertebrados. Biologia e Ecologia dos Vertebrados conduz pesquisadores e discentes a um maior envolvimento com a fauna brasileira, aprofundando a teoria relacionada ao estudo dos ecossistemas. Seu conte\u00fado apresenta informa\u00e7\u00f5es sobre o que se tem conhecido sobre a fauna de vertebrados \u2013 sistem\u00e1tica, estrutura, funcionamento e ecologia \u2013, por meio de um debate de m\u00faltiplas vozes, de diferentes especialistas provenientes de v\u00e1rias regi\u00f5es brasileiras, contribuindo para a compreens\u00e3o, a investiga\u00e7\u00e3o e o processamento dos dilemas ambientais que o mundo contempor\u00e2neo apresenta.<\/p>\n","protected":false},"excerpt":{"rendered":"<p>Did\u00e1tica e abrangente, esta obra promissora preenche uma lacuna importante no ensino de zoologia de vertebrados no Brasil, introduzindo elementos conceituais imprescind\u00edveis \u00e0 forma\u00e7\u00e3o do profissional que tem o objetivo de conhecer e aprofundar-se no estudo de vertebrados. Biologia e Ecologia dos Vertebrados conduz pesquisadores e discentes a um maior envolvimento com a fauna brasileira,&hellip;&nbsp;<a href=\"https:\/\/livrariadocampus.com.br\/loja\/produto\/biologia-e-ecologia-de-vertebrados-por-evanilde-benedito-autor\/\" class=\"\" rel=\"bookmark\">Continue a ler &raquo;<span class=\"screen-reader-text\">Biologia e Ecologia de Vertebrados  por Evanilde Benedito (Autor)<\/span><\/a><\/p>\n","protected":false},"featured_media":5739,"template":"","meta":{"neve_meta_sidebar":"","neve_meta_container":"","neve_meta_enable_content_width":"off","neve_meta_content_width":0,"neve_meta_title_alignment":"","neve_meta_author_avatar":"","neve_post_elements_order":"","neve_meta_disable_header":"","neve_meta_disable_footer":"","neve_meta_disable_title":"","_joinchat":[]},"product_brand":[],"product_cat":[80,239,142,185],"product_tag":[],"class_list":{"0":"post-5738","1":"product","2":"type-product","3":"status-publish","4":"has-post-thumbnail","6":"product_cat-biologia","7":"product_cat-ciencias-exatas","8":"product_cat-ecologia","9":"product_cat-zoologia","11":"first","12":"outofstock","13":"shipping-taxable","14":"purchasable","15":"product-type-simple"},"jetpack_sharing_enabled":true,"_links":{"self":[{"href":"https:\/\/livrariadocampus.com.br\/loja\/wp-json\/wp\/v2\/product\/5738","targetHints":{"allow":["GET"]}}],"collection":[{"href":"https:\/\/livrariadocampus.com.br\/loja\/wp-json\/wp\/v2\/product"}],"about":[{"href":"https:\/\/livrariadocampus.com.br\/loja\/wp-json\/wp\/v2\/types\/product"}],"wp:featuredmedia":[{"embeddable":true,"href":"https:\/\/livrariadocampus.com.br\/loja\/wp-json\/wp\/v2\/media\/5739"}],"wp:attachment":[{"href":"https:\/\/livrariadocampus.com.br\/loja\/wp-json\/wp\/v2\/media?parent=5738"}],"wp:term":[{"taxonomy":"product_brand","embeddable":true,"href":"https:\/\/livrariadocampus.com.br\/loja\/wp-json\/wp\/v2\/product_brand?post=5738"},{"taxonomy":"product_cat","embeddable":true,"href":"https:\/\/livrariadocampus.com.br\/loja\/wp-json\/wp\/v2\/product_cat?post=5738"},{"taxonomy":"product_tag","embeddable":true,"href":"https:\/\/livrariadocampus.com.br\/loja\/wp-json\/wp\/v2\/product_tag?post=5738"}],"curies":[{"name":"wp","href":"https:\/\/api.w.org\/{rel}","templated":true}]}}

<p>Didática e abrangente, esta obra promissora preenche uma lacuna importante no ensino de zoologia de vertebrados no Brasil, introduzindo elementos conceituais imprescindíveis à formação do profissional que tem o objetivo de conhecer e aprofundar-se no estudo de vertebrados. Biologia e Ecologia dos Vertebrados conduz pesquisadores e discentes a um maior envolvimento com a fauna brasileira, aprofundando a teoria relacionada ao estudo dos ecossistemas. Seu conteúdo apresenta informações sobre o que se tem conhecido sobre a fauna de vertebrados – sistemática, estrutura, funcionamento e ecologia –, por meio de um debate de múltiplas vozes, de diferentes especialistas provenientes de várias regiões brasileiras, contribuindo para a compreensão, a investigação e o processamento dos dilemas ambientais que o mundo contemporâneo apresenta.</p>

<p>Didática e abrangente, esta obra promissora preenche uma lacuna importante no ensino de zoologia de vertebrados no Brasil, introduzindo elementos conceituais imprescindíveis à formação do profissional que tem o objetivo de conhecer e aprofundar-se no estudo de vertebrados. Biologia e Ecologia dos Vertebrados conduz pesquisadores e discentes a um maior envolvimento com a fauna brasileira,&hellip;&nbsp;<a href="https://livrariadocampus.com.br/loja/produto/biologia-e-ecologia-de-vertebrados-por-evanilde-benedito-autor/" class="" rel="bookmark">Continue a ler &raquo;<span class="screen-reader-text">Biologia e Ecologia de Vertebrados  por Evanilde Benedito (Autor)</span></a></p>
