{"id":5734,"date":"2020-09-28T17:24:20","date_gmt":"2020-09-28T20:24:20","guid":{"rendered":"https:\/\/www.livrariadocampus.com.br\/?post_type=product&#038;p=5734"},"modified":"2024-01-17T11:47:26","modified_gmt":"2024-01-17T14:47:26","slug":"zoologia-dos-invertebrados-por-adilson-fransozo-autor-maria-lucia-negreiros-fransozo","status":"publish","type":"product","link":"https:\/\/livrariadocampus.com.br\/loja\/produto\/zoologia-dos-invertebrados-por-adilson-fransozo-autor-maria-lucia-negreiros-fransozo\/","title":{"rendered":"Zoologia dos Invertebrados por Adilson Fransozo (Autor), Maria Lucia Negreiros-Fransozo"},"content":{"rendered":"<p>Escrita especialmente para graduandos na \u00e1rea das Ci\u00eancias Biol\u00f3gicas e afins, esta obra busca descrever a diversidade dos animais invertebrados, salientando os pontos mais relevantes da biologia de cada grupo. Al\u00e9m de apresentar um panorama quanto \u00e0 forma, \u00e0 fun\u00e7\u00e3o e \u00e0s adapta\u00e7\u00f5es que possibilitam a vida desses organismos nos ambientes em que vivem, Zoologia dos Invertebrados aponta, para a maioria dos grupos estudados, a perspectiva de rela\u00e7\u00e3o de parentesco destes com outros organismos.Zoologia dos Invertebrados n\u00e3o tem por objetivo substituir os excelentes livros-textos traduzidos, mas, sim, complementar obras cl\u00e1ssicas sobre o assunto, por meio de um conte\u00fado rico em exemplos t\u00edpicos da fauna brasileira para cada grupo.Al\u00e9m dos temas pertinentes \u00e0 \u00e1rea e aqui abordados, todos igualmente importantes, esta obra lan\u00e7a m\u00e3o de um grande diferencial: a exist\u00eancia de cap\u00edtulos pouco comuns em outros livros sobre Zoologia \u2013 a saber: 37, Sistemas de Manuten\u00e7\u00e3o de Organismos Aqu\u00e1ticos; 38, Toxinologia de Invertebrados Perigosos no Trabalho de Campo; 39, Introdu\u00e7\u00e3o de Esp\u00e9cies Ex\u00f3ticas e suas Implica\u00e7\u00f5es; e 40, Ci\u00eancia e Hist\u00f3ria | Reminisc\u00eancias da Pesquisa e do Ensino dos Invertebrados no Brasil \u2013, os quais alertam os estudantes sobre tais aspectos e estimulam a investiga\u00e7\u00e3o zool\u00f3gica nessas \u00e1reas.<\/p>\n","protected":false},"excerpt":{"rendered":"<p>Escrita especialmente para graduandos na \u00e1rea das Ci\u00eancias Biol\u00f3gicas e afins, esta obra busca descrever a diversidade dos animais invertebrados, salientando os pontos mais relevantes da biologia de cada grupo. Al\u00e9m de apresentar um panorama quanto \u00e0 forma, \u00e0 fun\u00e7\u00e3o e \u00e0s adapta\u00e7\u00f5es que possibilitam a vida desses organismos nos ambientes em que vivem, Zoologia&hellip;&nbsp;<a href=\"https:\/\/livrariadocampus.com.br\/loja\/produto\/zoologia-dos-invertebrados-por-adilson-fransozo-autor-maria-lucia-negreiros-fransozo\/\" class=\"\" rel=\"bookmark\">Continue a ler &raquo;<span class=\"screen-reader-text\">Zoologia dos Invertebrados por Adilson Fransozo (Autor), Maria Lucia Negreiros-Fransozo<\/span><\/a><\/p>\n","protected":false},"featured_media":5736,"template":"","meta":{"neve_meta_sidebar":"","neve_meta_container":"","neve_meta_enable_content_width":"off","neve_meta_content_width":0,"neve_meta_title_alignment":"","neve_meta_author_avatar":"","neve_post_elements_order":"","neve_meta_disable_header":"","neve_meta_disable_footer":"","neve_meta_disable_title":"","_joinchat":[]},"product_brand":[],"product_cat":[126,80,239,185],"product_tag":[],"class_list":{"0":"post-5734","1":"product","2":"type-product","3":"status-publish","4":"has-post-thumbnail","6":"product_cat-anatomia-embriologia-histologi","7":"product_cat-biologia","8":"product_cat-ciencias-exatas","9":"product_cat-zoologia","11":"first","12":"instock","13":"shipping-taxable","14":"purchasable","15":"product-type-simple"},"jetpack_sharing_enabled":true,"_links":{"self":[{"href":"https:\/\/livrariadocampus.com.br\/loja\/wp-json\/wp\/v2\/product\/5734","targetHints":{"allow":["GET"]}}],"collection":[{"href":"https:\/\/livrariadocampus.com.br\/loja\/wp-json\/wp\/v2\/product"}],"about":[{"href":"https:\/\/livrariadocampus.com.br\/loja\/wp-json\/wp\/v2\/types\/product"}],"wp:featuredmedia":[{"embeddable":true,"href":"https:\/\/livrariadocampus.com.br\/loja\/wp-json\/wp\/v2\/media\/5736"}],"wp:attachment":[{"href":"https:\/\/livrariadocampus.com.br\/loja\/wp-json\/wp\/v2\/media?parent=5734"}],"wp:term":[{"taxonomy":"product_brand","embeddable":true,"href":"https:\/\/livrariadocampus.com.br\/loja\/wp-json\/wp\/v2\/product_brand?post=5734"},{"taxonomy":"product_cat","embeddable":true,"href":"https:\/\/livrariadocampus.com.br\/loja\/wp-json\/wp\/v2\/product_cat?post=5734"},{"taxonomy":"product_tag","embeddable":true,"href":"https:\/\/livrariadocampus.com.br\/loja\/wp-json\/wp\/v2\/product_tag?post=5734"}],"curies":[{"name":"wp","href":"https:\/\/api.w.org\/{rel}","templated":true}]}}