{"id":5422,"date":"2020-08-14T16:02:04","date_gmt":"2020-08-14T19:02:04","guid":{"rendered":"https:\/\/www.livrariadocampus.com.br\/?post_type=product&#038;p=5422"},"modified":"2020-08-14T16:02:04","modified_gmt":"2020-08-14T19:02:04","slug":"compendio-de-oftalmologia-geral-por-jose-ricardo-de-abreu-reggi-autor-maria-cristina-nishiwaki-dantas","status":"publish","type":"product","link":"https:\/\/livrariadocampus.com.br\/loja\/produto\/compendio-de-oftalmologia-geral-por-jose-ricardo-de-abreu-reggi-autor-maria-cristina-nishiwaki-dantas\/","title":{"rendered":"Comp\u00eandio de oftalmologia geral  por Jos\u00e9 Ricardo de Abreu Reggi (Autor), Maria Cristina Nishiwaki Dantas"},"content":{"rendered":"<p>Comp\u00eandio de Oftalmologia Geral \u2013 Guia Pr\u00e1tico \u00e9 livro-s\u00edntese dos mais atuais e recentes conhecimentos sobre a teoria e a pr\u00e1tica oftalmol\u00f3gica, com base nas melhores evid\u00eancias m\u00e9dicas. Os assuntos, n\u00e3o obstante o volume de informa\u00e7\u00f5es ser consider\u00e1vel (s\u00e3o cerca de 1.000 p\u00e1ginas), encontra-se exposto de modo objetivo, direto e linear. Essa did\u00e1tica foi constru\u00edda visando ao dia a dia do Oftalmologista no seu consult\u00f3rio, ambulat\u00f3rio ou, mesmo, centro cir\u00fargico. Ao associar t\u00e3o especial did\u00e1tica a t\u00e3o numeroso e vasto conte\u00fado, torna-se livro \u00fanico sobre o seu tema em nosso pa\u00eds. O livro apresenta 3 Editores, 17 Se\u00e7\u00f5es, 182 Cap\u00edtulos, 133 Colaboradores, num total de 1.024 p\u00e1ginas. Seguramente, com essas vantagens de ensino, Comp\u00eandio de Oftalmologia Geral \u2013 Guia Pr\u00e1tico se tornar\u00e1 texto obrigat\u00f3rio para Oftalmologistas, Residentes e Internos em Oftalmologia e candidatos ao t\u00edtulo de Especialista em Oftalmologia.<\/p>\n","protected":false},"excerpt":{"rendered":"<p>Comp\u00eandio de Oftalmologia Geral \u2013 Guia Pr\u00e1tico \u00e9 livro-s\u00edntese dos mais atuais e recentes conhecimentos sobre a teoria e a pr\u00e1tica oftalmol\u00f3gica, com base nas melhores evid\u00eancias m\u00e9dicas. Os assuntos, n\u00e3o obstante o volume de informa\u00e7\u00f5es ser consider\u00e1vel (s\u00e3o cerca de 1.000 p\u00e1ginas), encontra-se exposto de modo objetivo, direto e linear. Essa did\u00e1tica foi constru\u00edda&hellip;&nbsp;<a href=\"https:\/\/livrariadocampus.com.br\/loja\/produto\/compendio-de-oftalmologia-geral-por-jose-ricardo-de-abreu-reggi-autor-maria-cristina-nishiwaki-dantas\/\" class=\"\" rel=\"bookmark\">Continue a ler &raquo;<span class=\"screen-reader-text\">Comp\u00eandio de oftalmologia geral  por Jos\u00e9 Ricardo de Abreu Reggi (Autor), Maria Cristina Nishiwaki Dantas<\/span><\/a><\/p>\n","protected":false},"featured_media":5423,"template":"","meta":{"neve_meta_sidebar":"","neve_meta_container":"","neve_meta_enable_content_width":"off","neve_meta_content_width":0,"neve_meta_title_alignment":"","neve_meta_author_avatar":"","neve_post_elements_order":"","neve_meta_disable_header":"","neve_meta_disable_footer":"","neve_meta_disable_title":"","_joinchat":[]},"product_brand":[],"product_cat":[15,236],"product_tag":[],"class_list":{"0":"post-5422","1":"product","2":"type-product","3":"status-publish","4":"has-post-thumbnail","6":"product_cat-outros","7":"product_cat-oftalmologia","9":"first","10":"instock","11":"sale","12":"shipping-taxable","13":"purchasable","14":"product-type-simple"},"jetpack_sharing_enabled":true,"_links":{"self":[{"href":"https:\/\/livrariadocampus.com.br\/loja\/wp-json\/wp\/v2\/product\/5422","targetHints":{"allow":["GET"]}}],"collection":[{"href":"https:\/\/livrariadocampus.com.br\/loja\/wp-json\/wp\/v2\/product"}],"about":[{"href":"https:\/\/livrariadocampus.com.br\/loja\/wp-json\/wp\/v2\/types\/product"}],"wp:featuredmedia":[{"embeddable":true,"href":"https:\/\/livrariadocampus.com.br\/loja\/wp-json\/wp\/v2\/media\/5423"}],"wp:attachment":[{"href":"https:\/\/livrariadocampus.com.br\/loja\/wp-json\/wp\/v2\/media?parent=5422"}],"wp:term":[{"taxonomy":"product_brand","embeddable":true,"href":"https:\/\/livrariadocampus.com.br\/loja\/wp-json\/wp\/v2\/product_brand?post=5422"},{"taxonomy":"product_cat","embeddable":true,"href":"https:\/\/livrariadocampus.com.br\/loja\/wp-json\/wp\/v2\/product_cat?post=5422"},{"taxonomy":"product_tag","embeddable":true,"href":"https:\/\/livrariadocampus.com.br\/loja\/wp-json\/wp\/v2\/product_tag?post=5422"}],"curies":[{"name":"wp","href":"https:\/\/api.w.org\/{rel}","templated":true}]}}