{"id":5320,"date":"2020-08-05T17:15:33","date_gmt":"2020-08-05T20:15:33","guid":{"rendered":"https:\/\/www.livrariadocampus.com.br\/?post_type=product&#038;p=5320"},"modified":"2025-01-02T11:43:16","modified_gmt":"2025-01-02T14:43:16","slug":"massone-anestesiologia-veterinaria-farmacologia-e-tecnicas-2019","status":"publish","type":"product","link":"https:\/\/livrariadocampus.com.br\/loja\/produto\/massone-anestesiologia-veterinaria-farmacologia-e-tecnicas-2019\/","title":{"rendered":"MASSONE Anestesiologia Veterin\u00e1ria &#8211; Farmacologia e T\u00e9cnicas  2019 FRETE GRATIS"},"content":{"rendered":"<p>Nova edi\u00e7\u00e3o, completamente atualizada, do livro de Anestesiologia Veterin\u00e1ria mais completo! Nos \u00faltimos anos, notou-se um n\u00famero crescente de escolas de Medicina Veterin\u00e1ria desprovidas de material espec\u00edfico para o ensino da anestesiologia, o que culminou, muitas vezes, em informa\u00e7\u00f5es incorretas, obsoletas e at\u00e9 err\u00f4neas, guiadas por \u201ctradicionalismos\u201d anest\u00e9sicos ou pela falta de atualiza\u00e7\u00e3o. A s\u00e9tima edi\u00e7\u00e3o do livro Anestesiologia Veterin\u00e1ria | Farmacologia e T\u00e9cnicas, foi revisada e atualizada, detalha diversos perfis farmacol\u00f3gicos e t\u00e9cnicas anest\u00e9sicas nas diferentes esp\u00e9cies animais (de laborat\u00f3rio, dom\u00e9sticas e selvagens). Aborda tamb\u00e9m os aspectos \u00e9ticos e morais no \u00e2mbito do ensino, da pesquisa e da extens\u00e3o e apresenta a n\u00f4mina anestesiol\u00f3gica vigente e a legisla\u00e7\u00e3o sobre prescri\u00e7\u00e3o medicamentosa. Ao final, ap\u00eandices e atlas colorido complementam seu conte\u00fado, auxiliando a pr\u00e1tica da anestesia. Escrita com a colabora\u00e7\u00e3o de renomados anestesistas e anestesiologistas, esta obra destina-se a alunos de gradua\u00e7\u00e3o e p\u00f3s-gradu\u00e7\u00e3o e serve de respaldo para acad\u00eamicos, pesquisadores, docentes e profissionais que atuam em cl\u00ednica, cirurgia, jardins zool\u00f3gicos e santu\u00e1rios ecol\u00f3gicos. Novidades da segunda edi\u00e7\u00e3o: \u2022 Edi\u00e7\u00e3o ampliada e atualizada segundo as resolu\u00e7\u00f5es do CFMV. \u2022 Atlas colorido para melhor visualiza\u00e7\u00e3o das t\u00e9cnicas anest\u00e9sicas. \u2022 Ap\u00eandices de perguntas e respostas para fixa\u00e7\u00e3o de conte\u00fado; n\u00f4mina anestesiol\u00f3gica; tabelas de convers\u00f5es e medidas \u00fateis, entre outros.<\/p>\n","protected":false},"excerpt":{"rendered":"<p>Nova edi\u00e7\u00e3o, completamente atualizada, do livro de Anestesiologia Veterin\u00e1ria mais completo! Nos \u00faltimos anos, notou-se um n\u00famero crescente de escolas de Medicina Veterin\u00e1ria desprovidas de material espec\u00edfico para o ensino da anestesiologia, o que culminou, muitas vezes, em informa\u00e7\u00f5es incorretas, obsoletas e at\u00e9 err\u00f4neas, guiadas por \u201ctradicionalismos\u201d anest\u00e9sicos ou pela falta de atualiza\u00e7\u00e3o. A s\u00e9tima&hellip;&nbsp;<a href=\"https:\/\/livrariadocampus.com.br\/loja\/produto\/massone-anestesiologia-veterinaria-farmacologia-e-tecnicas-2019\/\" class=\"\" rel=\"bookmark\">Continue a ler &raquo;<span class=\"screen-reader-text\">MASSONE Anestesiologia Veterin\u00e1ria &#8211; Farmacologia e T\u00e9cnicas  2019 FRETE GRATIS<\/span><\/a><\/p>\n","protected":false},"featured_media":5321,"template":"","meta":{"neve_meta_sidebar":"","neve_meta_container":"","neve_meta_enable_content_width":"off","neve_meta_content_width":0,"neve_meta_title_alignment":"","neve_meta_author_avatar":"","neve_post_elements_order":"","neve_meta_disable_header":"","neve_meta_disable_footer":"","neve_meta_disable_title":"","_joinchat":[]},"product_brand":[],"product_cat":[24,25,76],"product_tag":[],"class_list":{"0":"post-5320","1":"product","2":"type-product","3":"status-publish","4":"has-post-thumbnail","6":"product_cat-destaques","7":"product_cat-lancamentos","8":"product_cat-pediatria-neonatologia-pediatria-neonatologia","10":"first","11":"instock","12":"shipping-taxable","13":"purchasable","14":"product-type-simple"},"jetpack_sharing_enabled":true,"_links":{"self":[{"href":"https:\/\/livrariadocampus.com.br\/loja\/wp-json\/wp\/v2\/product\/5320","targetHints":{"allow":["GET"]}}],"collection":[{"href":"https:\/\/livrariadocampus.com.br\/loja\/wp-json\/wp\/v2\/product"}],"about":[{"href":"https:\/\/livrariadocampus.com.br\/loja\/wp-json\/wp\/v2\/types\/product"}],"wp:featuredmedia":[{"embeddable":true,"href":"https:\/\/livrariadocampus.com.br\/loja\/wp-json\/wp\/v2\/media\/5321"}],"wp:attachment":[{"href":"https:\/\/livrariadocampus.com.br\/loja\/wp-json\/wp\/v2\/media?parent=5320"}],"wp:term":[{"taxonomy":"product_brand","embeddable":true,"href":"https:\/\/livrariadocampus.com.br\/loja\/wp-json\/wp\/v2\/product_brand?post=5320"},{"taxonomy":"product_cat","embeddable":true,"href":"https:\/\/livrariadocampus.com.br\/loja\/wp-json\/wp\/v2\/product_cat?post=5320"},{"taxonomy":"product_tag","embeddable":true,"href":"https:\/\/livrariadocampus.com.br\/loja\/wp-json\/wp\/v2\/product_tag?post=5320"}],"curies":[{"name":"wp","href":"https:\/\/api.w.org\/{rel}","templated":true}]}}