{"id":5295,"date":"2020-07-27T14:59:36","date_gmt":"2020-07-27T17:59:36","guid":{"rendered":"https:\/\/www.livrariadocampus.com.br\/?post_type=product&#038;p=5295"},"modified":"2025-01-02T12:17:20","modified_gmt":"2025-01-02T15:17:20","slug":"semiologia-medica-portugues-2019-por-celmo-celeno-porto","status":"publish","type":"product","link":"https:\/\/livrariadocampus.com.br\/loja\/produto\/semiologia-medica-portugues-2019-por-celmo-celeno-porto\/","title":{"rendered":"Semiologia M\u00e9dica (Portugu\u00eas)  2019 por Celmo Celeno PORTO"},"content":{"rendered":"<p>Um cl\u00e1ssico cada vez mais moderno! Consagrado como um dos textos cient\u00edficos mais respeitados dos j\u00e1 publicados no Brasil, Porto &amp; Porto | Semiologia M\u00e9dica chega \u00e0 sua 8\u00aa edi\u00e7\u00e3o, mantendo o compromisso de oferecer aos seus leitores um conte\u00fado moderno e fundamentado na experi\u00eancia de autores conceituados, sempre respeitando a realidade did\u00e1tica de professores e estudantes. Esta edi\u00e7\u00e3o comemorativa de 30 anos traz muitas novidades; al\u00e9m de mais recursos pedag\u00f3gicos, fluxogramas mais elaborados e novos colaboradores, texto e imagens passaram por reformula\u00e7\u00e3o total. O texto foi revisado, atualizado e reestruturado, mantendo a relev\u00e2ncia e a profundidade adequada do assunto para o estudante. Todas as ilustra\u00e7\u00f5es foram redesenhadas ou substitu\u00eddas, seguindo um padr\u00e3o de cores, dimens\u00e3o e estilo, e mostrando detalhes anat\u00f4micos complexos, dignos de um atlas de anatomia. Merecem destaque as ilustra\u00e7\u00f5es que apresentam o \u00f3rg\u00e3o em camadas sobrepostas, para melhor compreens\u00e3o do procedimento demonstrado, e os exames, que foram substitu\u00eddos por imagens em alta qualidade. O processo de aprimoramento e atualiza\u00e7\u00e3o promovidos por Celmo Celeno Porto e pela Guanabara Koogan \u00e9 cont\u00ednuo e refor\u00e7a este cl\u00e1ssico como o mais expressivo e duradouro livro brasileiro sobre o tema, um texto que vem contribuindo para a boa forma\u00e7\u00e3o de v\u00e1rias gera\u00e7\u00f5es de estudantes. O livro de Celmo Celeno Porto \u00e9 considerado um dos pilares da literatura m\u00e9dica, fundamental para a boa forma\u00e7\u00e3o em Medicina, a qual tem na Semiologia uma de suas mais importantes disciplinas.<\/p>\n","protected":false},"excerpt":{"rendered":"<p>Um cl\u00e1ssico cada vez mais moderno! Consagrado como um dos textos cient\u00edficos mais respeitados dos j\u00e1 publicados no Brasil, Porto &amp; Porto | Semiologia M\u00e9dica chega \u00e0 sua 8\u00aa edi\u00e7\u00e3o, mantendo o compromisso de oferecer aos seus leitores um conte\u00fado moderno e fundamentado na experi\u00eancia de autores conceituados, sempre respeitando a realidade did\u00e1tica de professores&hellip;&nbsp;<a href=\"https:\/\/livrariadocampus.com.br\/loja\/produto\/semiologia-medica-portugues-2019-por-celmo-celeno-porto\/\" class=\"\" rel=\"bookmark\">Continue a ler &raquo;<span class=\"screen-reader-text\">Semiologia M\u00e9dica (Portugu\u00eas)  2019 por Celmo Celeno PORTO<\/span><\/a><\/p>\n","protected":false},"featured_media":5296,"template":"","meta":{"neve_meta_sidebar":"","neve_meta_container":"","neve_meta_enable_content_width":"off","neve_meta_content_width":0,"neve_meta_title_alignment":"","neve_meta_author_avatar":"","neve_post_elements_order":"","neve_meta_disable_header":"","neve_meta_disable_footer":"","neve_meta_disable_title":"","_joinchat":[]},"product_brand":[],"product_cat":[104,68],"product_tag":[],"class_list":{"0":"post-5295","1":"product","2":"type-product","3":"status-publish","4":"has-post-thumbnail","6":"product_cat-clinica-medica-semiologia","7":"product_cat-enfermagem","9":"first","10":"instock","11":"featured","12":"shipping-taxable","13":"purchasable","14":"product-type-simple"},"jetpack_sharing_enabled":true,"_links":{"self":[{"href":"https:\/\/livrariadocampus.com.br\/loja\/wp-json\/wp\/v2\/product\/5295","targetHints":{"allow":["GET"]}}],"collection":[{"href":"https:\/\/livrariadocampus.com.br\/loja\/wp-json\/wp\/v2\/product"}],"about":[{"href":"https:\/\/livrariadocampus.com.br\/loja\/wp-json\/wp\/v2\/types\/product"}],"wp:featuredmedia":[{"embeddable":true,"href":"https:\/\/livrariadocampus.com.br\/loja\/wp-json\/wp\/v2\/media\/5296"}],"wp:attachment":[{"href":"https:\/\/livrariadocampus.com.br\/loja\/wp-json\/wp\/v2\/media?parent=5295"}],"wp:term":[{"taxonomy":"product_brand","embeddable":true,"href":"https:\/\/livrariadocampus.com.br\/loja\/wp-json\/wp\/v2\/product_brand?post=5295"},{"taxonomy":"product_cat","embeddable":true,"href":"https:\/\/livrariadocampus.com.br\/loja\/wp-json\/wp\/v2\/product_cat?post=5295"},{"taxonomy":"product_tag","embeddable":true,"href":"https:\/\/livrariadocampus.com.br\/loja\/wp-json\/wp\/v2\/product_tag?post=5295"}],"curies":[{"name":"wp","href":"https:\/\/api.w.org\/{rel}","templated":true}]}}