{"id":5261,"date":"2020-07-10T17:20:18","date_gmt":"2020-07-10T20:20:18","guid":{"rendered":"https:\/\/www.livrariadocampus.com.br\/?post_type=product&#038;p=5261"},"modified":"2023-06-13T10:56:37","modified_gmt":"2023-06-13T13:56:37","slug":"atualizacao-em-endoscopia-digestiva-terapeutica-endoscopica-dos-colons-e-do-reto-volume-1-2019","status":"publish","type":"product","link":"https:\/\/livrariadocampus.com.br\/loja\/produto\/atualizacao-em-endoscopia-digestiva-terapeutica-endoscopica-dos-colons-e-do-reto-volume-1-2019\/","title":{"rendered":"Atualiza\u00e7\u00e3o em Endoscopia Digestiva: Terap\u00eautica Endosc\u00f3pica dos C\u00f3lons e do Reto: Volume 1\/ 2019"},"content":{"rendered":"<p>Neste volume, procuramos rever as principais t\u00e9cnicas terap\u00eauticas realizadas por meio da endoscopia nos c\u00f3lons e reto. Todos os autores s\u00e3o nacionais, o que demonstra a pujan\u00e7a de nossa endoscopia. De forma condensada, em um volume de f\u00e1cil manuseio,atualizamos e praticamente esgotamos o assunto. No Cap\u00edtulo 1, o Dr. Paulo Correa e colaboradores, com farta e bel\u00edssima iconografia rev\u00ea as polipectomias e mucosectomia<\/p>\n","protected":false},"excerpt":{"rendered":"<p>Neste volume, procuramos rever as principais t\u00e9cnicas terap\u00eauticas realizadas por meio da endoscopia nos c\u00f3lons e reto. Todos os autores s\u00e3o nacionais, o que demonstra a pujan\u00e7a de nossa endoscopia. De forma condensada, em um volume de f\u00e1cil manuseio,atualizamos e praticamente esgotamos o assunto. No Cap\u00edtulo 1, o Dr. Paulo Correa e colaboradores, com farta&hellip;&nbsp;<a href=\"https:\/\/livrariadocampus.com.br\/loja\/produto\/atualizacao-em-endoscopia-digestiva-terapeutica-endoscopica-dos-colons-e-do-reto-volume-1-2019\/\" class=\"\" rel=\"bookmark\">Continue a ler &raquo;<span class=\"screen-reader-text\">Atualiza\u00e7\u00e3o em Endoscopia Digestiva: Terap\u00eautica Endosc\u00f3pica dos C\u00f3lons e do Reto: Volume 1\/ 2019<\/span><\/a><\/p>\n","protected":false},"featured_media":5262,"template":"","meta":{"neve_meta_sidebar":"","neve_meta_container":"","neve_meta_enable_content_width":"off","neve_meta_content_width":0,"neve_meta_title_alignment":"","neve_meta_author_avatar":"","neve_post_elements_order":"","neve_meta_disable_header":"","neve_meta_disable_footer":"","neve_meta_disable_title":"","_joinchat":[]},"product_brand":[],"product_cat":[176,67],"product_tag":[],"class_list":{"0":"post-5261","1":"product","2":"type-product","3":"status-publish","4":"has-post-thumbnail","6":"product_cat-cirurgia","7":"product_cat-gastroenterologia-clinica","9":"first","10":"outofstock","11":"shipping-taxable","12":"product-type-simple"},"jetpack_sharing_enabled":true,"_links":{"self":[{"href":"https:\/\/livrariadocampus.com.br\/loja\/wp-json\/wp\/v2\/product\/5261","targetHints":{"allow":["GET"]}}],"collection":[{"href":"https:\/\/livrariadocampus.com.br\/loja\/wp-json\/wp\/v2\/product"}],"about":[{"href":"https:\/\/livrariadocampus.com.br\/loja\/wp-json\/wp\/v2\/types\/product"}],"wp:featuredmedia":[{"embeddable":true,"href":"https:\/\/livrariadocampus.com.br\/loja\/wp-json\/wp\/v2\/media\/5262"}],"wp:attachment":[{"href":"https:\/\/livrariadocampus.com.br\/loja\/wp-json\/wp\/v2\/media?parent=5261"}],"wp:term":[{"taxonomy":"product_brand","embeddable":true,"href":"https:\/\/livrariadocampus.com.br\/loja\/wp-json\/wp\/v2\/product_brand?post=5261"},{"taxonomy":"product_cat","embeddable":true,"href":"https:\/\/livrariadocampus.com.br\/loja\/wp-json\/wp\/v2\/product_cat?post=5261"},{"taxonomy":"product_tag","embeddable":true,"href":"https:\/\/livrariadocampus.com.br\/loja\/wp-json\/wp\/v2\/product_tag?post=5261"}],"curies":[{"name":"wp","href":"https:\/\/api.w.org\/{rel}","templated":true}]}}