{"id":242,"date":"2020-06-30T17:16:29","date_gmt":"2020-06-30T20:16:29","guid":{"rendered":"https:\/\/www.livrariadocampus.com.br\/?post_type=product&#038;p=242"},"modified":"2025-01-02T11:09:05","modified_gmt":"2025-01-02T14:09:05","slug":"tratado-de-nefrologia-2-volumes-portugues-capa-dura-2017-por-lucio-r-requiao-moura","status":"publish","type":"product","link":"https:\/\/livrariadocampus.com.br\/loja\/produto\/tratado-de-nefrologia-2-volumes-portugues-capa-dura-2017-por-lucio-r-requiao-moura\/","title":{"rendered":"Tratado de Nefrologia. 2 Volumes (Portugu\u00eas) Capa dura \u2013  2017 por L\u00facio R. Requi\u00e3o Moura"},"content":{"rendered":"<p>Obra completa sobre a especialidade \u00e9 lan\u00e7ada no Brasil. In\u00e9dito na literatura de medicina brasileira o livro preenche uma lacuna na educa\u00e7\u00e3o continuada.<\/p>\n","protected":false},"excerpt":{"rendered":"<p>Obra completa sobre a especialidade \u00e9 lan\u00e7ada no Brasil. In\u00e9dito na literatura de medicina brasileira o livro preenche uma lacuna na educa\u00e7\u00e3o continuada.<\/p>\n","protected":false},"featured_media":243,"template":"","meta":{"neve_meta_sidebar":"","neve_meta_container":"","neve_meta_enable_content_width":"off","neve_meta_content_width":0,"neve_meta_title_alignment":"","neve_meta_author_avatar":"","neve_post_elements_order":"","neve_meta_disable_header":"","neve_meta_disable_footer":"","neve_meta_disable_title":"","_joinchat":[]},"product_brand":[],"product_cat":[58,54,59],"product_tag":[],"class_list":{"0":"post-242","1":"product","2":"type-product","3":"status-publish","4":"has-post-thumbnail","6":"product_cat-clinica-medica","7":"product_cat-emergencias-e-pronto-socorro","8":"product_cat-nefrologia","10":"first","11":"instock","12":"sale","13":"shipping-taxable","14":"purchasable","15":"product-type-simple"},"jetpack_sharing_enabled":true,"_links":{"self":[{"href":"https:\/\/livrariadocampus.com.br\/loja\/wp-json\/wp\/v2\/product\/242","targetHints":{"allow":["GET"]}}],"collection":[{"href":"https:\/\/livrariadocampus.com.br\/loja\/wp-json\/wp\/v2\/product"}],"about":[{"href":"https:\/\/livrariadocampus.com.br\/loja\/wp-json\/wp\/v2\/types\/product"}],"wp:featuredmedia":[{"embeddable":true,"href":"https:\/\/livrariadocampus.com.br\/loja\/wp-json\/wp\/v2\/media\/243"}],"wp:attachment":[{"href":"https:\/\/livrariadocampus.com.br\/loja\/wp-json\/wp\/v2\/media?parent=242"}],"wp:term":[{"taxonomy":"product_brand","embeddable":true,"href":"https:\/\/livrariadocampus.com.br\/loja\/wp-json\/wp\/v2\/product_brand?post=242"},{"taxonomy":"product_cat","embeddable":true,"href":"https:\/\/livrariadocampus.com.br\/loja\/wp-json\/wp\/v2\/product_cat?post=242"},{"taxonomy":"product_tag","embeddable":true,"href":"https:\/\/livrariadocampus.com.br\/loja\/wp-json\/wp\/v2\/product_tag?post=242"}],"curies":[{"name":"wp","href":"https:\/\/api.w.org\/{rel}","templated":true}]}}